-- Table structure for table `ec_shipment_histories`
--

CREATE TABLE `ec_shipment_histories` (
  `id` bigint unsigned NOT NULL AUTO_INCREMENT,
  `action` varchar(120) COLLATE utf8mb4_unicode_ci NOT NULL,
  `description` varchar(255) COLLATE utf8mb4_unicode_ci NOT NULL,
  `user_id` bigint unsigned DEFAULT NULL,
  `shipment_id` bigint unsigned NOT NULL,
  `order_id` bigint unsigned NOT NULL,
  `created_at` timestamp NULL DEFAULT NULL,
  `updated_at` timestamp NULL DEFAULT NULL,
  `user_type` varchar(255) COLLATE utf8mb4_unicode_ci NOT NULL DEFAULT 'Botble\\ACL\\Models\\User',
  PRIMARY KEY (`id`)
) ENGINE=InnoDB AUTO_INCREMENT=54 DEFAULT CHARSET=utf8mb4 COLLATE=utf8mb4_unicode_ci;

--
-- Dumping data for table `ec_shipment_histories`
--

INSERT INTO `ec_shipment_histories` VALUES (1,'create_from_order','Shipping was created from order %order_id%',0,1,1,'2023-12-24 00:28:45','2023-12-24 00:28:45','Botble\\ACL\\Models\\User'),(2,'update_status','Changed status of shipping to: Approved. Updated by: %user_name%',0,1,1,'2024-01-06 08:28:45','2024-01-08 00:28:45','Botble\\ACL\\Models\\User'),(3,'update_status','Changed status of shipping to: Delivered. Updated by: %user_name%',0,1,1,'2024-01-08 00:28:45','2024-01-08 00:28:45','Botble\\ACL\\Models\\User'),(4,'create_from_order','Shipping was created from order %order_id%',0,2,2,'2023-12-27 22:28:45','2023-12-27 22:28:45','Botble\\ACL\\Models\\User'),(5,'update_status','Changed status of shipping to: Approved. Updated by: %user_name%',0,2,2,'2024-01-06 10:28:45','2024-01-08 00:28:45','Botble\\ACL\\Models\\User'),(6,'create_from_order','Shipping was created from order %order_id%',0,3,3,'2024-01-05 00:28:45','2024-01-05 00:28:45','Botble\\ACL\\Models\\User'),(7,'update_status','Changed status of shipping to: Approved. Updated by: %user_name%',0,3,3,'2024-01-06 12:28:45','2024-01-08 00:28:45','Botble\\ACL\\Models\\User'),(8,'create_from_order','Shipping was created from order %order_id%',0,4,4,'2023-12-31 22:28:45','2023-12-31 22:28:45','Botble\\ACL\\Models\\User'),(9,'update_status','Changed status of shipping to: Approved. Updated by: %user_name%',0,4,4,'2024-01-06 14:28:45','2024-01-08 00:28:45','Botble\\ACL\\Models\\User'),(10,'create_from_order','Shipping was created from order %order_id%',0,5,5,'2024-01-01 08:28:45','2024-01-01 08:28:45','Botble\\ACL\\Models\\User'),(11,'update_status','Changed status of shipping to: Approved. Updated by: %user_name%',0,5,5,'2024-01-06 16:28:46','2024-01-08 00:28:46','Botble\\ACL\\Models\\User'),(12,'update_status','Changed status of shipping to: Delivered. Updated by: %user_name%',0,5,5,'2024-01-08 00:28:46','2024-01-08 00:28:46','Botble\\ACL\\Models\\User'),(13,'create_from_order','Shipping was created from order %order_id%',0,6,6,'2023-12-26 12:28:46','2023-12-26 12:28:46','Botble\\ACL\\Models\\User'),(14,'update_status','Changed status of shipping to: Approved. Updated by: %user_name%',0,6,6,'2024-01-06 18:28:46','2024-01-08 00:28:46','Botble\\ACL\\Models\\User'),(15,'update_status','Changed status of shipping to: Delivered. Updated by: %user_name%',0,6,6,'2024-01-08 00:28:46','2024-01-08 00:28:46','Botble\\ACL\\Models\\User'),(16,'create_from_order','Shipping was created from order %order_id%',0,7,7,'2024-01-03 08:28:46','2024-01-03 08:28:46','Botble\\ACL\\Models\\User'),(17,'update_status','Changed status of shipping to: Approved. Updated by: %user_name%',0,7,7,'2024-01-06 20:28:46','2024-01-08 00:28:46','Botble\\ACL\\Models\\User'),(18,'create_from_order','Shipping was created from order %order_id%',0,8,8,'2024-01-02 14:28:46','2024-01-02 14:28:46','Botble\\ACL\\Models\\User'),(19,'update_status','Changed status of shipping to: Approved. Updated by: %user_name%',0,8,8,'2024-01-06 22:28:46','2024-01-08 00:28:46','Botble\\ACL\\Models\\User'),(20,'create_from_order','Shipping was created from order %order_id%',0,9,9,'2023-12-29 00:28:46','2023-12-29 00:28:46','Botble\\ACL\\Models\\User'),(21,'update_status','Changed status of shipping to: Approved. Updated by: %user_name%',0,9,9,'2024-01-07 00:28:46','2024-01-08 00:28:46','Botble\\ACL\\Models\\User'),(22,'update_status','Changed status of shipping to: Delivered. Updated by: %user_name%',0,9,9,'2024-01-08 00:28:46','2024-01-08 00:28:46','Botble\\ACL\\Models\\User'),(23,'create_from_order','Shipping was created from order %order_id%',0,10,10,'2024-01-06 04:28:46','2024-01-06 04:28:46','Botble\\ACL\\Models\\User'),(24,'update_status','Changed status of shipping to: Approved. Updated by: %user_name%',0,10,10,'2024-01-07 02:28:47','2024-01-08 00:28:47','Botble\\ACL\\Models\\User'),(25,'update_status','Changed status of shipping to: Delivered. Updated by: %user_name%',0,10,10,'2024-01-08 00:28:47','2024-01-08 00:28:47','Botble\\ACL\\Models\\User'),(26,'create_from_order','Shipping was created from order %order_id%',0,11,11,'2024-01-03 00:28:47','2024-01-03 00:28:47','Botble\\ACL\\Models\\User'),(27,'update_status','Changed status of shipping to: Approved. Updated by: %user_name%',0,11,11,'2024-01-07 04:28:47','2024-01-08 00:28:47','Botble\\ACL\\Models\\User'),(28,'update_cod_status','Updated COD status to Completed . Updated by: %user_name%',0,11,11,'2024-01-08 00:28:47','2024-01-08 00:28:47','Botble\\ACL\\Models\\User'),(29,'update_status','Changed status of shipping to: Delivered. Updated by: %user_name%',0,11,11,'2024-01-08 00:28:47','2024-01-08 00:28:47','Botble\\ACL\\Models\\User'),(30,'create_from_order','Shipping was created from order %order_id%',0,12,12,'2024-01-03 12:28:47','2024-01-03 12:28:47','Botble\\ACL\\Models\\User'),(31,'update_status','Changed status of shipping to: Approved. Updated by: %user_name%',0,12,12,'2024-01-07 06:28:47','2024-01-08 00:28:47','Botble\\ACL\\Models\\User'),(32,'update_status','Changed status of shipping to: Delivered. Updated by: %user_name%',0,12,12,'2024-01-08 00:28:47','2024-01-08 00:28:47','Botble\\ACL\\Models\\User'),(33,'create_from_order','Shipping was created from order %order_id%',0,13,13,'2024-01-06 16:28:47','2024-01-06 16:28:47','Botble\\ACL\\Models\\User'),(34,'update_status','Changed status of shipping to: Approved. Updated by: %user_name%',0,13,13,'2024-01-07 08:28:47','2024-01-08 00:28:47','Botble\\ACL\\Models\\User'),(35,'create_from_order','Shipping was created from order %order_id%',0,14,14,'2024-01-02 18:28:47','2024-01-02 18:28:47','Botble\\ACL\\Models\\User'),(36,'update_status','Changed status of shipping to: Approved. Updated by: %user_name%',0,14,14,'2024-01-07 10:28:47','2024-01-08 00:28:47','Botble\\ACL\\Models\\User'),(37,'update_status','Changed status of shipping to: Delivered. Updated by: %user_name%',0,14,14,'2024-01-08 00:28:47','2024-01-08 00:28:47','Botble\\ACL\\Models\\User'),(38,'create_from_order','Shipping was created from order %order_id%',0,15,15,'2024-01-03 00:28:47','2024-01-03 00:28:47','Botble\\ACL\\Models\\User'),(39,'update_status','Changed status of shipping to: Approved. Updated by: %user_name%',0,15,15,'2024-01-07 12:28:47','2024-01-08 00:28:47','Botble\\ACL\\Models\\User'),(40,'update_status','Changed status of shipping to: Delivered. Updated by: %user_name%',0,15,15,'2024-01-08 00:28:47','2024-01-08 00:28:47','Botble\\ACL\\Models\\User'),(41,'create_from_order','Shipping was created from order %order_id%',0,16,16,'2024-01-07 04:28:47','2024-01-07 04:28:47','Botble\\ACL\\Models\\User'),(42,'update_status','Changed status of shipping to: Approved. Updated by: %user_name%',0,16,16,'2024-01-07 14:28:48','2024-01-08 00:28:48','Botble\\ACL\\Models\\User'),(43,'update_cod_status','Updated COD status to Completed . Updated by: %user_name%',0,16,16,'2024-01-08 00:28:48','2024-01-08 00:28:48','Botble\\ACL\\Models\\User'),(44,'update_status','Changed status of shipping to: Delivered. Updated by: %user_name%',0,16,16,'2024-01-08 00:28:48','2024-01-08 00:28:48','Botble\\ACL\\Models\\User'),(45,'create_from_order','Shipping was created from order %order_id%',0,17,17,'2024-01-05 08:28:48','2024-01-05 08:28:48','Botble\\ACL\\Models\\User'),(46,'update_status','Changed status of shipping to: Approved. Updated by: %user_name%',0,17,17,'2024-01-07 16:28:48','2024-01-08 00:28:48','Botble\\ACL\\Models\\User'),(47,'create_from_order','Shipping was created from order %order_id%',0,18,18,'2024-01-07 00:28:48','2024-01-07 00:28:48','Botble\\ACL\\Models\\User'),(48,'update_status','Changed status of shipping to: Approved. Updated by: %user_name%',0,18,18,'2024-01-07 18:28:48','2024-01-08 00:28:48','Botble\\ACL\\Models\\User'),(49,'create_from_order','Shipping was created from order %order_id%',0,19,19,'2024-01-07 20:28:48','2024-01-07 20:28:48','Botble\\ACL\\Models\\User'),(50,'update_status','Changed status of shipping to: Approved. Updated by: %user_name%',0,19,19,'2024-01-07 20:28:48','2024-01-08 00:28:48','Botble\\ACL\\Models\\User'),(51,'update_status','Changed status of shipping to: Delivered. Updated by: %user_name%',0,19,19,'2024-01-08 00:28:48','2024-01-08 00:28:48','Botble\\ACL\\Models\\User'),(52,'create_from_order','Shipping was created from order %order_id%',0,20,20,'2024-01-07 18:28:48','2024-01-07 18:28:48','Botble\\ACL\\Models\\User'),(53,'update_status','Changed status of shipping to: Approved. Updated by: %user_name%',0,20,20,'2024-01-07 22:28:48','2024-01-08 00:28:48','Botble\\ACL\\Models\\User');

--
-- Table structure for table `ec_shipments`
--

CREATE TABLE `ec_shipments` (
  `id` bigint unsigned NOT NULL AUTO_INCREMENT,
  `order_id` bigint unsigned NOT NULL,
  `user_id` bigint unsigned DEFAULT NULL,
  `weight` double(8,2) DEFAULT '0.00',
  `shipment_id` varchar(120) COLLATE utf8mb4_unicode_ci DEFAULT NULL,
  `rate_id` varchar(120) COLLATE utf8mb4_unicode_ci DEFAULT NULL,
  `note` varchar(120) COLLATE utf8mb4_unicode_ci DEFAULT NULL,
  `status` varchar(120) COLLATE utf8mb4_unicode_ci NOT NULL DEFAULT 'pending',
  `cod_amount` decimal(15,2) DEFAULT '0.00',
  `cod_status` varchar(60) COLLATE utf8mb4_unicode_ci NOT NULL DEFAULT 'pending',
  `cross_checking_status` varchar(60) COLLATE utf8mb4_unicode_ci NOT NULL DEFAULT 'pending',
  `price` decimal(15,2) DEFAULT '0.00',
  `store_id` bigint unsigned DEFAULT NULL,
  `created_at` timestamp NULL DEFAULT NULL,
  `updated_at` timestamp NULL DEFAULT NULL,
  `tracking_id` varchar(191) COLLATE utf8mb4_unicode_ci DEFAULT NULL,
  `shipping_company_name` varchar(191) COLLATE utf8mb4_unicode_ci DEFAULT NULL,
  `tracking_link` varchar(191) COLLATE utf8mb4_unicode_ci DEFAULT NULL,
  `estimate_date_shipped` datetime DEFAULT NULL,
  `date_shipped` datetime DEFAULT NULL,
  `label_url` text COLLATE utf8mb4_unicode_ci,
  `metadata` mediumtext COLLATE utf8mb4_unicode_ci,
  PRIMARY KEY (`id`)
) ENGINE=InnoDB AUTO_INCREMENT=21 DEFAULT CHARSET=utf8mb4 COLLATE=utf8mb4_unicode_ci;

--
-- Dumping data for table `ec_shipments`
--

INSERT INTO `ec_shipments` VALUES (1,1,NULL,4239.00,NULL,NULL,'','delivered',0.00,'completed','pending',0.00,0,'2024-01-08 00:28:45','2024-01-08 00:28:45','JJD0063106152','GHN','https://mydhl.express.dhl/us/en/tracking.html#/track-by-reference','2024-01-18 07:28:45','2024-01-08 07:28:45',NULL,NULL),(2,2,NULL,5473.00,NULL,NULL,'','approved',0.00,'completed','pending',0.00,0,'2024-01-08 00:28:45','2024-01-08 00:28:45','JJD0099278872','DHL','https://mydhl.express.dhl/us/en/tracking.html#/track-by-reference','2024-01-17 07:28:45',NULL,NULL,NULL),(3,3,NULL,3565.00,NULL,NULL,'','approved',0.00,'completed','pending',0.00,0,'2024-01-08 00:28:45','2024-01-08 00:28:45','JJD0080886919','AliExpress','https://mydhl.express.dhl/us/en/tracking.html#/track-by-reference','2024-01-18 07:28:45',NULL,NULL,NULL),(4,4,NULL,3659.00,NULL,NULL,'','approved',0.00,'completed','pending',0.00,0,'2024-01-08 00:28:45','2024-01-08 00:28:45','JJD0077960358','AliExpress','https://mydhl.express.dhl/us/en/tracking.html#/track-by-reference','2024-01-10 07:28:45',NULL,NULL,NULL),(5,5,NULL,3199.00,NULL,NULL,'','delivered',0.00,'completed','pending',0.00,0,'2024-01-08 00:28:46','2024-01-08 00:28:46','JJD0018708433','DHL','https://mydhl.express.dhl/us/en/tracking.html#/track-by-reference','2024-01-17 07:28:46','2024-01-08 07:28:46',NULL,NULL),(6,6,NULL,4775.00,NULL,NULL,'','delivered',0.00,'completed','pending',0.00,0,'2024-01-08 00:28:46','2024-01-08 00:28:46','JJD0066798487','GHN','https://mydhl.express.dhl/us/en/tracking.html#/track-by-reference','2024-01-14 07:28:46','2024-01-08 07:28:46',NULL,NULL),(7,7,NULL,7836.00,NULL,NULL,'','approved',0.00,'completed','pending',0.00,0,'2024-01-08 00:28:46','2024-01-08 00:28:46','JJD0061619376','DHL','https://mydhl.express.dhl/us/en/tracking.html#/track-by-reference','2024-01-09 07:28:46',NULL,NULL,NULL),(8,8,NULL,4649.00,NULL,NULL,'','approved',0.00,'completed','pending',0.00,0,'2024-01-08 00:28:46','2024-01-08 00:28:46','JJD0024692799','AliExpress','https://mydhl.express.dhl/us/en/tracking.html#/track-by-reference','2024-01-14 07:28:46',NULL,NULL,NULL),(9,9,NULL,3622.00,NULL,NULL,'','delivered',0.00,'completed','pending',0.00,0,'2024-01-08 00:28:46','2024-01-08 00:28:46','JJD0047991406','GHN','https://mydhl.express.dhl/us/en/tracking.html#/track-by-reference','2024-01-15 07:28:46','2024-01-08 07:28:46',NULL,NULL),(10,10,NULL,5300.00,NULL,NULL,'','delivered',0.00,'completed','pending',0.00,0,'2024-01-08 00:28:46','2024-01-08 00:28:46','JJD0051829024','FastShipping','https://mydhl.express.dhl/us/en/tracking.html#/track-by-reference','2024-01-09 07:28:46','2024-01-08 07:28:46',NULL,NULL),(11,11,NULL,7106.00,NULL,NULL,'','delivered',878.00,'completed','pending',0.00,0,'2024-01-08 00:28:47','2024-01-08 00:28:47','JJD0055674617','DHL','https://mydhl.express.dhl/us/en/tracking.html#/track-by-reference','2024-01-12 07:28:47','2024-01-08 07:28:47',NULL,NULL),(12,12,NULL,2454.00,NULL,NULL,'','delivered',0.00,'completed','pending',0.00,0,'2024-01-08 00:28:47','2024-01-08 00:28:47','JJD0053292324','GHN','https://mydhl.express.dhl/us/en/tracking.html#/track-by-reference','2024-01-11 07:28:47','2024-01-08 07:28:47',NULL,NULL),(13,13,NULL,3112.00,NULL,NULL,'','approved',0.00,'completed','pending',0.00,0,'2024-01-08 00:28:47','2024-01-08 00:28:47','JJD0064461229','DHL','https://mydhl.express.dhl/us/en/tracking.html#/track-by-reference','2024-01-12 07:28:47',NULL,NULL,NULL),(14,14,NULL,3105.00,NULL,NULL,'','delivered',0.00,'completed','pending',0.00,0,'2024-01-08 00:28:47','2024-01-08 00:28:47','JJD0082154336','DHL','https://mydhl.express.dhl/us/en/tracking.html#/track-by-reference','2024-01-15 07:28:47','2024-01-08 07:28:47',NULL,NULL),(15,15,NULL,7643.00,NULL,NULL,'','delivered',0.00,'completed','pending',0.00,0,'2024-01-08 00:28:47','2024-01-08 00:28:47','JJD007313103','AliExpress','https://mydhl.express.dhl/us/en/tracking.html#/track-by-reference','2024-01-15 07:28:47','2024-01-08 07:28:47',NULL,NULL),(16,16,NULL,3478.00,NULL,NULL,'','delivered',585.00,'completed','pending',0.00,0,'2024-01-08 00:28:48','2024-01-08 00:28:48','JJD0096999140','DHL','https://mydhl.express.dhl/us/en/tracking.html#/track-by-reference','2024-01-10 07:28:48','2024-01-08 07:28:48',NULL,NULL),(17,17,NULL,5850.00,NULL,NULL,'','approved',0.00,'completed','pending',0.00,0,'2024-01-08 00:28:48','2024-01-08 00:28:48','JJD006309221','DHL','https://mydhl.express.dhl/us/en/tracking.html#/track-by-reference','2024-01-10 07:28:48',NULL,NULL,NULL),(18,18,NULL,3306.00,NULL,NULL,'','approved',706.00,'pending','pending',0.00,0,'2024-01-08 00:28:48','2024-01-08 00:28:48','JJD0028590755','GHN','https://mydhl.express.dhl/us/en/tracking.html#/track-by-reference','2024-01-10 07:28:48',NULL,NULL,NULL),(19,19,NULL,1395.00,NULL,NULL,'','delivered',0.00,'completed','pending',0.00,0,'2024-01-08 00:28:48','2024-01-08 00:28:48','JJD0079807228','AliExpress','https://mydhl.express.dhl/us/en/tracking.html#/track-by-reference','2024-01-12 07:28:48','2024-01-08 07:28:48',NULL,NULL),(20,20,NULL,3025.00,NULL,NULL,'','approved',0.00,'completed','pending',0.00,0,'2024-01-08 00:28:48','2024-01-08 00:28:48','JJD0065432322','DHL','https://mydhl.express.dhl/us/en/tracking.html#/track-by-reference','2024-01-11 07:28:48',NULL,NULL,NULL);

--
-- Table structure for table `ec_shipping`
--

CREATE TABLE `ec_shipping` (
  `id` bigint unsigned NOT NULL AUTO_INCREMENT,
  `title` varchar(191) COLLATE utf8mb4_unicode_ci DEFAULT NULL,
  `country` varchar(120) COLLATE utf8mb4_unicode_ci DEFAULT NULL,
  `created_at` timestamp NULL DEFAULT NULL,
  `updated_at` timestamp NULL DEFAULT NULL,
  PRIMARY KEY (`id`)
) ENGINE=InnoDB AUTO_INCREMENT=2 DEFAULT CHARSET=utf8mb4 COLLATE=utf8mb4_unicode_ci;

--
-- Dumping data for table `ec_shipping`
--

INSERT INTO `ec_shipping` VALUES (1,'All',NULL,'2024-01-08 00:28:44','2024-01-08 00:28:44');

--
-- Table structure for table `ec_shipping_rule_items`
--

CREATE TABLE `ec_shipping_rule_items` (
  `id` bigint unsigned NOT NULL AUTO_INCREMENT,
  `shipping_rule_id` bigint unsigned NOT NULL,
  `country` varchar(120) COLLATE utf8mb4_unicode_ci DEFAULT NULL,
  `state` varchar(120) COLLATE utf8mb4_unicode_ci DEFAULT NULL,
  `city` varchar(120) COLLATE utf8mb4_unicode_ci DEFAULT NULL,
  `zip_code` varchar(20) COLLATE utf8mb4_unicode_ci DEFAULT NULL,
  `adjustment_price` decimal(15,2) DEFAULT '0.00',
  `is_enabled` tinyint(1) NOT NULL DEFAULT '1',
  `created_at` timestamp NULL DEFAULT NULL,
  `updated_at` timestamp NULL DEFAULT NULL,
  PRIMARY KEY (`id`)
) ENGINE=InnoDB DEFAULT CHARSET=utf8mb4 COLLATE=utf8mb4_unicode_ci;

--
-- Dumping data for table `ec_shipping_rule_items`
--


--
-- Table structure for table `ec_shipping_rules`
--

CREATE TABLE `ec_shipping_rules` (
  `id` bigint unsigned NOT NULL AUTO_INCREMENT,
  `name` varchar(120) COLLATE utf8mb4_unicode_ci NOT NULL,
  `shipping_id` bigint unsigned NOT NULL,
  `type` varchar(24) COLLATE utf8mb4_unicode_ci DEFAULT 'based_on_price',
  `from` decimal(15,2) DEFAULT '0.00',
  `to` decimal(15,2) DEFAULT '0.00',
  `price` decimal(15,2) DEFAULT '0.00',
  `created_at` timestamp NULL DEFAULT NULL,
  `updated_at` timestamp NULL DEFAULT NULL,
  PRIMARY KEY (`id`)
) ENGINE=InnoDB AUTO_INCREMENT=2 DEFAULT CHARSET=utf8mb4 COLLATE=utf8mb4_unicode_ci;

--
-- Dumping data for table `ec_shipping_rules`
--

INSERT INTO `ec_shipping_rules` VALUES (1,'Free delivery',1,'based_on_price',0.00,NULL,0.00,'2024-01-08 00:28:44','2024-01-08 00:28:44');

--
-- Table structure for table `ec_store_locators`
--

CREATE TABLE `ec_store_locators` (
  `id` bigint unsigned NOT NULL AUTO_INCREMENT,
  `name` varchar(60) COLLATE utf8mb4_unicode_ci NOT NULL,
  `email` varchar(60) COLLATE utf8mb4_unicode_ci DEFAULT NULL,
  `phone` varchar(20) COLLATE utf8mb4_unicode_ci NOT NULL,
  `address` varchar(255) COLLATE utf8mb4_unicode_ci NOT NULL,
  `country` varchar(120) COLLATE utf8mb4_unicode_ci DEFAULT NULL,
  `state` varchar(120) COLLATE utf8mb4_unicode_ci DEFAULT NULL,
  `city` varchar(120) COLLATE utf8mb4_unicode_ci DEFAULT NULL,
  `is_primary` tinyint(1) DEFAULT '0',
  `is_shipping_location` tinyint(1) DEFAULT '1',
  `created_at` timestamp NULL DEFAULT NULL,
  `updated_at` timestamp NULL DEFAULT NULL,
  PRIMARY KEY (`id`)
) ENGINE=InnoDB AUTO_INCREMENT=2 DEFAULT CHARSET=utf8mb4 COLLATE=utf8mb4_unicode_ci;

--
-- Dumping data for table `ec_store_locators`
--

INSERT INTO `ec_store_locators` VALUES (1,'Wowy','sales@botble.com','18006268','North Link Building, 10 Admiralty Street','SG','Singapore','Singapore',1,1,'2024-01-08 00:28:44','2024-01-08 00:28:44');

--
-- Table structure for table `ec_tax_products`
--

CREATE TABLE `ec_tax_products` (
  `tax_id` bigint unsigned NOT NULL,
  `product_id` bigint unsigned NOT NULL,
  PRIMARY KEY (`product_id`,`tax_id`),
  KEY `ec_tax_products_tax_id_index` (`tax_id`),
  KEY `ec_tax_products_product_id_index` (`product_id`)
) ENGINE=InnoDB DEFAULT CHARSET=utf8mb4 COLLATE=utf8mb4_unicode_ci;

--
-- Dumping data for table `ec_tax_products`
--

INSERT INTO `ec_tax_products` VALUES (1,1),(1,2),(1,3),(1,4),(1,5),(1,6),(1,7),(1,8),(1,9),(1,10),(1,11),(1,12),(1,13),(1,14),(1,15),(1,16),(1,17),(1,18),(1,19),(1,20),(1,21),(1,22),(1,23),(1,24);

--
-- Table structure for table `ec_tax_rules`
--

CREATE TABLE `ec_tax_rules` (
  `id` bigint unsigned NOT NULL AUTO_INCREMENT,
  `tax_id` bigint unsigned NOT NULL,
  `country` varchar(120) COLLATE utf8mb4_unicode_ci DEFAULT NULL,
  `state` varchar(120) COLLATE utf8mb4_unicode_ci DEFAULT NULL,
  `city` varchar(120) COLLATE utf8mb4_unicode_ci DEFAULT NULL,
  `zip_code` varchar(20) COLLATE utf8mb4_unicode_ci DEFAULT NULL,
  `priority` int DEFAULT NULL,
  `is_enabled` tinyint(1) NOT NULL DEFAULT '1',
  `created_at` timestamp NULL DEFAULT NULL,
  `updated_at` timestamp NULL DEFAULT NULL,
  PRIMARY KEY (`id`)
) ENGINE=InnoDB DEFAULT CHARSET=utf8mb4 COLLATE=utf8mb4_unicode_ci;

--
-- Dumping data for table `ec_tax_rules`
--


--
-- Table structure for table `ec_taxes`
--

CREATE TABLE `ec_taxes` (
  `id` bigint unsigned NOT NULL AUTO_INCREMENT,
  `title` varchar(191) COLLATE utf8mb4_unicode_ci DEFAULT NULL,
  `percentage` double(8,6) DEFAULT NULL,
  `priority` int DEFAULT NULL,
  `status` varchar(60) COLLATE utf8mb4_unicode_ci NOT NULL DEFAULT 'published',
  `created_at` timestamp NULL DEFAULT NULL,
  `updated_at` timestamp NULL DEFAULT NULL,
  PRIMARY KEY (`id`)
) ENGINE=InnoDB AUTO_INCREMENT=4 DEFAULT CHARSET=utf8mb4 COLLATE=utf8mb4_unicode_ci;

--
-- Dumping data for table `ec_taxes`
--

INSERT INTO `ec_taxes` VALUES (1,'VAT',10.000000,1,'published','2024-01-08 00:28:41','2024-01-08 00:28:41'),(2,'None',0.000000,2,'published','2024-01-08 00:28:41','2024-01-08 00:28:41'),(3,'Import Tax',15.000000,3,'published','2024-01-08 00:28:41','2024-01-08 00:28:41');

--
-- Table structure for table `ec_wish_lists`
--

CREATE TABLE `ec_wish_lists` (
  `id` bigint unsigned NOT NULL AUTO_INCREMENT,
  `customer_id` bigint unsigned NOT NULL,
  `product_id` bigint unsigned NOT NULL,
  `created_at` timestamp NULL DEFAULT NULL,
  `updated_at` timestamp NULL DEFAULT NULL,
  PRIMARY KEY (`id`),
  KEY `wishlist_relation_index` (`product_id`,`customer_id`)
) ENGINE=InnoDB DEFAULT CHARSET=utf8mb4 COLLATE=utf8mb4_unicode_ci;

--
-- Dumping data for table `ec_wish_lists`
--


--
-- Table structure for table `failed_jobs`
--

CREATE TABLE `failed_jobs` (
  `id` bigint unsigned NOT NULL AUTO_INCREMENT,
  `uuid` varchar(191) COLLATE utf8mb4_unicode_ci NOT NULL,
  `connection` text COLLATE utf8mb4_unicode_ci NOT NULL,
  `queue` text COLLATE utf8mb4_unicode_ci NOT NULL,
  `payload` longtext COLLATE utf8mb4_unicode_ci NOT NULL,
  `exception` longtext COLLATE utf8mb4_unicode_ci NOT NULL,
  `failed_at` timestamp NOT NULL DEFAULT CURRENT_TIMESTAMP,
  PRIMARY KEY (`id`),
  UNIQUE KEY `failed_jobs_uuid_unique` (`uuid`)
) ENGINE=InnoDB DEFAULT CHARSET=utf8mb4 COLLATE=utf8mb4_unicode_ci;

--
-- Dumping data for table `failed_jobs`
--


--
-- Table structure for table `faq_categories`
--

CREATE TABLE `faq_categories` (
  `id` bigint unsigned NOT NULL AUTO_INCREMENT,
  `name` varchar(120) COLLATE utf8mb4_unicode_ci NOT NULL,
  `order` tinyint NOT NULL DEFAULT '0',
  `status` varchar(60) COLLATE utf8mb4_unicode_ci NOT NULL DEFAULT 'published',
  `created_at` timestamp NULL DEFAULT NULL,
  `updated_at` timestamp NULL DEFAULT NULL,
  `description` varchar(300) COLLATE utf8mb4_unicode_ci DEFAULT NULL,
  PRIMARY KEY (`id`)
) ENGINE=InnoDB AUTO_INCREMENT=4 DEFAULT CHARSET=utf8mb4 COLLATE=utf8mb4_unicode_ci;

--
-- Dumping data for table `faq_categories`
--

INSERT INTO `faq_categories` VALUES (1,'Shipping',0,'published','2024-01-08 00:28:51','2024-01-08 00:28:51',NULL),(2,'Payment',1,'published','2024-01-08 00:28:51','2024-01-08 00:28:51',NULL),(3,'Order &amp; Returns',2,'published','2024-01-08 00:28:51','2024-01-08 00:28:51',NULL);

--
-- Table structure for table `faq_categories_translations`
--

CREATE TABLE `faq_categories_translations` (
  `lang_code` varchar(20) COLLATE utf8mb4_unicode_ci NOT NULL,
  `faq_categories_id` bigint unsigned NOT NULL,
  `name` varchar(120) COLLATE utf8mb4_unicode_ci DEFAULT NULL,
  PRIMARY KEY (`lang_code`,`faq_categories_id`)
) ENGINE=InnoDB DEFAULT CHARSET=utf8mb4 COLLATE=utf8mb4_unicode_ci;

--
-- Dumping data for table `faq_categories_translations`
--


--
-- Table structure for table `faqs`
--

CREATE TABLE `faqs` (
  `id` bigint unsigned NOT NULL AUTO_INCREMENT,
  `question` text COLLATE utf8mb4_unicode_ci NOT NULL,
  `answer` text COLLATE utf8mb4_unicode_ci NOT NULL,
  `category_id` bigint unsigned NOT NULL,
  `status` varchar(60) COLLATE utf8mb4_unicode_ci NOT NULL DEFAULT 'published',
  `created_at` timestamp NULL DEFAULT NULL,
  `updated_at` timestamp NULL DEFAULT NULL,
  PRIMARY KEY (`id`)
) ENGINE=InnoDB AUTO_INCREMENT=11 DEFAULT CHARSET=utf8mb4 COLLATE=utf8mb4_unicode_ci;

--
-- Dumping data for table `faqs`
--

INSERT INTO `faqs` VALUES (1,'What Shipping Methods Are Available?','Ex Portland Pitchfork irure mustache. Eutra fap before they sold out literally. Aliquip ugh bicycle rights actually mlkshk, seitan squid craft beer tempor.',1,'published','2024-01-08 00:28:51','2024-01-08 00:28:51'),(2,'Do You Ship Internationally?','Hoodie tote bag mixtape tofu. Typewriter jean shorts wolf quinoa, messenger bag organic freegan cray.',1,'published','2024-01-08 00:28:51','2024-01-08 00:28:51'),(3,'How Long Will It Take To Get My Package?','Swag slow-carb quinoa VHS typewriter pork belly brunch, paleo single-origin coffee Wes Anderson. Flexitarian Pitchfork forage, literally paleo fap pour-over. Wes Anderson Pinterest YOLO fanny pack meggings, deep v XOXO chambray sustainable slow-carb raw denim church-key fap chillwave Etsy. +1 typewriter kitsch, American Apparel tofu Banksy Vice.',1,'published','2024-01-08 00:28:51','2024-01-08 00:28:51'),(4,'What Payment Methods Are Accepted?','Fashion axe DIY jean shorts, swag kale chips meh polaroid kogi butcher Wes Anderson chambray next level semiotics gentrify yr. Voluptate photo booth fugiat Vice. Austin sed Williamsburg, ea labore raw denim voluptate cred proident mixtape excepteur mustache. Twee chia photo booth readymade food truck, hoodie roof party swag keytar PBR DIY.',2,'published','2024-01-08 00:28:51','2024-01-08 00:28:51'),(5,'Is Buying On-Line Safe?','Art party authentic freegan semiotics jean shorts chia cred. Neutra Austin roof party Brooklyn, synth Thundercats swag 8-bit photo booth. Plaid letterpress leggings craft beer meh ethical Pinterest.',2,'published','2024-01-08 00:28:51','2024-01-08 00:28:51'),(6,'How do I place an Order?','Keytar cray slow-carb, Godard banh mi salvia pour-over. Slow-carb Odd Future seitan normcore. Master cleanse American Apparel gentrify flexitarian beard slow-carb next level. Raw denim polaroid paleo farm-to-table, put a bird on it lo-fi tattooed Wes Anderson Pinterest letterpress. Fingerstache McSweeney’s pour-over, letterpress Schlitz photo booth master cleanse bespoke hashtag chillwave gentrify.',3,'published','2024-01-08 00:28:51','2024-01-08 00:28:51'),(7,'How Can I Cancel Or Change My Order?','Plaid letterpress leggings craft beer meh ethical Pinterest. Art party authentic freegan semiotics jean shorts chia cred. Neutra Austin roof party Brooklyn, synth Thundercats swag 8-bit photo booth.',3,'published','2024-01-08 00:28:51','2024-01-08 00:28:51'),(8,'Do I need an account to place an order?','Thundercats swag 8-bit photo booth. Plaid letterpress leggings craft beer meh ethical Pinterest. Twee chia photo booth readymade food truck, hoodie roof party swag keytar PBR DIY. Cray ugh 3 wolf moon fap, fashion axe irony butcher cornhole typewriter chambray VHS banjo street art.',3,'published','2024-01-08 00:28:51','2024-01-08 00:28:51'),(9,'How Do I Track My Order?','Keytar cray slow-carb, Godard banh mi salvia pour-over. Slow-carb @Odd Future seitan normcore. Master cleanse American Apparel gentrify flexitarian beard slow-carb next level.',3,'published','2024-01-08 00:28:51','2024-01-08 00:28:51'),(10,'How Can I Return a Product?','Kale chips Truffaut Williamsburg, hashtag fixie Pinterest raw denim c hambray drinking vinegar Carles street art Bushwick gastropub. Wolf Tumblr paleo church-key. Plaid food truck Echo Park YOLO bitters hella, direct trade Thundercats leggings quinoa before they sold out. You probably haven’t heard of them wayfarers authentic umami drinking vinegar Pinterest Cosby sweater, fingerstache fap High Life.',3,'published','2024-01-08 00:28:51','2024-01-08 00:28:51');

--
-- Table structure for table `faqs_translations`
--

CREATE TABLE `faqs_translations` (
  `lang_code` varchar(20) COLLATE utf8mb4_unicode_ci NOT NULL,
  `faqs_id` bigint unsigned NOT NULL,
  `question` text COLLATE utf8mb4_unicode_ci,
  `answer` text COLLATE utf8mb4_unicode_ci,
  PRIMARY KEY (`lang_code`,`faqs_id`)
) ENGINE=InnoDB DEFAULT CHARSET=utf8mb4 COLLATE=utf8mb4_unicode_ci;

--
-- Dumping data for table `faqs_translations`
--


--
-- Table structure for table `jobs`
--

CREATE TABLE `jobs` (
  `id` bigint unsigned NOT NULL AUTO_INCREMENT,
  `queue` varchar(191) COLLATE utf8mb4_unicode_ci NOT NULL,
  `payload` longtext COLLATE utf8mb4_unicode_ci NOT NULL,
  `attempts` tinyint unsigned NOT NULL,
  `reserved_at` int unsigned DEFAULT NULL,
  `available_at` int unsigned NOT NULL,
  `created_at` int unsigned NOT NULL,
  PRIMARY KEY (`id`),
  KEY `jobs_queue_index` (`queue`)
) ENGINE=InnoDB DEFAULT CHARSET=utf8mb4 COLLATE=utf8mb4_unicode_ci;

--
-- Dumping data for table `jobs`
--


--
-- Table structure for table `language_meta`
--

CREATE TABLE `language_meta` (
  `lang_meta_id` bigint unsigned NOT NULL AUTO_INCREMENT,
  `lang_meta_code` varchar(20) COLLATE utf8mb4_unicode_ci DEFAULT NULL,
  `lang_meta_origin` varchar(32) COLLATE utf8mb4_unicode_ci NOT NULL,
  `reference_id` bigint unsigned NOT NULL,
  `reference_type` varchar(120) COLLATE utf8mb4_unicode_ci NOT NULL,
  PRIMARY KEY (`lang_meta_id`),
  KEY `language_meta_reference_id_index` (`reference_id`),
  KEY `meta_code_index` (`lang_meta_code`),
  KEY `meta_origin_index` (`lang_meta_origin`),
  KEY `meta_reference_type_index` (`reference_type`)
) ENGINE=InnoDB AUTO_INCREMENT=9 DEFAULT CHARSET=utf8mb4 COLLATE=utf8mb4_unicode_ci;

--
-- Dumping data for table `language_meta`
--

INSERT INTO `language_meta` VALUES (1,'en_US','e6d84939be255eb3a7a3aec95b64f499',1,'Botble\\SimpleSlider\\Models\\SimpleSlider'),(2,'en_US','d57c4048bec882101aa812c2ccd6e16a',2,'Botble\\SimpleSlider\\Models\\SimpleSlider'),(3,'en_US','57c846af0cf1f1392c119ff27e0f39fd',3,'Botble\\SimpleSlider\\Models\\SimpleSlider'),(4,'en_US','dcd2b92039668688cdf87cf4c7823dbd',4,'Botble\\SimpleSlider\\Models\\SimpleSlider'),(5,'en_US','3b6686720ccce676721349d96bfead8a',1,'Botble\\Menu\\Models\\MenuLocation'),(6,'en_US','6aecc7724caf910596eac97ed57781a2',1,'Botble\\Menu\\Models\\Menu'),(7,'en_US','67b75d6558ca9505705ebab4ec68efb3',2,'Botble\\Menu\\Models\\Menu'),(8,'en_US','26eb24b77c812a37654c13983f32613b',3,'Botble\\Menu\\Models\\Menu');

--
-- Table structure for table `languages`
--

CREATE TABLE `languages` (
  `lang_id` bigint unsigned NOT NULL AUTO_INCREMENT,
  `lang_name` varchar(120) COLLATE utf8mb4_unicode_ci NOT NULL,
  `lang_locale` varchar(20) COLLATE utf8mb4_unicode_ci NOT NULL,
  `lang_code` varchar(20) COLLATE utf8mb4_unicode_ci NOT NULL,
  `lang_flag` varchar(20) COLLATE utf8mb4_unicode_ci DEFAULT NULL,
  `lang_is_default` tinyint unsigned NOT NULL DEFAULT '0',
  `lang_order` int NOT NULL DEFAULT '0',
  `lang_is_rtl` tinyint unsigned NOT NULL DEFAULT '0',
  PRIMARY KEY (`lang_id`),
  KEY `lang_locale_index` (`lang_locale`),
  KEY `lang_code_index` (`lang_code`),
  KEY `lang_is_default_index` (`lang_is_default`)
) ENGINE=InnoDB AUTO_INCREMENT=2 DEFAULT CHARSET=utf8mb4 COLLATE=utf8mb4_unicode_ci;

--
-- Dumping data for table `languages`
--

INSERT INTO `languages` VALUES (1,'English','en','en_US','us',1,0,0);

--
-- Table structure for table `media_files`
--

CREATE TABLE `media_files` (
  `id` bigint unsigned NOT NULL AUTO_INCREMENT,
  `user_id` bigint unsigned NOT NULL,
  `name` varchar(255) COLLATE utf8mb4_unicode_ci NOT NULL,
  `alt` varchar(255) COLLATE utf8mb4_unicode_ci DEFAULT NULL,
  `folder_id` bigint unsigned NOT NULL DEFAULT '0',
  `mime_type` varchar(120) COLLATE utf8mb4_unicode_ci NOT NULL,
  `size` int NOT NULL,
  `url` varchar(255) COLLATE utf8mb4_unicode_ci NOT NULL,
  `options` text COLLATE utf8mb4_unicode_ci,
  `created_at` timestamp NULL DEFAULT NULL,
  `updated_at` timestamp NULL DEFAULT NULL,
  `deleted_at` timestamp NULL DEFAULT NULL,
  PRIMARY KEY (`id`),
  KEY `media_files_user_id_index` (`user_id`),
  KEY `media_files_index` (`folder_id`,`user_id`,`created_at`)
) ENGINE=InnoDB AUTO_INCREMENT=125 DEFAULT CHARSET=utf8mb4 COLLATE=utf8mb4_unicode_ci;

--
-- Dumping data for table `media_files`
--

INSERT INTO `media_files` VALUES (1,0,'1','1',1,'image/png',960,'brands/1.png','[]','2024-01-08 00:28:34','2024-01-08 00:28:34',NULL),(2,0,'2','2',1,'image/png',960,'brands/2.png','[]','2024-01-08 00:28:34','2024-01-08 00:28:34',NULL),(3,0,'3','3',1,'image/png',960,'brands/3.png','[]','2024-01-08 00:28:34','2024-01-08 00:28:34',NULL),(4,0,'4','4',1,'image/png',960,'brands/4.png','[]','2024-01-08 00:28:34','2024-01-08 00:28:34',NULL),(5,0,'5','5',1,'image/png',960,'brands/5.png','[]','2024-01-08 00:28:34','2024-01-08 00:28:34',NULL),(6,0,'6','6',1,'image/png',960,'brands/6.png','[]','2024-01-08 00:28:34','2024-01-08 00:28:34',NULL),(7,0,'7','7',1,'image/png',960,'brands/7.png','[]','2024-01-08 00:28:34','2024-01-08 00:28:34',NULL),(8,0,'1','1',2,'image/jpeg',5306,'product-categories/1.jpg','[]','2024-01-08 00:28:34','2024-01-08 00:28:34',NULL),(9,0,'2','2',2,'image/jpeg',5306,'product-categories/2.jpg','[]','2024-01-08 00:28:34','2024-01-08 00:28:34',NULL),(10,0,'3','3',2,'image/jpeg',5306,'product-categories/3.jpg','[]','2024-01-08 00:28:35','2024-01-08 00:28:35',NULL),(11,0,'4','4',2,'image/jpeg',5306,'product-categories/4.jpg','[]','2024-01-08 00:28:35','2024-01-08 00:28:35',NULL),(12,0,'5','5',2,'image/jpeg',5306,'product-categories/5.jpg','[]','2024-01-08 00:28:35','2024-01-08 00:28:35',NULL),(13,0,'6','6',2,'image/jpeg',5306,'product-categories/6.jpg','[]','2024-01-08 00:28:35','2024-01-08 00:28:35',NULL),(14,0,'7','7',2,'image/jpeg',5306,'product-categories/7.jpg','[]','2024-01-08 00:28:35','2024-01-08 00:28:35',NULL),(15,0,'8','8',2,'image/jpeg',5306,'product-categories/8.jpg','[]','2024-01-08 00:28:35','2024-01-08 00:28:35',NULL),(16,0,'1-1','1-1',3,'image/jpeg',9730,'products/1-1.jpg','[]','2024-01-08 00:28:35','2024-01-08 00:28:35',NULL),(17,0,'1-2','1-2',3,'image/jpeg',9730,'products/1-2.jpg','[]','2024-01-08 00:28:35','2024-01-08 00:28:35',NULL),(18,0,'1-3','1-3',3,'image/jpeg',9730,'products/1-3.jpg','[]','2024-01-08 00:28:35','2024-01-08 00:28:35',NULL),(19,0,'1','1',3,'image/jpeg',9730,'products/1.jpg','[]','2024-01-08 00:28:35','2024-01-08 00:28:35',NULL),(20,0,'10-1','10-1',3,'image/jpeg',9730,'products/10-1.jpg','[]','2024-01-08 00:28:35','2024-01-08 00:28:35',NULL),(21,0,'10','10',3,'image/jpeg',9730,'products/10.jpg','[]','2024-01-08 00:28:35','2024-01-08 00:28:35',NULL),(22,0,'11-1','11-1',3,'image/jpeg',9730,'products/11-1.jpg','[]','2024-01-08 00:28:36','2024-01-08 00:28:36',NULL),(23,0,'11','11',3,'image/jpeg',9730,'products/11.jpg','[]','2024-01-08 00:28:36','2024-01-08 00:28:36',NULL),(24,0,'12-1','12-1',3,'image/jpeg',9730,'products/12-1.jpg','[]','2024-01-08 00:28:36','2024-01-08 00:28:36',NULL),(25,0,'12','12',3,'image/jpeg',9730,'products/12.jpg','[]','2024-01-08 00:28:36','2024-01-08 00:28:36',NULL),(26,0,'13-1','13-1',3,'image/jpeg',9730,'products/13-1.jpg','[]','2024-01-08 00:28:36','2024-01-08 00:28:36',NULL),(27,0,'13','13',3,'image/jpeg',9730,'products/13.jpg','[]','2024-01-08 00:28:36','2024-01-08 00:28:36',NULL),(28,0,'14-1','14-1',3,'image/jpeg',9730,'products/14-1.jpg','[]','2024-01-08 00:28:36','2024-01-08 00:28:36',NULL),(29,0,'14','14',3,'image/jpeg',9730,'products/14.jpg','[]','2024-01-08 00:28:36','2024-01-08 00:28:36',NULL),(30,0,'15-1','15-1',3,'image/jpeg',9730,'products/15-1.jpg','[]','2024-01-08 00:28:36','2024-01-08 00:28:36',NULL),(31,0,'15','15',3,'image/jpeg',9730,'products/15.jpg','[]','2024-01-08 00:28:36','2024-01-08 00:28:36',NULL),(32,0,'16','16',3,'image/jpeg',9730,'products/16.jpg','[]','2024-01-08 00:28:36','2024-01-08 00:28:36',NULL),(33,0,'17','17',3,'image/jpeg',9730,'products/17.jpg','[]','2024-01-08 00:28:36','2024-01-08 00:28:36',NULL),(34,0,'18-1','18-1',3,'image/jpeg',9730,'products/18-1.jpg','[]','2024-01-08 00:28:36','2024-01-08 00:28:36',NULL),(35,0,'18-2','18-2',3,'image/jpeg',9730,'products/18-2.jpg','[]','2024-01-08 00:28:36','2024-01-08 00:28:36',NULL),(36,0,'18','18',3,'image/jpeg',9730,'products/18.jpg','[]','2024-01-08 00:28:36','2024-01-08 00:28:36',NULL),(37,0,'19-1','19-1',3,'image/jpeg',9730,'products/19-1.jpg','[]','2024-01-08 00:28:37','2024-01-08 00:28:37',NULL),(38,0,'19','19',3,'image/jpeg',9730,'products/19.jpg','[]','2024-01-08 00:28:37','2024-01-08 00:28:37',NULL),(39,0,'2-1','2-1',3,'image/jpeg',9730,'products/2-1.jpg','[]','2024-01-08 00:28:37','2024-01-08 00:28:37',NULL),(40,0,'2-2','2-2',3,'image/jpeg',9730,'products/2-2.jpg','[]','2024-01-08 00:28:37','2024-01-08 00:28:37',NULL),(41,0,'2-3','2-3',3,'image/jpeg',9730,'products/2-3.jpg','[]','2024-01-08 00:28:37','2024-01-08 00:28:37',NULL),(42,0,'2','2',3,'image/jpeg',9730,'products/2.jpg','[]','2024-01-08 00:28:37','2024-01-08 00:28:37',NULL),(43,0,'20-1','20-1',3,'image/jpeg',9730,'products/20-1.jpg','[]','2024-01-08 00:28:37','2024-01-08 00:28:37',NULL),(44,0,'20','20',3,'image/jpeg',9730,'products/20.jpg','[]','2024-01-08 00:28:37','2024-01-08 00:28:37',NULL),(45,0,'21-1','21-1',3,'image/jpeg',9730,'products/21-1.jpg','[]','2024-01-08 00:28:37','2024-01-08 00:28:37',NULL),(46,0,'21','21',3,'image/jpeg',9730,'products/21.jpg','[]','2024-01-08 00:28:37','2024-01-08 00:28:37',NULL),(47,0,'22-1','22-1',3,'image/jpeg',9730,'products/22-1.jpg','[]','2024-01-08 00:28:37','2024-01-08 00:28:37',NULL),(48,0,'22','22',3,'image/jpeg',9730,'products/22.jpg','[]','2024-01-08 00:28:37','2024-01-08 00:28:37',NULL),(49,0,'23-1','23-1',3,'image/jpeg',9730,'products/23-1.jpg','[]','2024-01-08 00:28:37','2024-01-08 00:28:37',NULL),(50,0,'23','23',3,'image/jpeg',9730,'products/23.jpg','[]','2024-01-08 00:28:37','2024-01-08 00:28:37',NULL),(51,0,'24-1','24-1',3,'image/jpeg',9730,'products/24-1.jpg','[]','2024-01-08 00:28:37','2024-01-08 00:28:37',NULL),(52,0,'24','24',3,'image/jpeg',9730,'products/24.jpg','[]','2024-01-08 00:28:37','2024-01-08 00:28:37',NULL),(53,0,'3-1','3-1',3,'image/jpeg',9730,'products/3-1.jpg','[]','2024-01-08 00:28:38','2024-01-08 00:28:38',NULL),(54,0,'3-2','3-2',3,'image/jpeg',9730,'products/3-2.jpg','[]','2024-01-08 00:28:38','2024-01-08 00:28:38',NULL),(55,0,'3-3','3-3',3,'image/jpeg',9730,'products/3-3.jpg','[]','2024-01-08 00:28:38','2024-01-08 00:28:38',NULL),(56,0,'3','3',3,'image/jpeg',9730,'products/3.jpg','[]','2024-01-08 00:28:38','2024-01-08 00:28:38',NULL),(57,0,'4-1','4-1',3,'image/jpeg',9730,'products/4-1.jpg','[]','2024-01-08 00:28:38','2024-01-08 00:28:38',NULL),(58,0,'4-2','4-2',3,'image/jpeg',9730,'products/4-2.jpg','[]','2024-01-08 00:28:38','2024-01-08 00:28:38',NULL),(59,0,'4-3','4-3',3,'image/jpeg',9730,'products/4-3.jpg','[]','2024-01-08 00:28:38','2024-01-08 00:28:38',NULL),(60,0,'4','4',3,'image/jpeg',9730,'products/4.jpg','[]','2024-01-08 00:28:38','2024-01-08 00:28:38',NULL),(61,0,'5-1','5-1',3,'image/jpeg',9730,'products/5-1.jpg','[]','2024-01-08 00:28:38','2024-01-08 00:28:38',NULL),(62,0,'5-2','5-2',3,'image/jpeg',9730,'products/5-2.jpg','[]','2024-01-08 00:28:38','2024-01-08 00:28:38',NULL),(63,0,'5-3','5-3',3,'image/jpeg',9730,'products/5-3.jpg','[]','2024-01-08 00:28:38','2024-01-08 00:28:38',NULL),(64,0,'5','5',3,'image/jpeg',9730,'products/5.jpg','[]','2024-01-08 00:28:38','2024-01-08 00:28:38',NULL),(65,0,'6-1','6-1',3,'image/jpeg',9730,'products/6-1.jpg','[]','2024-01-08 00:28:38','2024-01-08 00:28:38',NULL),(66,0,'6','6',3,'image/jpeg',9730,'products/6.jpg','[]','2024-01-08 00:28:38','2024-01-08 00:28:38',NULL),(67,0,'7-1','7-1',3,'image/jpeg',9730,'products/7-1.jpg','[]','2024-01-08 00:28:39','2024-01-08 00:28:39',NULL),(68,0,'7','7',3,'image/jpeg',9730,'products/7.jpg','[]','2024-01-08 00:28:39','2024-01-08 00:28:39',NULL),(69,0,'8-1','8-1',3,'image/jpeg',9730,'products/8-1.jpg','[]','2024-01-08 00:28:39','2024-01-08 00:28:39',NULL),(70,0,'8','8',3,'image/jpeg',9730,'products/8.jpg','[]','2024-01-08 00:28:39','2024-01-08 00:28:39',NULL),(71,0,'9-1','9-1',3,'image/jpeg',9730,'products/9-1.jpg','[]','2024-01-08 00:28:39','2024-01-08 00:28:39',NULL),(72,0,'9','9',3,'image/jpeg',9730,'products/9.jpg','[]','2024-01-08 00:28:39','2024-01-08 00:28:39',NULL),(73,0,'1','1',4,'image/jpeg',9730,'customers/1.jpg','[]','2024-01-08 00:28:41','2024-01-08 00:28:41',NULL),(74,0,'10','10',4,'image/jpeg',9730,'customers/10.jpg','[]','2024-01-08 00:28:41','2024-01-08 00:28:41',NULL),(75,0,'2','2',4,'image/jpeg',9730,'customers/2.jpg','[]','2024-01-08 00:28:41','2024-01-08 00:28:41',NULL),(76,0,'3','3',4,'image/jpeg',9730,'customers/3.jpg','[]','2024-01-08 00:28:41','2024-01-08 00:28:41',NULL),(77,0,'4','4',4,'image/jpeg',9730,'customers/4.jpg','[]','2024-01-08 00:28:41','2024-01-08 00:28:41',NULL),(78,0,'5','5',4,'image/jpeg',9730,'customers/5.jpg','[]','2024-01-08 00:28:41','2024-01-08 00:28:41',NULL),(79,0,'6','6',4,'image/jpeg',9730,'customers/6.jpg','[]','2024-01-08 00:28:41','2024-01-08 00:28:41',NULL),(80,0,'7','7',4,'image/jpeg',9730,'customers/7.jpg','[]','2024-01-08 00:28:42','2024-01-08 00:28:42',NULL),(81,0,'8','8',4,'image/jpeg',9730,'customers/8.jpg','[]','2024-01-08 00:28:42','2024-01-08 00:28:42',NULL),(82,0,'9','9',4,'image/jpeg',9730,'customers/9.jpg','[]','2024-01-08 00:28:42','2024-01-08 00:28:42',NULL),(83,0,'1','1',5,'image/jpeg',9359,'flash-sales/1.jpg','[]','2024-01-08 00:28:44','2024-01-08 00:28:44',NULL),(84,0,'2','2',5,'image/jpeg',9359,'flash-sales/2.jpg','[]','2024-01-08 00:28:45','2024-01-08 00:28:45',NULL),(85,0,'1-1','1-1',6,'image/png',13713,'sliders/1-1.png','[]','2024-01-08 00:28:48','2024-01-08 00:28:48',NULL),(86,0,'1-2','1-2',6,'image/png',13768,'sliders/1-2.png','[]','2024-01-08 00:28:48','2024-01-08 00:28:48',NULL),(87,0,'1-3','1-3',6,'image/png',12787,'sliders/1-3.png','[]','2024-01-08 00:28:48','2024-01-08 00:28:48',NULL),(88,0,'2-1','2-1',6,'image/png',13713,'sliders/2-1.png','[]','2024-01-08 00:28:49','2024-01-08 00:28:49',NULL),(89,0,'2-2','2-2',6,'image/png',13768,'sliders/2-2.png','[]','2024-01-08 00:28:49','2024-01-08 00:28:49',NULL),(90,0,'2-3','2-3',6,'image/png',12787,'sliders/2-3.png','[]','2024-01-08 00:28:49','2024-01-08 00:28:49',NULL),(91,0,'3-1','3-1',6,'image/png',13668,'sliders/3-1.png','[]','2024-01-08 00:28:49','2024-01-08 00:28:49',NULL),(92,0,'3-2','3-2',6,'image/png',13668,'sliders/3-2.png','[]','2024-01-08 00:28:49','2024-01-08 00:28:49',NULL),(93,0,'4-1','4-1',6,'image/png',13713,'sliders/4-1.png','[]','2024-01-08 00:28:49','2024-01-08 00:28:49',NULL),(94,0,'4-2','4-2',6,'image/png',13713,'sliders/4-2.png','[]','2024-01-08 00:28:49','2024-01-08 00:28:49',NULL),(95,0,'4-3','4-3',6,'image/png',12787,'sliders/4-3.png','[]','2024-01-08 00:28:49','2024-01-08 00:28:49',NULL),(96,0,'1','1',7,'image/jpeg',9730,'news/1.jpg','[]','2024-01-08 00:28:49','2024-01-08 00:28:49',NULL),(97,0,'10','10',7,'image/jpeg',9730,'news/10.jpg','[]','2024-01-08 00:28:49','2024-01-08 00:28:49',NULL),(98,0,'11','11',7,'image/jpeg',9730,'news/11.jpg','[]','2024-01-08 00:28:49','2024-01-08 00:28:49',NULL),(99,0,'2','2',7,'image/jpeg',9730,'news/2.jpg','[]','2024-01-08 00:28:50','2024-01-08 00:28:50',NULL),(100,0,'3','3',7,'image/jpeg',9730,'news/3.jpg','[]','2024-01-08 00:28:50','2024-01-08 00:28:50',NULL),(101,0,'4','4',7,'image/jpeg',9730,'news/4.jpg','[]','2024-01-08 00:28:50','2024-01-08 00:28:50',NULL),(102,0,'5','5',7,'image/jpeg',9730,'news/5.jpg','[]','2024-01-08 00:28:50','2024-01-08 00:28:50',NULL),(103,0,'6','6',7,'image/jpeg',9730,'news/6.jpg','[]','2024-01-08 00:28:50','2024-01-08 00:28:50',NULL),(104,0,'7','7',7,'image/jpeg',9730,'news/7.jpg','[]','2024-01-08 00:28:50','2024-01-08 00:28:50',NULL),(105,0,'8','8',7,'image/jpeg',9730,'news/8.jpg','[]','2024-01-08 00:28:50','2024-01-08 00:28:50',NULL),(106,0,'9','9',7,'image/jpeg',9730,'news/9.jpg','[]','2024-01-08 00:28:50','2024-01-08 00:28:50',NULL),(107,0,'1','1',8,'image/png',5268,'promotion/1.png','[]','2024-01-08 00:28:51','2024-01-08 00:28:51',NULL),(108,0,'2','2',8,'image/png',5268,'promotion/2.png','[]','2024-01-08 00:28:51','2024-01-08 00:28:51',NULL),(109,0,'3','3',8,'image/png',5268,'promotion/3.png','[]','2024-01-08 00:28:51','2024-01-08 00:28:51',NULL),(110,0,'4','4',8,'image/png',8921,'promotion/4.png','[]','2024-01-08 00:28:51','2024-01-08 00:28:51',NULL),(111,0,'5','5',8,'image/png',5052,'promotion/5.png','[]','2024-01-08 00:28:51','2024-01-08 00:28:51',NULL),(112,0,'6','6',8,'image/png',7121,'promotion/6.png','[]','2024-01-08 00:28:51','2024-01-08 00:28:51',NULL),(113,0,'clock','clock',9,'image/png',4955,'general/clock.png','[]','2024-01-08 00:28:52','2024-01-08 00:28:52',NULL),(114,0,'credit-card','credit-card',9,'image/png',1742,'general/credit-card.png','[]','2024-01-08 00:28:52','2024-01-08 00:28:52',NULL),(115,0,'favicon','favicon',9,'image/png',2343,'general/favicon.png','[]','2024-01-08 00:28:52','2024-01-08 00:28:52',NULL),(116,0,'icon-bag','icon-bag',9,'image/png',15551,'general/icon-bag.png','[]','2024-01-08 00:28:52','2024-01-08 00:28:52',NULL),(117,0,'icon-operator','icon-operator',9,'image/png',23328,'general/icon-operator.png','[]','2024-01-08 00:28:52','2024-01-08 00:28:52',NULL),(118,0,'icon-purchase','icon-purchase',9,'image/png',22947,'general/icon-purchase.png','[]','2024-01-08 00:28:52','2024-01-08 00:28:52',NULL),(119,0,'icon-truck','icon-truck',9,'image/png',17131,'general/icon-truck.png','[]','2024-01-08 00:28:52','2024-01-08 00:28:52',NULL),(120,0,'logo-light','logo-light',9,'image/png',1938,'general/logo-light.png','[]','2024-01-08 00:28:52','2024-01-08 00:28:52',NULL),(121,0,'logo','logo',9,'image/png',2494,'general/logo.png','[]','2024-01-08 00:28:52','2024-01-08 00:28:52',NULL),(122,0,'open-graph-image','open-graph-image',9,'image/png',293189,'general/open-graph-image.png','[]','2024-01-08 00:28:52','2024-01-08 00:28:52',NULL),(123,0,'paper-plane','paper-plane',9,'image/png',5104,'general/paper-plane.png','[]','2024-01-08 00:28:52','2024-01-08 00:28:52',NULL),(124,0,'payment-methods','payment-methods',9,'image/png',455,'general/payment-methods.png','[]','2024-01-08 00:28:52','2024-01-08 00:28:52',NULL);

--
-- Table structure for table `media_folders`
--

CREATE TABLE `media_folders` (
  `id` bigint unsigned NOT NULL AUTO_INCREMENT,
  `user_id` bigint unsigned NOT NULL,
  `name` varchar(255) COLLATE utf8mb4_unicode_ci DEFAULT NULL,
  `color` varchar(250) COLLATE utf8mb4_unicode_ci DEFAULT NULL,
  `slug` varchar(255) COLLATE utf8mb4_unicode_ci DEFAULT NULL,
  `parent_id` bigint unsigned NOT NULL DEFAULT '0',
  `created_at` timestamp NULL DEFAULT NULL,
  `updated_at` timestamp NULL DEFAULT NULL,
  `deleted_at` timestamp NULL DEFAULT NULL,
  PRIMARY KEY (`id`),
  KEY `media_folders_user_id_index` (`user_id`),
  KEY `media_folders_index` (`parent_id`,`user_id`,`created_at`)
) ENGINE=InnoDB AUTO_INCREMENT=10 DEFAULT CHARSET=utf8mb4 COLLATE=utf8mb4_unicode_ci;

--
-- Dumping data for table `media_folders`
--

INSERT INTO `media_folders` VALUES (1,0,'brands',NULL,'brands',0,'2024-01-08 00:28:34','2024-01-08 00:28:34',NULL),(2,0,'product-categories',NULL,'product-categories',0,'2024-01-08 00:28:34','2024-01-08 00:28:34',NULL),(3,0,'products',NULL,'products',0,'2024-01-08 00:28:35','2024-01-08 00:28:35',NULL),(4,0,'customers',NULL,'customers',0,'2024-01-08 00:28:41','2024-01-08 00:28:41',NULL),(5,0,'flash-sales',NULL,'flash-sales',0,'2024-01-08 00:28:44','2024-01-08 00:28:44',NULL),(6,0,'sliders',NULL,'sliders',0,'2024-01-08 00:28:48','2024-01-08 00:28:48',NULL),(7,0,'news',NULL,'news',0,'2024-01-08 00:28:49','2024-01-08 00:28:49',NULL),(8,0,'promotion',NULL,'promotion',0,'2024-01-08 00:28:51','2024-01-08 00:28:51',NULL),(9,0,'general',NULL,'general',0,'2024-01-08 00:28:52','2024-01-08 00:28:52',NULL);

--
-- Table structure for table `media_settings`
--

CREATE TABLE `media_settings` (
  `id` bigint unsigned NOT NULL AUTO_INCREMENT,
  `key` varchar(120) COLLATE utf8mb4_unicode_ci NOT NULL,
  `value` text COLLATE utf8mb4_unicode_ci,
  `media_id` bigint unsigned DEFAULT NULL,
  `user_id` bigint unsigned DEFAULT NULL,
  `created_at` timestamp NULL DEFAULT NULL,
  `updated_at` timestamp NULL DEFAULT NULL,
  PRIMARY KEY (`id`)
) ENGINE=InnoDB DEFAULT CHARSET=utf8mb4 COLLATE=utf8mb4_unicode_ci;

--
-- Dumping data for table `media_settings`
--


--
-- Table structure for table `menu_locations`
--

CREATE TABLE `menu_locations` (
  `id` bigint unsigned NOT NULL AUTO_INCREMENT,
  `menu_id` bigint unsigned NOT NULL,
  `location` varchar(120) COLLATE utf8mb4_unicode_ci NOT NULL,
  `created_at` timestamp NULL DEFAULT NULL,
  `updated_at` timestamp NULL DEFAULT NULL,
  PRIMARY KEY (`id`),
  KEY `menu_locations_menu_id_created_at_index` (`menu_id`,`created_at`)
) ENGINE=InnoDB AUTO_INCREMENT=2 DEFAULT CHARSET=utf8mb4 COLLATE=utf8mb4_unicode_ci;

--
-- Dumping data for table `menu_locations`
--

INSERT INTO `menu_locations` VALUES (1,1,'main-menu','2024-01-08 00:28:51','2024-01-08 00:28:51');

--
-- Table structure for table `menu_nodes`
--

CREATE TABLE `menu_nodes` (
  `id` bigint unsigned NOT NULL AUTO_INCREMENT,
  `menu_id` bigint unsigned NOT NULL,
  `parent_id` bigint unsigned NOT NULL DEFAULT '0',
  `reference_id` bigint unsigned DEFAULT NULL,
  `reference_type` varchar(255) COLLATE utf8mb4_unicode_ci DEFAULT NULL,
  `url` varchar(120) COLLATE utf8mb4_unicode_ci DEFAULT NULL,
  `icon_font` varchar(50) COLLATE utf8mb4_unicode_ci DEFAULT NULL,
  `position` tinyint unsigned NOT NULL DEFAULT '0',
  `title` varchar(120) COLLATE utf8mb4_unicode_ci DEFAULT NULL,
  `css_class` varchar(120) COLLATE utf8mb4_unicode_ci DEFAULT NULL,
  `target` varchar(20) COLLATE utf8mb4_unicode_ci NOT NULL DEFAULT '_self',
  `has_child` tinyint unsigned NOT NULL DEFAULT '0',
  `created_at` timestamp NULL DEFAULT NULL,
  `updated_at` timestamp NULL DEFAULT NULL,
  PRIMARY KEY (`id`),
  KEY `menu_nodes_menu_id_index` (`menu_id`),
  KEY `menu_nodes_parent_id_index` (`parent_id`),
  KEY `reference_id` (`reference_id`),
  KEY `reference_type` (`reference_type`)
) ENGINE=InnoDB AUTO_INCREMENT=36 DEFAULT CHARSET=utf8mb4 COLLATE=utf8mb4_unicode_ci;

--
-- Dumping data for table `menu_nodes`
--

INSERT INTO `menu_nodes` VALUES (1,1,0,NULL,NULL,'/',NULL,0,'Home',NULL,'_self',1,'2024-01-08 00:28:51','2024-01-08 00:28:51'),(2,1,1,1,'Botble\\Page\\Models\\Page','/homepage',NULL,0,'Home 1',NULL,'_self',0,'2024-01-08 00:28:51','2024-01-08 00:28:52'),(3,1,1,2,'Botble\\Page\\Models\\Page','/homepage-2',NULL,0,'Home 2',NULL,'_self',0,'2024-01-08 00:28:51','2024-01-08 00:28:52'),(4,1,1,3,'Botble\\Page\\Models\\Page','/homepage-3',NULL,0,'Home 3',NULL,'_self',0,'2024-01-08 00:28:51','2024-01-08 00:28:52'),(5,1,1,4,'Botble\\Page\\Models\\Page','/homepage-4',NULL,0,'Home 4',NULL,'_self',0,'2024-01-08 00:28:51','2024-01-08 00:28:52'),(6,1,0,NULL,NULL,'/products',NULL,0,'Shop',NULL,'_self',1,'2024-01-08 00:28:51','2024-01-08 00:28:51'),(7,1,6,NULL,NULL,'/products',NULL,0,'Shop Grid - Full Width',NULL,'_self',0,'2024-01-08 00:28:51','2024-01-08 00:28:51'),(8,1,6,NULL,NULL,'/products?layout=product-right-sidebar',NULL,0,'Shop Grid - Right Sidebar',NULL,'_self',0,'2024-01-08 00:28:51','2024-01-08 00:28:51'),(9,1,6,NULL,NULL,'/products?layout=product-left-sidebar',NULL,0,'Shop Grid - Left Sidebar',NULL,'_self',0,'2024-01-08 00:28:51','2024-01-08 00:28:51'),(10,1,6,1,'Botble\\Ecommerce\\Models\\ProductCategory','/product-categories/hot-promotions',NULL,0,'Products Of Category',NULL,'_self',0,'2024-01-08 00:28:51','2024-01-08 00:28:52'),(11,1,0,NULL,NULL,'#',NULL,0,'Product',NULL,'_self',1,'2024-01-08 00:28:51','2024-01-08 00:28:51'),(12,1,11,NULL,NULL,'/products/smart-home-speaker-digital',NULL,0,'Product Right Sidebar',NULL,'_self',0,'2024-01-08 00:28:51','2024-01-08 00:28:51'),(13,1,11,NULL,NULL,'/products/headphone-ultra-bass',NULL,0,'Product Left Sidebar',NULL,'_self',0,'2024-01-08 00:28:51','2024-01-08 00:28:51'),(14,1,11,NULL,NULL,'/products/boxed-bluetooth-headphone',NULL,0,'Product Full Width',NULL,'_self',0,'2024-01-08 00:28:51','2024-01-08 00:28:51'),(15,1,0,5,'Botble\\Page\\Models\\Page','/blog',NULL,0,'Blog',NULL,'_self',1,'2024-01-08 00:28:51','2024-01-08 00:28:52'),(16,1,15,5,'Botble\\Page\\Models\\Page','/blog',NULL,0,'Blog Right Sidebar',NULL,'_self',0,'2024-01-08 00:28:51','2024-01-08 00:28:52'),(17,1,15,13,'Botble\\Page\\Models\\Page','/blog-left-sidebar',NULL,0,'Blog Left Sidebar',NULL,'_self',0,'2024-01-08 00:28:51','2024-01-08 00:28:52'),(18,1,15,NULL,NULL,'/blog/4-expert-tips-on-how-to-choose-the-right-mens-wallet',NULL,0,'Single Post Right Sidebar',NULL,'_self',0,'2024-01-08 00:28:51','2024-01-08 00:28:51'),(19,1,15,NULL,NULL,'/blog/sexy-clutches-how-to-buy-wear-a-designer-clutch-bag',NULL,0,'Single Post Left Sidebar',NULL,'_self',0,'2024-01-08 00:28:51','2024-01-08 00:28:51'),(20,1,15,NULL,NULL,'/blog/the-top-2020-handbag-trends-to-know',NULL,0,'Single Post Full Width',NULL,'_self',0,'2024-01-08 00:28:52','2024-01-08 00:28:52'),(21,1,15,NULL,NULL,'/blog/how-to-match-the-color-of-your-handbag-with-an-outfit',NULL,0,'Single Post with Product Listing',NULL,'_self',0,'2024-01-08 00:28:52','2024-01-08 00:28:52'),(22,1,0,14,'Botble\\Page\\Models\\Page','/faq',NULL,0,'FAQ',NULL,'_self',0,'2024-01-08 00:28:52','2024-01-08 00:28:52'),(23,1,0,6,'Botble\\Page\\Models\\Page','/contact',NULL,0,'Contact',NULL,'_self',0,'2024-01-08 00:28:52','2024-01-08 00:28:52'),(24,2,0,1,'Botble\\Ecommerce\\Models\\ProductCategory','/product-categories/hot-promotions',NULL,0,'Men',NULL,'_self',0,'2024-01-08 00:28:52','2024-01-08 00:28:52'),(25,2,0,2,'Botble\\Ecommerce\\Models\\ProductCategory','/product-categories/electronics',NULL,0,'Women',NULL,'_self',0,'2024-01-08 00:28:52','2024-01-08 00:28:52'),(26,2,0,3,'Botble\\Ecommerce\\Models\\ProductCategory','/product-categories/home-audio-theaters',NULL,0,'Accessories',NULL,'_self',0,'2024-01-08 00:28:52','2024-01-08 00:28:52'),(27,2,0,4,'Botble\\Ecommerce\\Models\\ProductCategory','/product-categories/tv-videos',NULL,0,'Shoes',NULL,'_self',0,'2024-01-08 00:28:52','2024-01-08 00:28:52'),(28,2,0,5,'Botble\\Ecommerce\\Models\\ProductCategory','/product-categories/camera-photos-videos',NULL,0,'Denim',NULL,'_self',0,'2024-01-08 00:28:52','2024-01-08 00:28:52'),(29,2,0,6,'Botble\\Ecommerce\\Models\\ProductCategory','/product-categories/cellphones-accessories',NULL,0,'Dress',NULL,'_self',0,'2024-01-08 00:28:52','2024-01-08 00:28:52'),(30,3,0,6,'Botble\\Page\\Models\\Page','/contact',NULL,0,'Contact Us',NULL,'_self',0,'2024-01-08 00:28:52','2024-01-08 00:28:52'),(31,3,0,8,'Botble\\Page\\Models\\Page','/cookie-policy',NULL,0,'About Us',NULL,'_self',0,'2024-01-08 00:28:52','2024-01-08 00:28:52'),(32,3,0,9,'Botble\\Page\\Models\\Page','/terms-conditions',NULL,0,'Terms & Conditions',NULL,'_self',0,'2024-01-08 00:28:52','2024-01-08 00:28:52'),(33,3,0,10,'Botble\\Page\\Models\\Page','/returns-exchanges',NULL,0,'Returns & Exchanges',NULL,'_self',0,'2024-01-08 00:28:52','2024-01-08 00:28:52'),(34,3,0,11,'Botble\\Page\\Models\\Page','/shipping-delivery',NULL,0,'Shipping & Delivery',NULL,'_self',0,'2024-01-08 00:28:52','2024-01-08 00:28:52'),(35,3,0,12,'Botble\\Page\\Models\\Page','/privacy-policy',NULL,0,'Privacy Policy',NULL,'_self',0,'2024-01-08 00:28:52','2024-01-08 00:28:52');

--
-- Table structure for table `menus`
--

CREATE TABLE `menus` (
  `id` bigint unsigned NOT NULL AUTO_INCREMENT,
  `name` varchar(120) COLLATE utf8mb4_unicode_ci NOT NULL,
  `slug` varchar(120) COLLATE utf8mb4_unicode_ci DEFAULT NULL,
  `status` varchar(60) COLLATE utf8mb4_unicode_ci NOT NULL DEFAULT 'published',
  `created_at` timestamp NULL DEFAULT NULL,
  `updated_at` timestamp NULL DEFAULT NULL,
  PRIMARY KEY (`id`),
  UNIQUE KEY `menus_slug_unique` (`slug`)
) ENGINE=InnoDB AUTO_INCREMENT=4 DEFAULT CHARSET=utf8mb4 COLLATE=utf8mb4_unicode_ci;

--
-- Dumping data for table `menus`
--

INSERT INTO `menus` VALUES (1,'Main menu','main-menu','published','2024-01-08 00:28:51','2024-01-08 00:28:51'),(2,'Product categories','product-categories','published','2024-01-08 00:28:52','2024-01-08 00:28:52'),(3,'Information','information','published','2024-01-08 00:28:52','2024-01-08 00:28:52');

--
-- Table structure for table `meta_boxes`
--

CREATE TABLE `meta_boxes` (
  `id` bigint unsigned NOT NULL AUTO_INCREMENT,
  `meta_key` varchar(255) COLLATE utf8mb4_unicode_ci NOT NULL,
  `meta_value` text COLLATE utf8mb4_unicode_ci,
  `reference_id` bigint unsigned NOT NULL,
  `reference_type` varchar(120) COLLATE utf8mb4_unicode_ci NOT NULL,
  `created_at` timestamp NULL DEFAULT NULL,
  `updated_at` timestamp NULL DEFAULT NULL,
  PRIMARY KEY (`id`),
  KEY `meta_boxes_reference_id_index` (`reference_id`)
) ENGINE=InnoDB AUTO_INCREMENT=81 DEFAULT CHARSET=utf8mb4 COLLATE=utf8mb4_unicode_ci;

--
-- Dumping data for table `meta_boxes`
--

INSERT INTO `meta_boxes` VALUES (1,'layout','[\"product-right-sidebar\"]',1,'Botble\\Ecommerce\\Models\\Product','2024-01-08 00:28:39','2024-01-08 00:28:39'),(2,'faq_schema_config','[[[{\"key\":\"question\",\"value\":\"What Shipping Methods Are Available?\"},{\"key\":\"answer\",\"value\":\"Ex Portland Pitchfork irure mustache. Eutra fap before they sold out literally. Aliquip ugh bicycle rights actually mlkshk, seitan squid craft beer tempor.\"}],[{\"key\":\"question\",\"value\":\"Do You Ship Internationally?\"},{\"key\":\"answer\",\"value\":\"Hoodie tote bag mixtape tofu. Typewriter jean shorts wolf quinoa, messenger bag organic freegan cray.\"}],[{\"key\":\"question\",\"value\":\"How Long Will It Take To Get My Package?\"},{\"key\":\"answer\",\"value\":\"Swag slow-carb quinoa VHS typewriter pork belly brunch, paleo single-origin coffee Wes Anderson. Flexitarian Pitchfork forage, literally paleo fap pour-over. Wes Anderson Pinterest YOLO fanny pack meggings, deep v XOXO chambray sustainable slow-carb raw denim church-key fap chillwave Etsy. +1 typewriter kitsch, American Apparel tofu Banksy Vice.\"}],[{\"key\":\"question\",\"value\":\"What Payment Methods Are Accepted?\"},{\"key\":\"answer\",\"value\":\"Fashion axe DIY jean shorts, swag kale chips meh polaroid kogi butcher Wes Anderson chambray next level semiotics gentrify yr. Voluptate photo booth fugiat Vice. Austin sed Williamsburg, ea labore raw denim voluptate cred proident mixtape excepteur mustache. Twee chia photo booth readymade food truck, hoodie roof party swag keytar PBR DIY.\"}],[{\"key\":\"question\",\"value\":\"Is Buying On-Line Safe?\"},{\"key\":\"answer\",\"value\":\"Art party authentic freegan semiotics jean shorts chia cred. Neutra Austin roof party Brooklyn, synth Thundercats swag 8-bit photo booth. Plaid letterpress leggings craft beer meh ethical Pinterest.\"}]]]',1,'Botble\\Ecommerce\\Models\\Product','2024-01-08 00:28:39','2024-01-08 00:28:39'),(3,'layout','[\"product-left-sidebar\"]',2,'Botble\\Ecommerce\\Models\\Product','2024-01-08 00:28:39','2024-01-08 00:28:39'),(4,'faq_schema_config','[[[{\"key\":\"question\",\"value\":\"What Shipping Methods Are Available?\"},{\"key\":\"answer\",\"value\":\"Ex Portland Pitchfork irure mustache. Eutra fap before they sold out literally. Aliquip ugh bicycle rights actually mlkshk, seitan squid craft beer tempor.\"}],[{\"key\":\"question\",\"value\":\"Do You Ship Internationally?\"},{\"key\":\"answer\",\"value\":\"Hoodie tote bag mixtape tofu. Typewriter jean shorts wolf quinoa, messenger bag organic freegan cray.\"}],[{\"key\":\"question\",\"value\":\"How Long Will It Take To Get My Package?\"},{\"key\":\"answer\",\"value\":\"Swag slow-carb quinoa VHS typewriter pork belly brunch, paleo single-origin coffee Wes Anderson. Flexitarian Pitchfork forage, literally paleo fap pour-over. Wes Anderson Pinterest YOLO fanny pack meggings, deep v XOXO chambray sustainable slow-carb raw denim church-key fap chillwave Etsy. +1 typewriter kitsch, American Apparel tofu Banksy Vice.\"}],[{\"key\":\"question\",\"value\":\"What Payment Methods Are Accepted?\"},{\"key\":\"answer\",\"value\":\"Fashion axe DIY jean shorts, swag kale chips meh polaroid kogi butcher Wes Anderson chambray next level semiotics gentrify yr. Voluptate photo booth fugiat Vice. Austin sed Williamsburg, ea labore raw denim voluptate cred proident mixtape excepteur mustache. Twee chia photo booth readymade food truck, hoodie roof party swag keytar PBR DIY.\"}],[{\"key\":\"question\",\"value\":\"Is Buying On-Line Safe?\"},{\"key\":\"answer\",\"value\":\"Art party authentic freegan semiotics jean shorts chia cred. Neutra Austin roof party Brooklyn, synth Thundercats swag 8-bit photo booth. Plaid letterpress leggings craft beer meh ethical Pinterest.\"}]]]',2,'Botble\\Ecommerce\\Models\\Product','2024-01-08 00:28:39','2024-01-08 00:28:39'),(5,'layout','[\"product-full-width\"]',3,'Botble\\Ecommerce\\Models\\Product','2024-01-08 00:28:39','2024-01-08 00:28:39'),(6,'faq_schema_config','[[[{\"key\":\"question\",\"value\":\"What Shipping Methods Are Available?\"},{\"key\":\"answer\",\"value\":\"Ex Portland Pitchfork irure mustache. Eutra fap before they sold out literally. Aliquip ugh bicycle rights actually mlkshk, seitan squid craft beer tempor.\"}],[{\"key\":\"question\",\"value\":\"Do You Ship Internationally?\"},{\"key\":\"answer\",\"value\":\"Hoodie tote bag mixtape tofu. Typewriter jean shorts wolf quinoa, messenger bag organic freegan cray.\"}],[{\"key\":\"question\",\"value\":\"How Long Will It Take To Get My Package?\"},{\"key\":\"answer\",\"value\":\"Swag slow-carb quinoa VHS typewriter pork belly brunch, paleo single-origin coffee Wes Anderson. Flexitarian Pitchfork forage, literally paleo fap pour-over. Wes Anderson Pinterest YOLO fanny pack meggings, deep v XOXO chambray sustainable slow-carb raw denim church-key fap chillwave Etsy. +1 typewriter kitsch, American Apparel tofu Banksy Vice.\"}],[{\"key\":\"question\",\"value\":\"What Payment Methods Are Accepted?\"},{\"key\":\"answer\",\"value\":\"Fashion axe DIY jean shorts, swag kale chips meh polaroid kogi butcher Wes Anderson chambray next level semiotics gentrify yr. Voluptate photo booth fugiat Vice. Austin sed Williamsburg, ea labore raw denim voluptate cred proident mixtape excepteur mustache. Twee chia photo booth readymade food truck, hoodie roof party swag keytar PBR DIY.\"}],[{\"key\":\"question\",\"value\":\"Is Buying On-Line Safe?\"},{\"key\":\"answer\",\"value\":\"Art party authentic freegan semiotics jean shorts chia cred. Neutra Austin roof party Brooklyn, synth Thundercats swag 8-bit photo booth. Plaid letterpress leggings craft beer meh ethical Pinterest.\"}]]]',3,'Botble\\Ecommerce\\Models\\Product','2024-01-08 00:28:39','2024-01-08 00:28:39'),(7,'faq_schema_config','[[[{\"key\":\"question\",\"value\":\"What Shipping Methods Are Available?\"},{\"key\":\"answer\",\"value\":\"Ex Portland Pitchfork irure mustache. Eutra fap before they sold out literally. Aliquip ugh bicycle rights actually mlkshk, seitan squid craft beer tempor.\"}],[{\"key\":\"question\",\"value\":\"Do You Ship Internationally?\"},{\"key\":\"answer\",\"value\":\"Hoodie tote bag mixtape tofu. Typewriter jean shorts wolf quinoa, messenger bag organic freegan cray.\"}],[{\"key\":\"question\",\"value\":\"How Long Will It Take To Get My Package?\"},{\"key\":\"answer\",\"value\":\"Swag slow-carb quinoa VHS typewriter pork belly brunch, paleo single-origin coffee Wes Anderson. Flexitarian Pitchfork forage, literally paleo fap pour-over. Wes Anderson Pinterest YOLO fanny pack meggings, deep v XOXO chambray sustainable slow-carb raw denim church-key fap chillwave Etsy. +1 typewriter kitsch, American Apparel tofu Banksy Vice.\"}],[{\"key\":\"question\",\"value\":\"What Payment Methods Are Accepted?\"},{\"key\":\"answer\",\"value\":\"Fashion axe DIY jean shorts, swag kale chips meh polaroid kogi butcher Wes Anderson chambray next level semiotics gentrify yr. Voluptate photo booth fugiat Vice. Austin sed Williamsburg, ea labore raw denim voluptate cred proident mixtape excepteur mustache. Twee chia photo booth readymade food truck, hoodie roof party swag keytar PBR DIY.\"}],[{\"key\":\"question\",\"value\":\"Is Buying On-Line Safe?\"},{\"key\":\"answer\",\"value\":\"Art party authentic freegan semiotics jean shorts chia cred. Neutra Austin roof party Brooklyn, synth Thundercats swag 8-bit photo booth. Plaid letterpress leggings craft beer meh ethical Pinterest.\"}]]]',4,'Botble\\Ecommerce\\Models\\Product','2024-01-08 00:28:39','2024-01-08 00:28:39'),(8,'faq_schema_config','[[[{\"key\":\"question\",\"value\":\"What Shipping Methods Are Available?\"},{\"key\":\"answer\",\"value\":\"Ex Portland Pitchfork irure mustache. Eutra fap before they sold out literally. Aliquip ugh bicycle rights actually mlkshk, seitan squid craft beer tempor.\"}],[{\"key\":\"question\",\"value\":\"Do You Ship Internationally?\"},{\"key\":\"answer\",\"value\":\"Hoodie tote bag mixtape tofu. Typewriter jean shorts wolf quinoa, messenger bag organic freegan cray.\"}],[{\"key\":\"question\",\"value\":\"How Long Will It Take To Get My Package?\"},{\"key\":\"answer\",\"value\":\"Swag slow-carb quinoa VHS typewriter pork belly brunch, paleo single-origin coffee Wes Anderson. Flexitarian Pitchfork forage, literally paleo fap pour-over. Wes Anderson Pinterest YOLO fanny pack meggings, deep v XOXO chambray sustainable slow-carb raw denim church-key fap chillwave Etsy. +1 typewriter kitsch, American Apparel tofu Banksy Vice.\"}],[{\"key\":\"question\",\"value\":\"What Payment Methods Are Accepted?\"},{\"key\":\"answer\",\"value\":\"Fashion axe DIY jean shorts, swag kale chips meh polaroid kogi butcher Wes Anderson chambray next level semiotics gentrify yr. Voluptate photo booth fugiat Vice. Austin sed Williamsburg, ea labore raw denim voluptate cred proident mixtape excepteur mustache. Twee chia photo booth readymade food truck, hoodie roof party swag keytar PBR DIY.\"}],[{\"key\":\"question\",\"value\":\"Is Buying On-Line Safe?\"},{\"key\":\"answer\",\"value\":\"Art party authentic freegan semiotics jean shorts chia cred. Neutra Austin roof party Brooklyn, synth Thundercats swag 8-bit photo booth. Plaid letterpress leggings craft beer meh ethical Pinterest.\"}]]]',5,'Botble\\Ecommerce\\Models\\Product','2024-01-08 00:28:39','2024-01-08 00:28:39'),(9,'faq_schema_config','[[[{\"key\":\"question\",\"value\":\"What Shipping Methods Are Available?\"},{\"key\":\"answer\",\"value\":\"Ex Portland Pitchfork irure mustache. Eutra fap before they sold out literally. Aliquip ugh bicycle rights actually mlkshk, seitan squid craft beer tempor.\"}],[{\"key\":\"question\",\"value\":\"Do You Ship Internationally?\"},{\"key\":\"answer\",\"value\":\"Hoodie tote bag mixtape tofu. Typewriter jean shorts wolf quinoa, messenger bag organic freegan cray.\"}],[{\"key\":\"question\",\"value\":\"How Long Will It Take To Get My Package?\"},{\"key\":\"answer\",\"value\":\"Swag slow-carb quinoa VHS typewriter pork belly brunch, paleo single-origin coffee Wes Anderson. Flexitarian Pitchfork forage, literally paleo fap pour-over. Wes Anderson Pinterest YOLO fanny pack meggings, deep v XOXO chambray sustainable slow-carb raw denim church-key fap chillwave Etsy. +1 typewriter kitsch, American Apparel tofu Banksy Vice.\"}],[{\"key\":\"question\",\"value\":\"What Payment Methods Are Accepted?\"},{\"key\":\"answer\",\"value\":\"Fashion axe DIY jean shorts, swag kale chips meh polaroid kogi butcher Wes Anderson chambray next level semiotics gentrify yr. Voluptate photo booth fugiat Vice. Austin sed Williamsburg, ea labore raw denim voluptate cred proident mixtape excepteur mustache. Twee chia photo booth readymade food truck, hoodie roof party swag keytar PBR DIY.\"}],[{\"key\":\"question\",\"value\":\"Is Buying On-Line Safe?\"},{\"key\":\"answer\",\"value\":\"Art party authentic freegan semiotics jean shorts chia cred. Neutra Austin roof party Brooklyn, synth Thundercats swag 8-bit photo booth. Plaid letterpress leggings craft beer meh ethical Pinterest.\"}]]]',6,'Botble\\Ecommerce\\Models\\Product','2024-01-08 00:28:39','2024-01-08 00:28:39'),(10,'faq_schema_config','[[[{\"key\":\"question\",\"value\":\"What Shipping Methods Are Available?\"},{\"key\":\"answer\",\"value\":\"Ex Portland Pitchfork irure mustache. Eutra fap before they sold out literally. Aliquip ugh bicycle rights actually mlkshk, seitan squid craft beer tempor.\"}],[{\"key\":\"question\",\"value\":\"Do You Ship Internationally?\"},{\"key\":\"answer\",\"value\":\"Hoodie tote bag mixtape tofu. Typewriter jean shorts wolf quinoa, messenger bag organic freegan cray.\"}],[{\"key\":\"question\",\"value\":\"How Long Will It Take To Get My Package?\"},{\"key\":\"answer\",\"value\":\"Swag slow-carb quinoa VHS typewriter pork belly brunch, paleo single-origin coffee Wes Anderson. Flexitarian Pitchfork forage, literally paleo fap pour-over. Wes Anderson Pinterest YOLO fanny pack meggings, deep v XOXO chambray sustainable slow-carb raw denim church-key fap chillwave Etsy. +1 typewriter kitsch, American Apparel tofu Banksy Vice.\"}],[{\"key\":\"question\",\"value\":\"What Payment Methods Are Accepted?\"},{\"key\":\"answer\",\"value\":\"Fashion axe DIY jean shorts, swag kale chips meh polaroid kogi butcher Wes Anderson chambray next level semiotics gentrify yr. Voluptate photo booth fugiat Vice. Austin sed Williamsburg, ea labore raw denim voluptate cred proident mixtape excepteur mustache. Twee chia photo booth readymade food truck, hoodie roof party swag keytar PBR DIY.\"}],[{\"key\":\"question\",\"value\":\"Is Buying On-Line Safe?\"},{\"key\":\"answer\",\"value\":\"Art party authentic freegan semiotics jean shorts chia cred. Neutra Austin roof party Brooklyn, synth Thundercats swag 8-bit photo booth. Plaid letterpress leggings craft beer meh ethical Pinterest.\"}]]]',7,'Botble\\Ecommerce\\Models\\Product','2024-01-08 00:28:39','2024-01-08 00:28:39'),(11,'faq_schema_config','[[[{\"key\":\"question\",\"value\":\"What Shipping Methods Are Available?\"},{\"key\":\"answer\",\"value\":\"Ex Portland Pitchfork irure mustache. Eutra fap before they sold out literally. Aliquip ugh bicycle rights actually mlkshk, seitan squid craft beer tempor.\"}],[{\"key\":\"question\",\"value\":\"Do You Ship Internationally?\"},{\"key\":\"answer\",\"value\":\"Hoodie tote bag mixtape tofu. Typewriter jean shorts wolf quinoa, messenger bag organic freegan cray.\"}],[{\"key\":\"question\",\"value\":\"How Long Will It Take To Get My Package?\"},{\"key\":\"answer\",\"value\":\"Swag slow-carb quinoa VHS typewriter pork belly brunch, paleo single-origin coffee Wes Anderson. Flexitarian Pitchfork forage, literally paleo fap pour-over. Wes Anderson Pinterest YOLO fanny pack meggings, deep v XOXO chambray sustainable slow-carb raw denim church-key fap chillwave Etsy. +1 typewriter kitsch, American Apparel tofu Banksy Vice.\"}],[{\"key\":\"question\",\"value\":\"What Payment Methods Are Accepted?\"},{\"key\":\"answer\",\"value\":\"Fashion axe DIY jean shorts, swag kale chips meh polaroid kogi butcher Wes Anderson chambray next level semiotics gentrify yr. Voluptate photo booth fugiat Vice. Austin sed Williamsburg, ea labore raw denim voluptate cred proident mixtape excepteur mustache. Twee chia photo booth readymade food truck, hoodie roof party swag keytar PBR DIY.\"}],[{\"key\":\"question\",\"value\":\"Is Buying On-Line Safe?\"},{\"key\":\"answer\",\"value\":\"Art party authentic freegan semiotics jean shorts chia cred. Neutra Austin roof party Brooklyn, synth Thundercats swag 8-bit photo booth. Plaid letterpress leggings craft beer meh ethical Pinterest.\"}]]]',8,'Botble\\Ecommerce\\Models\\Product','2024-01-08 00:28:39','2024-01-08 00:28:39'),(12,'faq_schema_config','[[[{\"key\":\"question\",\"value\":\"What Shipping Methods Are Available?\"},{\"key\":\"answer\",\"value\":\"Ex Portland Pitchfork irure mustache. Eutra fap before they sold out literally. Aliquip ugh bicycle rights actually mlkshk, seitan squid craft beer tempor.\"}],[{\"key\":\"question\",\"value\":\"Do You Ship Internationally?\"},{\"key\":\"answer\",\"value\":\"Hoodie tote bag mixtape tofu. Typewriter jean shorts wolf quinoa, messenger bag organic freegan cray.\"}],[{\"key\":\"question\",\"value\":\"How Long Will It Take To Get My Package?\"},{\"key\":\"answer\",\"value\":\"Swag slow-carb quinoa VHS typewriter pork belly brunch, paleo single-origin coffee Wes Anderson. Flexitarian Pitchfork forage, literally paleo fap pour-over. Wes Anderson Pinterest YOLO fanny pack meggings, deep v XOXO chambray sustainable slow-carb raw denim church-key fap chillwave Etsy. +1 typewriter kitsch, American Apparel tofu Banksy Vice.\"}],[{\"key\":\"question\",\"value\":\"What Payment Methods Are Accepted?\"},{\"key\":\"answer\",\"value\":\"Fashion axe DIY jean shorts, swag kale chips meh polaroid kogi butcher Wes Anderson chambray next level semiotics gentrify yr. Voluptate photo booth fugiat Vice. Austin sed Williamsburg, ea labore raw denim voluptate cred proident mixtape excepteur mustache. Twee chia photo booth readymade food truck, hoodie roof party swag keytar PBR DIY.\"}],[{\"key\":\"question\",\"value\":\"Is Buying On-Line Safe?\"},{\"key\":\"answer\",\"value\":\"Art party authentic freegan semiotics jean shorts chia cred. Neutra Austin roof party Brooklyn, synth Thundercats swag 8-bit photo booth. Plaid letterpress leggings craft beer meh ethical Pinterest.\"}]]]',9,'Botble\\Ecommerce\\Models\\Product','2024-01-08 00:28:39','2024-01-08 00:28:39'),(13,'faq_schema_config','[[[{\"key\":\"question\",\"value\":\"What Shipping Methods Are Available?\"},{\"key\":\"answer\",\"value\":\"Ex Portland Pitchfork irure mustache. Eutra fap before they sold out literally. Aliquip ugh bicycle rights actually mlkshk, seitan squid craft beer tempor.\"}],[{\"key\":\"question\",\"value\":\"Do You Ship Internationally?\"},{\"key\":\"answer\",\"value\":\"Hoodie tote bag mixtape tofu. Typewriter jean shorts wolf quinoa, messenger bag organic freegan cray.\"}],[{\"key\":\"question\",\"value\":\"How Long Will It Take To Get My Package?\"},{\"key\":\"answer\",\"value\":\"Swag slow-carb quinoa VHS typewriter pork belly brunch, paleo single-origin coffee Wes Anderson. Flexitarian Pitchfork forage, literally paleo fap pour-over. Wes Anderson Pinterest YOLO fanny pack meggings, deep v XOXO chambray sustainable slow-carb raw denim church-key fap chillwave Etsy. +1 typewriter kitsch, American Apparel tofu Banksy Vice.\"}],[{\"key\":\"question\",\"value\":\"What Payment Methods Are Accepted?\"},{\"key\":\"answer\",\"value\":\"Fashion axe DIY jean shorts, swag kale chips meh polaroid kogi butcher Wes Anderson chambray next level semiotics gentrify yr. Voluptate photo booth fugiat Vice. Austin sed Williamsburg, ea labore raw denim voluptate cred proident mixtape excepteur mustache. Twee chia photo booth readymade food truck, hoodie roof party swag keytar PBR DIY.\"}],[{\"key\":\"question\",\"value\":\"Is Buying On-Line Safe?\"},{\"key\":\"answer\",\"value\":\"Art party authentic freegan semiotics jean shorts chia cred. Neutra Austin roof party Brooklyn, synth Thundercats swag 8-bit photo booth. Plaid letterpress leggings craft beer meh ethical Pinterest.\"}]]]',10,'Botble\\Ecommerce\\Models\\Product','2024-01-08 00:28:39','2024-01-08 00:28:39'),(14,'faq_schema_config','[[[{\"key\":\"question\",\"value\":\"What Shipping Methods Are Available?\"},{\"key\":\"answer\",\"value\":\"Ex Portland Pitchfork irure mustache. Eutra fap before they sold out literally. Aliquip ugh bicycle rights actually mlkshk, seitan squid craft beer tempor.\"}],[{\"key\":\"question\",\"value\":\"Do You Ship Internationally?\"},{\"key\":\"answer\",\"value\":\"Hoodie tote bag mixtape tofu. Typewriter jean shorts wolf quinoa, messenger bag organic freegan cray.\"}],[{\"key\":\"question\",\"value\":\"How Long Will It Take To Get My Package?\"},{\"key\":\"answer\",\"value\":\"Swag slow-carb quinoa VHS typewriter pork belly brunch, paleo single-origin coffee Wes Anderson. Flexitarian Pitchfork forage, literally paleo fap pour-over. Wes Anderson Pinterest YOLO fanny pack meggings, deep v XOXO chambray sustainable slow-carb raw denim church-key fap chillwave Etsy. +1 typewriter kitsch, American Apparel tofu Banksy Vice.\"}],[{\"key\":\"question\",\"value\":\"What Payment Methods Are Accepted?\"},{\"key\":\"answer\",\"value\":\"Fashion axe DIY jean shorts, swag kale chips meh polaroid kogi butcher Wes Anderson chambray next level semiotics gentrify yr. Voluptate photo booth fugiat Vice. Austin sed Williamsburg, ea labore raw denim voluptate cred proident mixtape excepteur mustache. Twee chia photo booth readymade food truck, hoodie roof party swag keytar PBR DIY.\"}],[{\"key\":\"question\",\"value\":\"Is Buying On-Line Safe?\"},{\"key\":\"answer\",\"value\":\"Art party authentic freegan semiotics jean shorts chia cred. Neutra Austin roof party Brooklyn, synth Thundercats swag 8-bit photo booth. Plaid letterpress leggings craft beer meh ethical Pinterest.\"}]]]',11,'Botble\\Ecommerce\\Models\\Product','2024-01-08 00:28:39','2024-01-08 00:28:39'),(15,'faq_schema_config','[[[{\"key\":\"question\",\"value\":\"What Shipping Methods Are Available?\"},{\"key\":\"answer\",\"value\":\"Ex Portland Pitchfork irure mustache. Eutra fap before they sold out literally. Aliquip ugh bicycle rights actually mlkshk, seitan squid craft beer tempor.\"}],[{\"key\":\"question\",\"value\":\"Do You Ship Internationally?\"},{\"key\":\"answer\",\"value\":\"Hoodie tote bag mixtape tofu. Typewriter jean shorts wolf quinoa, messenger bag organic freegan cray.\"}],[{\"key\":\"question\",\"value\":\"How Long Will It Take To Get My Package?\"},{\"key\":\"answer\",\"value\":\"Swag slow-carb quinoa VHS typewriter pork belly brunch, paleo single-origin coffee Wes Anderson. Flexitarian Pitchfork forage, literally paleo fap pour-over. Wes Anderson Pinterest YOLO fanny pack meggings, deep v XOXO chambray sustainable slow-carb raw denim church-key fap chillwave Etsy. +1 typewriter kitsch, American Apparel tofu Banksy Vice.\"}],[{\"key\":\"question\",\"value\":\"What Payment Methods Are Accepted?\"},{\"key\":\"answer\",\"value\":\"Fashion axe DIY jean shorts, swag kale chips meh polaroid kogi butcher Wes Anderson chambray next level semiotics gentrify yr. Voluptate photo booth fugiat Vice. Austin sed Williamsburg, ea labore raw denim voluptate cred proident mixtape excepteur mustache. Twee chia photo booth readymade food truck, hoodie roof party swag keytar PBR DIY.\"}],[{\"key\":\"question\",\"value\":\"Is Buying On-Line Safe?\"},{\"key\":\"answer\",\"value\":\"Art party authentic freegan semiotics jean shorts chia cred. Neutra Austin roof party Brooklyn, synth Thundercats swag 8-bit photo booth. Plaid letterpress leggings craft beer meh ethical Pinterest.\"}]]]',12,'Botble\\Ecommerce\\Models\\Product','2024-01-08 00:28:39','2024-01-08 00:28:39'),(16,'faq_schema_config','[[[{\"key\":\"question\",\"value\":\"What Shipping Methods Are Available?\"},{\"key\":\"answer\",\"value\":\"Ex Portland Pitchfork irure mustache. Eutra fap before they sold out literally. Aliquip ugh bicycle rights actually mlkshk, seitan squid craft beer tempor.\"}],[{\"key\":\"question\",\"value\":\"Do You Ship Internationally?\"},{\"key\":\"answer\",\"value\":\"Hoodie tote bag mixtape tofu. Typewriter jean shorts wolf quinoa, messenger bag organic freegan cray.\"}],[{\"key\":\"question\",\"value\":\"How Long Will It Take To Get My Package?\"},{\"key\":\"answer\",\"value\":\"Swag slow-carb quinoa VHS typewriter pork belly brunch, paleo single-origin coffee Wes Anderson. Flexitarian Pitchfork forage, literally paleo fap pour-over. Wes Anderson Pinterest YOLO fanny pack meggings, deep v XOXO chambray sustainable slow-carb raw denim church-key fap chillwave Etsy. +1 typewriter kitsch, American Apparel tofu Banksy Vice.\"}],[{\"key\":\"question\",\"value\":\"What Payment Methods Are Accepted?\"},{\"key\":\"answer\",\"value\":\"Fashion axe DIY jean shorts, swag kale chips meh polaroid kogi butcher Wes Anderson chambray next level semiotics gentrify yr. Voluptate photo booth fugiat Vice. Austin sed Williamsburg, ea labore raw denim voluptate cred proident mixtape excepteur mustache. Twee chia photo booth readymade food truck, hoodie roof party swag keytar PBR DIY.\"}],[{\"key\":\"question\",\"value\":\"Is Buying On-Line Safe?\"},{\"key\":\"answer\",\"value\":\"Art party authentic freegan semiotics jean shorts chia cred. Neutra Austin roof party Brooklyn, synth Thundercats swag 8-bit photo booth. Plaid letterpress leggings craft beer meh ethical Pinterest.\"}]]]',13,'Botble\\Ecommerce\\Models\\Product','2024-01-08 00:28:39','2024-01-08 00:28:39'),(17,'faq_schema_config','[[[{\"key\":\"question\",\"value\":\"What Shipping Methods Are Available?\"},{\"key\":\"answer\",\"value\":\"Ex Portland Pitchfork irure mustache. Eutra fap before they sold out literally. Aliquip ugh bicycle rights actually mlkshk, seitan squid craft beer tempor.\"}],[{\"key\":\"question\",\"value\":\"Do You Ship Internationally?\"},{\"key\":\"answer\",\"value\":\"Hoodie tote bag mixtape tofu. Typewriter jean shorts wolf quinoa, messenger bag organic freegan cray.\"}],[{\"key\":\"question\",\"value\":\"How Long Will It Take To Get My Package?\"},{\"key\":\"answer\",\"value\":\"Swag slow-carb quinoa VHS typewriter pork belly brunch, paleo single-origin coffee Wes Anderson. Flexitarian Pitchfork forage, literally paleo fap pour-over. Wes Anderson Pinterest YOLO fanny pack meggings, deep v XOXO chambray sustainable slow-carb raw denim church-key fap chillwave Etsy. +1 typewriter kitsch, American Apparel tofu Banksy Vice.\"}],[{\"key\":\"question\",\"value\":\"What Payment Methods Are Accepted?\"},{\"key\":\"answer\",\"value\":\"Fashion axe DIY jean shorts, swag kale chips meh polaroid kogi butcher Wes Anderson chambray next level semiotics gentrify yr. Voluptate photo booth fugiat Vice. Austin sed Williamsburg, ea labore raw denim voluptate cred proident mixtape excepteur mustache. Twee chia photo booth readymade food truck, hoodie roof party swag keytar PBR DIY.\"}],[{\"key\":\"question\",\"value\":\"Is Buying On-Line Safe?\"},{\"key\":\"answer\",\"value\":\"Art party authentic freegan semiotics jean shorts chia cred. Neutra Austin roof party Brooklyn, synth Thundercats swag 8-bit photo booth. Plaid letterpress leggings craft beer meh ethical Pinterest.\"}]]]',14,'Botble\\Ecommerce\\Models\\Product','2024-01-08 00:28:39','2024-01-08 00:28:39'),(18,'faq_schema_config','[[[{\"key\":\"question\",\"value\":\"What Shipping Methods Are Available?\"},{\"key\":\"answer\",\"value\":\"Ex Portland Pitchfork irure mustache. Eutra fap before they sold out literally. Aliquip ugh bicycle rights actually mlkshk, seitan squid craft beer tempor.\"}],[{\"key\":\"question\",\"value\":\"Do You Ship Internationally?\"},{\"key\":\"answer\",\"value\":\"Hoodie tote bag mixtape tofu. Typewriter jean shorts wolf quinoa, messenger bag organic freegan cray.\"}],[{\"key\":\"question\",\"value\":\"How Long Will It Take To Get My Package?\"},{\"key\":\"answer\",\"value\":\"Swag slow-carb quinoa VHS typewriter pork belly brunch, paleo single-origin coffee Wes Anderson. Flexitarian Pitchfork forage, literally paleo fap pour-over. Wes Anderson Pinterest YOLO fanny pack meggings, deep v XOXO chambray sustainable slow-carb raw denim church-key fap chillwave Etsy. +1 typewriter kitsch, American Apparel tofu Banksy Vice.\"}],[{\"key\":\"question\",\"value\":\"What Payment Methods Are Accepted?\"},{\"key\":\"answer\",\"value\":\"Fashion axe DIY jean shorts, swag kale chips meh polaroid kogi butcher Wes Anderson chambray next level semiotics gentrify yr. Voluptate photo booth fugiat Vice. Austin sed Williamsburg, ea labore raw denim voluptate cred proident mixtape excepteur mustache. Twee chia photo booth readymade food truck, hoodie roof party swag keytar PBR DIY.\"}],[{\"key\":\"question\",\"value\":\"Is Buying On-Line Safe?\"},{\"key\":\"answer\",\"value\":\"Art party authentic freegan semiotics jean shorts chia cred. Neutra Austin roof party Brooklyn, synth Thundercats swag 8-bit photo booth. Plaid letterpress leggings craft beer meh ethical Pinterest.\"}]]]',15,'Botble\\Ecommerce\\Models\\Product','2024-01-08 00:28:39','2024-01-08 00:28:39'),(19,'faq_schema_config','[[[{\"key\":\"question\",\"value\":\"What Shipping Methods Are Available?\"},{\"key\":\"answer\",\"value\":\"Ex Portland Pitchfork irure mustache. Eutra fap before they sold out literally. Aliquip ugh bicycle rights actually mlkshk, seitan squid craft beer tempor.\"}],[{\"key\":\"question\",\"value\":\"Do You Ship Internationally?\"},{\"key\":\"answer\",\"value\":\"Hoodie tote bag mixtape tofu. Typewriter jean shorts wolf quinoa, messenger bag organic freegan cray.\"}],[{\"key\":\"question\",\"value\":\"How Long Will It Take To Get My Package?\"},{\"key\":\"answer\",\"value\":\"Swag slow-carb quinoa VHS typewriter pork belly brunch, paleo single-origin coffee Wes Anderson. Flexitarian Pitchfork forage, literally paleo fap pour-over. Wes Anderson Pinterest YOLO fanny pack meggings, deep v XOXO chambray sustainable slow-carb raw denim church-key fap chillwave Etsy. +1 typewriter kitsch, American Apparel tofu Banksy Vice.\"}],[{\"key\":\"question\",\"value\":\"What Payment Methods Are Accepted?\"},{\"key\":\"answer\",\"value\":\"Fashion axe DIY jean shorts, swag kale chips meh polaroid kogi butcher Wes Anderson chambray next level semiotics gentrify yr. Voluptate photo booth fugiat Vice. Austin sed Williamsburg, ea labore raw denim voluptate cred proident mixtape excepteur mustache. Twee chia photo booth readymade food truck, hoodie roof party swag keytar PBR DIY.\"}],[{\"key\":\"question\",\"value\":\"Is Buying On-Line Safe?\"},{\"key\":\"answer\",\"value\":\"Art party authentic freegan semiotics jean shorts chia cred. Neutra Austin roof party Brooklyn, synth Thundercats swag 8-bit photo booth. Plaid letterpress leggings craft beer meh ethical Pinterest.\"}]]]',16,'Botble\\Ecommerce\\Models\\Product','2024-01-08 00:28:39','2024-01-08 00:28:39'),(20,'faq_schema_config','[[[{\"key\":\"question\",\"value\":\"What Shipping Methods Are Available?\"},{\"key\":\"answer\",\"value\":\"Ex Portland Pitchfork irure mustache. Eutra fap before they sold out literally. Aliquip ugh bicycle rights actually mlkshk, seitan squid craft beer tempor.\"}],[{\"key\":\"question\",\"value\":\"Do You Ship Internationally?\"},{\"key\":\"answer\",\"value\":\"Hoodie tote bag mixtape tofu. Typewriter jean shorts wolf quinoa, messenger bag organic freegan cray.\"}],[{\"key\":\"question\",\"value\":\"How Long Will It Take To Get My Package?\"},{\"key\":\"answer\",\"value\":\"Swag slow-carb quinoa VHS typewriter pork belly brunch, paleo single-origin coffee Wes Anderson. Flexitarian Pitchfork forage, literally paleo fap pour-over. Wes Anderson Pinterest YOLO fanny pack meggings, deep v XOXO chambray sustainable slow-carb raw denim church-key fap chillwave Etsy. +1 typewriter kitsch, American Apparel tofu Banksy Vice.\"}],[{\"key\":\"question\",\"value\":\"What Payment Methods Are Accepted?\"},{\"key\":\"answer\",\"value\":\"Fashion axe DIY jean shorts, swag kale chips meh polaroid kogi butcher Wes Anderson chambray next level semiotics gentrify yr. Voluptate photo booth fugiat Vice. Austin sed Williamsburg, ea labore raw denim voluptate cred proident mixtape excepteur mustache. Twee chia photo booth readymade food truck, hoodie roof party swag keytar PBR DIY.\"}],[{\"key\":\"question\",\"value\":\"Is Buying On-Line Safe?\"},{\"key\":\"answer\",\"value\":\"Art party authentic freegan semiotics jean shorts chia cred. Neutra Austin roof party Brooklyn, synth Thundercats swag 8-bit photo booth. Plaid letterpress leggings craft beer meh ethical Pinterest.\"}]]]',17,'Botble\\Ecommerce\\Models\\Product','2024-01-08 00:28:39','2024-01-08 00:28:39'),(21,'faq_schema_config','[[[{\"key\":\"question\",\"value\":\"What Shipping Methods Are Available?\"},{\"key\":\"answer\",\"value\":\"Ex Portland Pitchfork irure mustache. Eutra fap before they sold out literally. Aliquip ugh bicycle rights actually mlkshk, seitan squid craft beer tempor.\"}],[{\"key\":\"question\",\"value\":\"Do You Ship Internationally?\"},{\"key\":\"answer\",\"value\":\"Hoodie tote bag mixtape tofu. Typewriter jean shorts wolf quinoa, messenger bag organic freegan cray.\"}],[{\"key\":\"question\",\"value\":\"How Long Will It Take To Get My Package?\"},{\"key\":\"answer\",\"value\":\"Swag slow-carb quinoa VHS typewriter pork belly brunch, paleo single-origin coffee Wes Anderson. Flexitarian Pitchfork forage, literally paleo fap pour-over. Wes Anderson Pinterest YOLO fanny pack meggings, deep v XOXO chambray sustainable slow-carb raw denim church-key fap chillwave Etsy. +1 typewriter kitsch, American Apparel tofu Banksy Vice.\"}],[{\"key\":\"question\",\"value\":\"What Payment Methods Are Accepted?\"},{\"key\":\"answer\",\"value\":\"Fashion axe DIY jean shorts, swag kale chips meh polaroid kogi butcher Wes Anderson chambray next level semiotics gentrify yr. Voluptate photo booth fugiat Vice. Austin sed Williamsburg, ea labore raw denim voluptate cred proident mixtape excepteur mustache. Twee chia photo booth readymade food truck, hoodie roof party swag keytar PBR DIY.\"}],[{\"key\":\"question\",\"value\":\"Is Buying On-Line Safe?\"},{\"key\":\"answer\",\"value\":\"Art party authentic freegan semiotics jean shorts chia cred. Neutra Austin roof party Brooklyn, synth Thundercats swag 8-bit photo booth. Plaid letterpress leggings craft beer meh ethical Pinterest.\"}]]]',18,'Botble\\Ecommerce\\Models\\Product','2024-01-08 00:28:39','2024-01-08 00:28:39'),(22,'faq_schema_config','[[[{\"key\":\"question\",\"value\":\"What Shipping Methods Are Available?\"},{\"key\":\"answer\",\"value\":\"Ex Portland Pitchfork irure mustache. Eutra fap before they sold out literally. Aliquip ugh bicycle rights actually mlkshk, seitan squid craft beer tempor.\"}],[{\"key\":\"question\",\"value\":\"Do You Ship Internationally?\"},{\"key\":\"answer\",\"value\":\"Hoodie tote bag mixtape tofu. Typewriter jean shorts wolf quinoa, messenger bag organic freegan cray.\"}],[{\"key\":\"question\",\"value\":\"How Long Will It Take To Get My Package?\"},{\"key\":\"answer\",\"value\":\"Swag slow-carb quinoa VHS typewriter pork belly brunch, paleo single-origin coffee Wes Anderson. Flexitarian Pitchfork forage, literally paleo fap pour-over. Wes Anderson Pinterest YOLO fanny pack meggings, deep v XOXO chambray sustainable slow-carb raw denim church-key fap chillwave Etsy. +1 typewriter kitsch, American Apparel tofu Banksy Vice.\"}],[{\"key\":\"question\",\"value\":\"What Payment Methods Are Accepted?\"},{\"key\":\"answer\",\"value\":\"Fashion axe DIY jean shorts, swag kale chips meh polaroid kogi butcher Wes Anderson chambray next level semiotics gentrify yr. Voluptate photo booth fugiat Vice. Austin sed Williamsburg, ea labore raw denim voluptate cred proident mixtape excepteur mustache. Twee chia photo booth readymade food truck, hoodie roof party swag keytar PBR DIY.\"}],[{\"key\":\"question\",\"value\":\"Is Buying On-Line Safe?\"},{\"key\":\"answer\",\"value\":\"Art party authentic freegan semiotics jean shorts chia cred. Neutra Austin roof party Brooklyn, synth Thundercats swag 8-bit photo booth. Plaid letterpress leggings craft beer meh ethical Pinterest.\"}]]]',19,'Botble\\Ecommerce\\Models\\Product','2024-01-08 00:28:39','2024-01-08 00:28:39'),(23,'faq_schema_config','[[[{\"key\":\"question\",\"value\":\"What Shipping Methods Are Available?\"},{\"key\":\"answer\",\"value\":\"Ex Portland Pitchfork irure mustache. Eutra fap before they sold out literally. Aliquip ugh bicycle rights actually mlkshk, seitan squid craft beer tempor.\"}],[{\"key\":\"question\",\"value\":\"Do You Ship Internationally?\"},{\"key\":\"answer\",\"value\":\"Hoodie tote bag mixtape tofu. Typewriter jean shorts wolf quinoa, messenger bag organic freegan cray.\"}],[{\"key\":\"question\",\"value\":\"How Long Will It Take To Get My Package?\"},{\"key\":\"answer\",\"value\":\"Swag slow-carb quinoa VHS typewriter pork belly brunch, paleo single-origin coffee Wes Anderson. Flexitarian Pitchfork forage, literally paleo fap pour-over. Wes Anderson Pinterest YOLO fanny pack meggings, deep v XOXO chambray sustainable slow-carb raw denim church-key fap chillwave Etsy. +1 typewriter kitsch, American Apparel tofu Banksy Vice.\"}],[{\"key\":\"question\",\"value\":\"What Payment Methods Are Accepted?\"},{\"key\":\"answer\",\"value\":\"Fashion axe DIY jean shorts, swag kale chips meh polaroid kogi butcher Wes Anderson chambray next level semiotics gentrify yr. Voluptate photo booth fugiat Vice. Austin sed Williamsburg, ea labore raw denim voluptate cred proident mixtape excepteur mustache. Twee chia photo booth readymade food truck, hoodie roof party swag keytar PBR DIY.\"}],[{\"key\":\"question\",\"value\":\"Is Buying On-Line Safe?\"},{\"key\":\"answer\",\"value\":\"Art party authentic freegan semiotics jean shorts chia cred. Neutra Austin roof party Brooklyn, synth Thundercats swag 8-bit photo booth. Plaid letterpress leggings craft beer meh ethical Pinterest.\"}]]]',20,'Botble\\Ecommerce\\Models\\Product','2024-01-08 00:28:39','2024-01-08 00:28:39'),(24,'faq_schema_config','[[[{\"key\":\"question\",\"value\":\"What Shipping Methods Are Available?\"},{\"key\":\"answer\",\"value\":\"Ex Portland Pitchfork irure mustache. Eutra fap before they sold out literally. Aliquip ugh bicycle rights actually mlkshk, seitan squid craft beer tempor.\"}],[{\"key\":\"question\",\"value\":\"Do You Ship Internationally?\"},{\"key\":\"answer\",\"value\":\"Hoodie tote bag mixtape tofu. Typewriter jean shorts wolf quinoa, messenger bag organic freegan cray.\"}],[{\"key\":\"question\",\"value\":\"How Long Will It Take To Get My Package?\"},{\"key\":\"answer\",\"value\":\"Swag slow-carb quinoa VHS typewriter pork belly brunch, paleo single-origin coffee Wes Anderson. Flexitarian Pitchfork forage, literally paleo fap pour-over. Wes Anderson Pinterest YOLO fanny pack meggings, deep v XOXO chambray sustainable slow-carb raw denim church-key fap chillwave Etsy. +1 typewriter kitsch, American Apparel tofu Banksy Vice.\"}],[{\"key\":\"question\",\"value\":\"What Payment Methods Are Accepted?\"},{\"key\":\"answer\",\"value\":\"Fashion axe DIY jean shorts, swag kale chips meh polaroid kogi butcher Wes Anderson chambray next level semiotics gentrify yr. Voluptate photo booth fugiat Vice. Austin sed Williamsburg, ea labore raw denim voluptate cred proident mixtape excepteur mustache. Twee chia photo booth readymade food truck, hoodie roof party swag keytar PBR DIY.\"}],[{\"key\":\"question\",\"value\":\"Is Buying On-Line Safe?\"},{\"key\":\"answer\",\"value\":\"Art party authentic freegan semiotics jean shorts chia cred. Neutra Austin roof party Brooklyn, synth Thundercats swag 8-bit photo booth. Plaid letterpress leggings craft beer meh ethical Pinterest.\"}]]]',21,'Botble\\Ecommerce\\Models\\Product','2024-01-08 00:28:39','2024-01-08 00:28:39'),(25,'faq_schema_config','[[[{\"key\":\"question\",\"value\":\"What Shipping Methods Are Available?\"},{\"key\":\"answer\",\"value\":\"Ex Portland Pitchfork irure mustache. Eutra fap before they sold out literally. Aliquip ugh bicycle rights actually mlkshk, seitan squid craft beer tempor.\"}],[{\"key\":\"question\",\"value\":\"Do You Ship Internationally?\"},{\"key\":\"answer\",\"value\":\"Hoodie tote bag mixtape tofu. Typewriter jean shorts wolf quinoa, messenger bag organic freegan cray.\"}],[{\"key\":\"question\",\"value\":\"How Long Will It Take To Get My Package?\"},{\"key\":\"answer\",\"value\":\"Swag slow-carb quinoa VHS typewriter pork belly brunch, paleo single-origin coffee Wes Anderson. Flexitarian Pitchfork forage, literally paleo fap pour-over. Wes Anderson Pinterest YOLO fanny pack meggings, deep v XOXO chambray sustainable slow-carb raw denim church-key fap chillwave Etsy. +1 typewriter kitsch, American Apparel tofu Banksy Vice.\"}],[{\"key\":\"question\",\"value\":\"What Payment Methods Are Accepted?\"},{\"key\":\"answer\",\"value\":\"Fashion axe DIY jean shorts, swag kale chips meh polaroid kogi butcher Wes Anderson chambray next level semiotics gentrify yr. Voluptate photo booth fugiat Vice. Austin sed Williamsburg, ea labore raw denim voluptate cred proident mixtape excepteur mustache. Twee chia photo booth readymade food truck, hoodie roof party swag keytar PBR DIY.\"}],[{\"key\":\"question\",\"value\":\"Is Buying On-Line Safe?\"},{\"key\":\"answer\",\"value\":\"Art party authentic freegan semiotics jean shorts chia cred. Neutra Austin roof party Brooklyn, synth Thundercats swag 8-bit photo booth. Plaid letterpress leggings craft beer meh ethical Pinterest.\"}]]]',22,'Botble\\Ecommerce\\Models\\Product','2024-01-08 00:28:39','2024-01-08 00:28:39'),(26,'faq_schema_config','[[[{\"key\":\"question\",\"value\":\"What Shipping Methods Are Available?\"},{\"key\":\"answer\",\"value\":\"Ex Portland Pitchfork irure mustache. Eutra fap before they sold out literally. Aliquip ugh bicycle rights actually mlkshk, seitan squid craft beer tempor.\"}],[{\"key\":\"question\",\"value\":\"Do You Ship Internationally?\"},{\"key\":\"answer\",\"value\":\"Hoodie tote bag mixtape tofu. Typewriter jean shorts wolf quinoa, messenger bag organic freegan cray.\"}],[{\"key\":\"question\",\"value\":\"How Long Will It Take To Get My Package?\"},{\"key\":\"answer\",\"value\":\"Swag slow-carb quinoa VHS typewriter pork belly brunch, paleo single-origin coffee Wes Anderson. Flexitarian Pitchfork forage, literally paleo fap pour-over. Wes Anderson Pinterest YOLO fanny pack meggings, deep v XOXO chambray sustainable slow-carb raw denim church-key fap chillwave Etsy. +1 typewriter kitsch, American Apparel tofu Banksy Vice.\"}],[{\"key\":\"question\",\"value\":\"What Payment Methods Are Accepted?\"},{\"key\":\"answer\",\"value\":\"Fashion axe DIY jean shorts, swag kale chips meh polaroid kogi butcher Wes Anderson chambray next level semiotics gentrify yr. Voluptate photo booth fugiat Vice. Austin sed Williamsburg, ea labore raw denim voluptate cred proident mixtape excepteur mustache. Twee chia photo booth readymade food truck, hoodie roof party swag keytar PBR DIY.\"}],[{\"key\":\"question\",\"value\":\"Is Buying On-Line Safe?\"},{\"key\":\"answer\",\"value\":\"Art party authentic freegan semiotics jean shorts chia cred. Neutra Austin roof party Brooklyn, synth Thundercats swag 8-bit photo booth. Plaid letterpress leggings craft beer meh ethical Pinterest.\"}]]]',23,'Botble\\Ecommerce\\Models\\Product','2024-01-08 00:28:39','2024-01-08 00:28:39'),(27,'faq_schema_config','[[[{\"key\":\"question\",\"value\":\"What Shipping Methods Are Available?\"},{\"key\":\"answer\",\"value\":\"Ex Portland Pitchfork irure mustache. Eutra fap before they sold out literally. Aliquip ugh bicycle rights actually mlkshk, seitan squid craft beer tempor.\"}],[{\"key\":\"question\",\"value\":\"Do You Ship Internationally?\"},{\"key\":\"answer\",\"value\":\"Hoodie tote bag mixtape tofu. Typewriter jean shorts wolf quinoa, messenger bag organic freegan cray.\"}],[{\"key\":\"question\",\"value\":\"How Long Will It Take To Get My Package?\"},{\"key\":\"answer\",\"value\":\"Swag slow-carb quinoa VHS typewriter pork belly brunch, paleo single-origin coffee Wes Anderson. Flexitarian Pitchfork forage, literally paleo fap pour-over. Wes Anderson Pinterest YOLO fanny pack meggings, deep v XOXO chambray sustainable slow-carb raw denim church-key fap chillwave Etsy. +1 typewriter kitsch, American Apparel tofu Banksy Vice.\"}],[{\"key\":\"question\",\"value\":\"What Payment Methods Are Accepted?\"},{\"key\":\"answer\",\"value\":\"Fashion axe DIY jean shorts, swag kale chips meh polaroid kogi butcher Wes Anderson chambray next level semiotics gentrify yr. Voluptate photo booth fugiat Vice. Austin sed Williamsburg, ea labore raw denim voluptate cred proident mixtape excepteur mustache. Twee chia photo booth readymade food truck, hoodie roof party swag keytar PBR DIY.\"}],[{\"key\":\"question\",\"value\":\"Is Buying On-Line Safe?\"},{\"key\":\"answer\",\"value\":\"Art party authentic freegan semiotics jean shorts chia cred. Neutra Austin roof party Brooklyn, synth Thundercats swag 8-bit photo booth. Plaid letterpress leggings craft beer meh ethical Pinterest.\"}]]]',24,'Botble\\Ecommerce\\Models\\Product','2024-01-08 00:28:39','2024-01-08 00:28:39'),(28,'subtitle','[\"Limited quantities.\"]',1,'Botble\\Ecommerce\\Models\\FlashSale','2024-01-08 00:28:45','2024-01-08 00:28:45'),(29,'image','[\"flash-sales\\/1.jpg\"]',1,'Botble\\Ecommerce\\Models\\FlashSale','2024-01-08 00:28:45','2024-01-08 00:28:45'),(30,'subtitle','[\"Computers & Laptop\"]',2,'Botble\\Ecommerce\\Models\\FlashSale','2024-01-08 00:28:45','2024-01-08 00:28:45'),(31,'image','[\"flash-sales\\/2.jpg\"]',2,'Botble\\Ecommerce\\Models\\FlashSale','2024-01-08 00:28:45','2024-01-08 00:28:45'),(32,'button_text','[\"Shop now\"]',1,'Botble\\SimpleSlider\\Models\\SimpleSliderItem','2024-01-08 00:28:49','2024-01-08 00:28:49'),(33,'subtitle','[\"Trade-In Offer\"]',1,'Botble\\SimpleSlider\\Models\\SimpleSliderItem','2024-01-08 00:28:49','2024-01-08 00:28:49'),(34,'highlight_text','[\"On All Products\"]',1,'Botble\\SimpleSlider\\Models\\SimpleSliderItem','2024-01-08 00:28:49','2024-01-08 00:28:49'),(35,'button_text','[\"Discover now\"]',2,'Botble\\SimpleSlider\\Models\\SimpleSliderItem','2024-01-08 00:28:49','2024-01-08 00:28:49'),(36,'subtitle','[\"Tech Promotions\"]',2,'Botble\\SimpleSlider\\Models\\SimpleSliderItem','2024-01-08 00:28:49','2024-01-08 00:28:49'),(37,'highlight_text','[\"Great Collection\"]',2,'Botble\\SimpleSlider\\Models\\SimpleSliderItem','2024-01-08 00:28:49','2024-01-08 00:28:49'),(38,'button_text','[\"Shop now\"]',3,'Botble\\SimpleSlider\\Models\\SimpleSliderItem','2024-01-08 00:28:49','2024-01-08 00:28:49'),(39,'subtitle','[\"Upcoming Offer\"]',3,'Botble\\SimpleSlider\\Models\\SimpleSliderItem','2024-01-08 00:28:49','2024-01-08 00:28:49'),(40,'highlight_text','[\"Manufacturer\"]',3,'Botble\\SimpleSlider\\Models\\SimpleSliderItem','2024-01-08 00:28:49','2024-01-08 00:28:49'),(41,'simple_slider_style','[\"style-2\"]',2,'Botble\\SimpleSlider\\Models\\SimpleSlider','2024-01-08 00:28:49','2024-01-08 00:28:49'),(42,'button_text','[\"Shop now\"]',4,'Botble\\SimpleSlider\\Models\\SimpleSliderItem','2024-01-08 00:28:49','2024-01-08 00:28:49'),(43,'subtitle','[\"Trade-In Offer\"]',4,'Botble\\SimpleSlider\\Models\\SimpleSliderItem','2024-01-08 00:28:49','2024-01-08 00:28:49'),(44,'highlight_text','[\"On All Products\"]',4,'Botble\\SimpleSlider\\Models\\SimpleSliderItem','2024-01-08 00:28:49','2024-01-08 00:28:49'),(45,'button_text','[\"Discover now\"]',5,'Botble\\SimpleSlider\\Models\\SimpleSliderItem','2024-01-08 00:28:49','2024-01-08 00:28:49'),(46,'subtitle','[\"Tech Promotions\"]',5,'Botble\\SimpleSlider\\Models\\SimpleSliderItem','2024-01-08 00:28:49','2024-01-08 00:28:49'),(47,'highlight_text','[\"Great Collection\"]',5,'Botble\\SimpleSlider\\Models\\SimpleSliderItem','2024-01-08 00:28:49','2024-01-08 00:28:49'),(48,'button_text','[\"Shop now\"]',6,'Botble\\SimpleSlider\\Models\\SimpleSliderItem','2024-01-08 00:28:49','2024-01-08 00:28:49'),(49,'subtitle','[\"Upcoming Offer\"]',6,'Botble\\SimpleSlider\\Models\\SimpleSliderItem','2024-01-08 00:28:49','2024-01-08 00:28:49'),(50,'highlight_text','[\"Manufacturer\"]',6,'Botble\\SimpleSlider\\Models\\SimpleSliderItem','2024-01-08 00:28:49','2024-01-08 00:28:49'),(51,'simple_slider_style','[\"style-3\"]',3,'Botble\\SimpleSlider\\Models\\SimpleSlider','2024-01-08 00:28:49','2024-01-08 00:28:49'),(52,'button_text','[\"Shop now\"]',7,'Botble\\SimpleSlider\\Models\\SimpleSliderItem','2024-01-08 00:28:49','2024-01-08 00:28:49'),(53,'subtitle','[\"Trade-In Offer\"]',7,'Botble\\SimpleSlider\\Models\\SimpleSliderItem','2024-01-08 00:28:49','2024-01-08 00:28:49'),(54,'highlight_text','[\"On All Products\"]',7,'Botble\\SimpleSlider\\Models\\SimpleSliderItem','2024-01-08 00:28:49','2024-01-08 00:28:49'),(55,'button_text','[\"Discover now\"]',8,'Botble\\SimpleSlider\\Models\\SimpleSliderItem','2024-01-08 00:28:49','2024-01-08 00:28:49'),(56,'subtitle','[\"Tech Promotions\"]',8,'Botble\\SimpleSlider\\Models\\SimpleSliderItem','2024-01-08 00:28:49','2024-01-08 00:28:49'),(57,'highlight_text','[\"Great Collection\"]',8,'Botble\\SimpleSlider\\Models\\SimpleSliderItem','2024-01-08 00:28:49','2024-01-08 00:28:49'),(58,'simple_slider_style','[\"style-4\"]',4,'Botble\\SimpleSlider\\Models\\SimpleSlider','2024-01-08 00:28:49','2024-01-08 00:28:49'),(59,'button_text','[\"Shop now\"]',9,'Botble\\SimpleSlider\\Models\\SimpleSliderItem','2024-01-08 00:28:49','2024-01-08 00:28:49'),(60,'subtitle','[\"Trade-In Offer\"]',9,'Botble\\SimpleSlider\\Models\\SimpleSliderItem','2024-01-08 00:28:49','2024-01-08 00:28:49'),(61,'highlight_text','[\"On All Products\"]',9,'Botble\\SimpleSlider\\Models\\SimpleSliderItem','2024-01-08 00:28:49','2024-01-08 00:28:49'),(62,'button_text','[\"Discover now\"]',10,'Botble\\SimpleSlider\\Models\\SimpleSliderItem','2024-01-08 00:28:49','2024-01-08 00:28:49'),(63,'subtitle','[\"Tech Promotions\"]',10,'Botble\\SimpleSlider\\Models\\SimpleSliderItem','2024-01-08 00:28:49','2024-01-08 00:28:49'),(64,'highlight_text','[\"Great Collection\"]',10,'Botble\\SimpleSlider\\Models\\SimpleSliderItem','2024-01-08 00:28:49','2024-01-08 00:28:49'),(65,'button_text','[\"Shop now\"]',11,'Botble\\SimpleSlider\\Models\\SimpleSliderItem','2024-01-08 00:28:49','2024-01-08 00:28:49'),(66,'subtitle','[\"Upcoming Offer\"]',11,'Botble\\SimpleSlider\\Models\\SimpleSliderItem','2024-01-08 00:28:49','2024-01-08 00:28:49'),(67,'highlight_text','[\"Manufacturer\"]',11,'Botble\\SimpleSlider\\Models\\SimpleSliderItem','2024-01-08 00:28:49','2024-01-08 00:28:49'),(68,'expanding_product_categories_on_the_homepage','[\"yes\"]',2,'Botble\\Page\\Models\\Page','2024-01-08 00:28:50','2024-01-08 00:28:50'),(69,'button_text','[\"Shop now\"]',1,'Botble\\Ads\\Models\\Ads','2024-01-08 00:28:51','2024-01-08 00:28:51'),(70,'subtitle','[\"Save 20% on\\niPhone 12\"]',1,'Botble\\Ads\\Models\\Ads','2024-01-08 00:28:51','2024-01-08 00:28:51'),(71,'button_text','[\"Shop now\"]',2,'Botble\\Ads\\Models\\Ads','2024-01-08 00:28:51','2024-01-08 00:28:51'),(72,'subtitle','[\"Great Camera\\nCollection\"]',2,'Botble\\Ads\\Models\\Ads','2024-01-08 00:28:51','2024-01-08 00:28:51'),(73,'button_text','[\"Shop now\"]',3,'Botble\\Ads\\Models\\Ads','2024-01-08 00:28:51','2024-01-08 00:28:51'),(74,'subtitle','[\"Shop Today\\u2019s\\nDeals & Offers\"]',3,'Botble\\Ads\\Models\\Ads','2024-01-08 00:28:51','2024-01-08 00:28:51'),(75,'button_text','[\"Shop now\"]',4,'Botble\\Ads\\Models\\Ads','2024-01-08 00:28:51','2024-01-08 00:28:51'),(76,'subtitle','[\"Save 17% on\\nAssus Laptop\"]',4,'Botble\\Ads\\Models\\Ads','2024-01-08 00:28:51','2024-01-08 00:28:51'),(77,'button_text','[\"Shop now\"]',5,'Botble\\Ads\\Models\\Ads','2024-01-08 00:28:51','2024-01-08 00:28:51'),(78,'subtitle','[\"Save 20% on\\niPhone 12\"]',5,'Botble\\Ads\\Models\\Ads','2024-01-08 00:28:51','2024-01-08 00:28:51'),(79,'button_text','[\"Learn more\"]',6,'Botble\\Ads\\Models\\Ads','2024-01-08 00:28:51','2024-01-08 00:28:51'),(80,'subtitle','[\"We\'re an Apple\\nAuthorised Service Provider\"]',6,'Botble\\Ads\\Models\\Ads','2024-01-08 00:28:51','2024-01-08 00:28:51');

--
-- Table structure for table `migrations`
--

CREATE TABLE `migrations` (
  `id` int unsigned NOT NULL AUTO_INCREMENT,
  `migration` varchar(191) COLLATE utf8mb4_unicode_ci NOT NULL,
  `batch` int NOT NULL,
  PRIMARY KEY (`id`)
) ENGINE=InnoDB AUTO_INCREMENT=153 DEFAULT CHARSET=utf8mb4 COLLATE=utf8mb4_unicode_ci;

--
-- Dumping data for table `migrations`
--

INSERT INTO `migrations` VALUES (1,'2013_04_09_032329_create_base_tables',1),(2,'2013_04_09_062329_create_revisions_table',1),(3,'2014_10_12_000000_create_users_table',1),(4,'2014_10_12_100000_create_password_reset_tokens_table',1),(5,'2016_06_10_230148_create_acl_tables',1),(6,'2016_06_14_230857_create_menus_table',1),(7,'2016_06_28_221418_create_pages_table',1),(8,'2016_10_05_074239_create_setting_table',1),(9,'2016_11_28_032840_create_dashboard_widget_tables',1),(10,'2016_12_16_084601_create_widgets_table',1),(11,'2017_05_09_070343_create_media_tables',1),(12,'2017_11_03_070450_create_slug_table',1),(13,'2019_01_05_053554_create_jobs_table',1),(14,'2019_08_19_000000_create_failed_jobs_table',1),(15,'2019_12_14_000001_create_personal_access_tokens_table',1),(16,'2021_08_02_084121_fix_old_shortcode',1),(17,'2022_04_20_100851_add_index_to_media_table',1),(18,'2022_04_20_101046_add_index_to_menu_table',1),(19,'2022_07_10_034813_move_lang_folder_to_root',1),(20,'2022_08_04_051940_add_missing_column_expires_at',1),(21,'2022_09_01_000001_create_admin_notifications_tables',1),(22,'2022_09_27_084829_fix_footer_widget',1),(23,'2022_10_14_024629_drop_column_is_featured',1),(24,'2022_10_28_030106_improve-newsletter-widget',1),(25,'2022_11_18_063357_add_missing_timestamp_in_table_settings',1),(26,'2022_12_02_093615_update_slug_index_columns',1),(27,'2023_01_30_024431_add_alt_to_media_table',1),(28,'2023_02_16_042611_drop_table_password_resets',1),(29,'2023_04_23_005903_add_column_permissions_to_admin_notifications',1),(30,'2023_05_10_075124_drop_column_id_in_role_users_table',1),(31,'2023_08_21_090810_make_page_content_nullable',1),(32,'2023_09_14_021936_update_index_for_slugs_table',1),(33,'2023_12_06_100448_change_random_hash_for_media',1),(34,'2023_12_07_095130_add_color_column_to_media_folders_table',1),(35,'2023_12_17_162208_make_sure_column_color_in_media_folders_nullable',1),(36,'2020_11_18_150916_ads_create_ads_table',2),(37,'2021_12_02_035301_add_ads_translations_table',2),(38,'2023_04_17_062645_add_open_in_new_tab',2),(39,'2023_11_07_023805_add_tablet_mobile_image',2),(40,'2015_06_29_025744_create_audit_history',3),(41,'2023_11_14_033417_change_request_column_in_table_audit_histories',3),(42,'2015_06_18_033822_create_blog_table',4),(43,'2021_02_16_092633_remove_default_value_for_author_type',4),(44,'2021_12_03_030600_create_blog_translations',4),(45,'2022_04_19_113923_add_index_to_table_posts',4),(46,'2023_08_29_074620_make_column_author_id_nullable',4),(47,'2016_06_17_091537_create_contacts_table',5),(48,'2023_11_10_080225_migrate_contact_blacklist_email_domains_to_core',5),(49,'2020_03_05_041139_create_ecommerce_tables',6),(50,'2021_01_01_044147_ecommerce_create_flash_sale_table',6),(51,'2021_01_17_082713_add_column_is_featured_to_product_collections_table',6),(52,'2021_01_18_024333_add_zip_code_into_table_customer_addresses',6),(53,'2021_02_18_073505_update_table_ec_reviews',6),(54,'2021_03_10_024419_add_column_confirmed_at_to_table_ec_customers',6),(55,'2021_03_10_025153_change_column_tax_amount',6),(56,'2021_03_20_033103_add_column_availability_to_table_ec_products',6),(57,'2021_04_28_074008_ecommerce_create_product_label_table',6),(58,'2021_05_31_173037_ecommerce_create_ec_products_translations',6),(59,'2021_08_17_105016_remove_column_currency_id_in_some_tables',6),(60,'2021_08_30_142128_add_images_column_to_ec_reviews_table',6),(61,'2021_10_04_030050_add_column_created_by_to_table_ec_products',6),(62,'2021_10_05_122616_add_status_column_to_ec_customers_table',6),(63,'2021_11_03_025806_nullable_phone_number_in_ec_customer_addresses',6),(64,'2021_11_23_071403_correct_languages_for_product_variations',6),(65,'2021_11_28_031808_add_product_tags_translations',6),(66,'2021_12_01_031123_add_featured_image_to_ec_products',6),(67,'2022_01_01_033107_update_table_ec_shipments',6),(68,'2022_02_16_042457_improve_product_attribute_sets',6),(69,'2022_03_22_075758_correct_product_name',6),(70,'2022_04_19_113334_add_index_to_ec_products',6),(71,'2022_04_28_144405_remove_unused_table',6),(72,'2022_05_05_115015_create_ec_customer_recently_viewed_products_table',6),(73,'2022_05_18_143720_add_index_to_table_ec_product_categories',6),(74,'2022_06_16_095633_add_index_to_some_tables',6),(75,'2022_06_30_035148_create_order_referrals_table',6),(76,'2022_07_24_153815_add_completed_at_to_ec_orders_table',6),(77,'2022_08_14_032836_create_ec_order_returns_table',6),(78,'2022_08_14_033554_create_ec_order_return_items_table',6),(79,'2022_08_15_040324_add_billing_address',6),(80,'2022_08_30_091114_support_digital_products_table',6),(81,'2022_09_13_095744_create_options_table',6),(82,'2022_09_13_104347_create_option_value_table',6),(83,'2022_10_05_163518_alter_table_ec_order_product',6),(84,'2022_10_12_041517_create_invoices_table',6),(85,'2022_10_12_142226_update_orders_table',6),(86,'2022_10_13_024916_update_table_order_returns',6),(87,'2022_10_21_030830_update_columns_in_ec_shipments_table',6),(88,'2022_10_28_021046_update_columns_in_ec_shipments_table',6),(89,'2022_11_16_034522_update_type_column_in_ec_shipping_rules_table',6),(90,'2022_11_19_041643_add_ec_tax_product_table',6),(91,'2022_12_12_063830_update_tax_defadult_in_ec_tax_products_table',6),(92,'2022_12_17_041532_fix_address_in_order_invoice',6),(93,'2022_12_26_070329_create_ec_product_views_table',6),(94,'2023_01_04_033051_fix_product_categories',6),(95,'2023_01_09_050400_add_ec_global_options_translations_table',6),(96,'2023_01_10_093754_add_missing_option_value_id',6),(97,'2023_01_17_082713_add_column_barcode_and_cost_per_item_to_product_table',6),(98,'2023_01_26_021854_add_ec_customer_used_coupons_table',6),(99,'2023_02_08_015900_update_options_column_in_ec_order_product_table',6),(100,'2023_02_27_095752_remove_duplicate_reviews',6),(101,'2023_03_20_115757_add_user_type_column_to_ec_shipment_histories_table',6),(102,'2023_04_21_082427_create_ec_product_categorizables_table',6),(103,'2023_05_03_011331_add_missing_column_price_into_invoice_items_table',6),(104,'2023_05_17_025812_fix_invoice_issue',6),(105,'2023_05_26_073140_move_option_make_phone_field_optional_at_checkout_page_to_mandatory_fields',6),(106,'2023_05_27_144611_fix_exchange_rate_setting',6),(107,'2023_06_22_084331_add_generate_license_code_to_ec_products_table',6),(108,'2023_06_30_042512_create_ec_order_tax_information_table',6),(109,'2023_07_14_022724_remove_column_id_from_ec_product_collection_products',6),(110,'2023_08_09_012940_remove_column_status_in_ec_product_attributes',6),(111,'2023_08_15_064505_create_ec_tax_rules_table',6),(112,'2023_08_21_021819_make_column_address_in_ec_customer_addresses_nullable',6),(113,'2023_08_22_094114_drop_unique_for_barcode',6),(114,'2023_08_30_031811_add_apply_via_url_column_to_ec_discounts_table',6),(115,'2023_09_07_094312_add_index_to_product_sku_and_translations',6),(116,'2023_09_19_024955_create_discount_product_categories_table',6),(117,'2023_10_17_070728_add_icon_and_icon_image_to_product_categories_table',6),(118,'2023_11_22_154643_add_unique_in_table_ec_products_variations',6),(119,'2023_11_27_032313_add_price_columns_to_ec_product_cross_sale_relations_table',6),(120,'2023_12_06_023945_add_display_on_checkout_column_to_ec_discounts_table',6),(121,'2023_12_25_040604_ec_create_review_replies_table',6),(122,'2023_12_26_090340_add_private_notes_column_to_ec_customers_table',6),(123,'2018_07_09_221238_create_faq_table',7),(124,'2021_12_03_082134_create_faq_translations',7),(125,'2023_11_17_063408_add_description_column_to_faq_categories_table',7),(126,'2016_10_03_032336_create_languages_table',8),(127,'2023_09_14_022423_add_index_for_language_table',8),(128,'2021_10_25_021023_fix-priority-load-for-language-advanced',9),(129,'2021_12_03_075608_create_page_translations',9),(130,'2023_07_06_011444_create_slug_translations_table',9),(131,'2019_11_18_061011_create_country_table',10),(132,'2021_12_03_084118_create_location_translations',10),(133,'2021_12_03_094518_migrate_old_location_data',10),(134,'2021_12_10_034440_switch_plugin_location_to_use_language_advanced',10),(135,'2022_01_16_085908_improve_plugin_location',10),(136,'2022_08_04_052122_delete_location_backup_tables',10),(137,'2023_04_23_061847_increase_state_translations_abbreviation_column',10),(138,'2023_07_26_041451_add_more_columns_to_location_table',10),(139,'2023_07_27_041451_add_more_columns_to_location_translation_table',10),(140,'2023_08_15_073307_drop_unique_in_states_cities_translations',10),(141,'2023_10_21_065016_make_state_id_in_table_cities_nullable',10),(142,'2017_10_24_154832_create_newsletter_table',11),(143,'2017_05_18_080441_create_payment_tables',12),(144,'2021_03_27_144913_add_customer_type_into_table_payments',12),(145,'2021_05_24_034720_make_column_currency_nullable',12),(146,'2021_08_09_161302_add_metadata_column_to_payments_table',12),(147,'2021_10_19_020859_update_metadata_field',12),(148,'2022_06_28_151901_activate_paypal_stripe_plugin',12),(149,'2022_07_07_153354_update_charge_id_in_table_payments',12),(150,'2017_07_11_140018_create_simple_slider_table',13),(151,'2016_10_07_193005_create_translations_table',14),(152,'2023_12_12_105220_drop_translations_table',14);

--
-- Table structure for table `newsletters`
--

CREATE TABLE `newsletters` (
  `id` bigint unsigned NOT NULL AUTO_INCREMENT,
  `email` varchar(120) COLLATE utf8mb4_unicode_ci NOT NULL,
  `name` varchar(120) COLLATE utf8mb4_unicode_ci DEFAULT NULL,
  `status` varchar(60) COLLATE utf8mb4_unicode_ci NOT NULL DEFAULT 'subscribed',
  `created_at` timestamp NULL DEFAULT NULL,
  `updated_at` timestamp NULL DEFAULT NULL,
  PRIMARY KEY (`id`)
) ENGINE=InnoDB DEFAULT CHARSET=utf8mb4 COLLATE=utf8mb4_unicode_ci;

--
-- Dumping data for table `newsletters`
--


--
-- Table structure for table `pages`
--

CREATE TABLE `pages` (
  `id` bigint unsigned NOT NULL AUTO_INCREMENT,
  `name` varchar(120) COLLATE utf8mb4_unicode_ci NOT NULL,
  `content` longtext COLLATE utf8mb4_unicode_ci,
  `user_id` bigint unsigned DEFAULT NULL,
  `image` varchar(255) COLLATE utf8mb4_unicode_ci DEFAULT NULL,
  `template` varchar(60) COLLATE utf8mb4_unicode_ci DEFAULT NULL,
  `description` varchar(400) COLLATE utf8mb4_unicode_ci DEFAULT NULL,
  `status` varchar(60) COLLATE utf8mb4_unicode_ci NOT NULL DEFAULT 'published',
  `created_at` timestamp NULL DEFAULT NULL,
  `updated_at` timestamp NULL DEFAULT NULL,
  PRIMARY KEY (`id`),
  KEY `pages_user_id_index` (`user_id`)
) ENGINE=InnoDB AUTO_INCREMENT=15 DEFAULT CHARSET=utf8mb4 COLLATE=utf8mb4_unicode_ci;

--
-- Dumping data for table `pages`
--

INSERT INTO `pages` VALUES (1,'Homepage','<div>[simple-slider key=\"home-slider-1\" is_autoplay=\"yes\" autoplay_speed=\"5000\"][/simple-slider]</div><div>[site-features icon1=\"general/icon-truck.png\" title1=\"Free Shipping\" subtitle1=\"Orders $50 or more\" icon2=\"general/icon-purchase.png\" title2=\"Free Returns\" subtitle2=\"Within 30 days\" icon3=\"general/icon-bag.png\" title3=\"Get 20% Off 1 Item\" subtitle3=\"When you sign up\" icon4=\"general/icon-operator.png\" title4=\"Support Center\" subtitle4=\"24/7 amazing services\"][/site-features]</div><div>[featured-product-categories title=\"Top Categories\"][/featured-product-categories]</div><div>[product-collections title=\"Exclusive Products\"][/product-collections]</div><div>[theme-ads ads_1=\"IZ6WU8KUALYD\" ads_2=\"ILSFJVYFGCPZ\" ads_3=\"ILSDKVYFGXPH\"][/theme-ads]</div><div>[featured-products title=\"Featured products\"][/featured-products]</div><div>[flash-sale show_popup=\"yes\"][/flash-sale]</div><div>[featured-brands title=\"Featured Brands\"][/featured-brands]</div><div>[product-category-products category_id=\"12\"][/product-category-products]</div><div>[featured-news title=\"Visit Our Blog\"][/featured-news]</div>',1,NULL,'homepage',NULL,'published','2024-01-08 00:28:50','2024-01-08 00:28:50'),(2,'Homepage 2','<div>[simple-slider key=\"home-slider-2\" is_autoplay=\"yes\" autoplay_speed=\"5000\"][/simple-slider]</div><div>[theme-ads ads_1=\"IZ6WU8KUALYD\" ads_2=\"ILSFJVYFGCPZ\" ads_3=\"ILSDKVYFGXPH\"][/theme-ads]</div><div>[product-collections title=\"Exclusive Products\"][/product-collections]</div><div>[theme-ads ads_1=\"IZ6WU8KUALYF\"][/theme-ads]</div><div>[featured-products title=\"Featured products\"][/featured-products]</div><div>[flash-sale show_popup=\"yes\"][/flash-sale]</div><div>[featured-brands title=\"Featured Brands\"][/featured-brands]</div><div>[featured-product-categories title=\"Top Categories\"][/featured-product-categories]</div><div>[product-category-products category_id=\"12\"][/product-category-products]</div><div>[featured-news title=\"Visit Our Blog\"][/featured-news]</div><div>[site-features icon1=\"general/icon-truck.png\" title1=\"Free Shipping\" subtitle1=\"Orders $50 or more\" icon2=\"general/icon-purchase.png\" title2=\"Free Returns\" subtitle2=\"Within 30 days\" icon3=\"general/icon-bag.png\" title3=\"Get 20% Off 1 Item\" subtitle3=\"When you sign up\" icon4=\"general/icon-operator.png\" title4=\"Support Center\" subtitle4=\"24/7 amazing services\"][/site-features]</div>',1,NULL,'homepage',NULL,'published','2024-01-08 00:28:50','2024-01-08 00:28:50'),(3,'Homepage 3','<div>[simple-slider key=\"home-slider-3\" ads_1=\"ILSDKVYFGXPJ\" ads_2=\"IZ6WU8KUALYE\" is_autoplay=\"yes\" autoplay_speed=\"5000\"][/simple-slider]</div><div>[product-collections title=\"Exclusive Products\"][/product-collections]</div><div>[theme-ads ads_1=\"IZ6WU8KUALYD\" ads_2=\"ILSFJVYFGCPZ\" ads_3=\"ILSDKVYFGXPH\"][/theme-ads]</div><div>[site-features icon1=\"general/icon-truck.png\" title1=\"Free Shipping\" subtitle1=\"Orders $50 or more\" icon2=\"general/icon-purchase.png\" title2=\"Free Returns\" subtitle2=\"Within 30 days\" icon3=\"general/icon-bag.png\" title3=\"Get 20% Off 1 Item\" subtitle3=\"When you sign up\" icon4=\"general/icon-operator.png\" title4=\"Support Center\" subtitle4=\"24/7 amazing services\"][/site-features]</div><div>[featured-product-categories title=\"Top Categories\"][/featured-product-categories]</div><div>[featured-products title=\"Featured products\"][/featured-products]</div><div>[flash-sale show_popup=\"yes\"][/flash-sale]</div><div>[theme-ads ads_1=\"IZ6WU8KUALYF\"][/theme-ads]</div><div>[featured-brands title=\"Featured Brands\"][/featured-brands]</div><div>[product-category-products category_id=\"12\"][/product-category-products]</div><div>[featured-news title=\"Visit Our Blog\"][/featured-news]</div>',1,NULL,'homepage',NULL,'published','2024-01-08 00:28:50','2024-01-08 00:28:50'),(4,'Homepage 4','<div>[simple-slider key=\"home-slider-4\" is_autoplay=\"yes\" autoplay_speed=\"5000\"][/simple-slider]</div><div>[site-features icon1=\"general/icon-truck.png\" title1=\"Free Shipping\" subtitle1=\"Orders $50 or more\" icon2=\"general/icon-purchase.png\" title2=\"Free Returns\" subtitle2=\"Within 30 days\" icon3=\"general/icon-bag.png\" title3=\"Get 20% Off 1 Item\" subtitle3=\"When you sign up\" icon4=\"general/icon-operator.png\" title4=\"Support Center\" subtitle4=\"24/7 amazing services\"][/site-features]</div><div>[product-collections title=\"Exclusive Products\"][/product-collections]</div><div>[featured-product-categories title=\"Top Categories\"][/featured-product-categories]</div><div>[theme-ads ads_1=\"IZ6WU8KUALYD\" ads_2=\"ILSFJVYFGCPZ\" ads_3=\"ILSDKVYFGXPH\"][/theme-ads]</div><div>[theme-ads ads_1=\"IZ6WU8KUALYF\"][/theme-ads]</div><div>[featured-products title=\"Featured products\"][/featured-products]</div><div>[flash-sale show_popup=\"yes\"][/flash-sale]</div><div>[featured-brands title=\"Featured Brands\"][/featured-brands]</div><div>[product-category-products category_id=\"12\"][/product-category-products]</div><div>[featured-news title=\"Visit Our Blog\"][/featured-news]</div>',1,NULL,'homepage',NULL,'published','2024-01-08 00:28:50','2024-01-08 00:28:50'),(5,'Blog','<p>---</p>',1,NULL,'blog-right-sidebar',NULL,'published','2024-01-08 00:28:50','2024-01-08 00:28:50'),(6,'Contact','<p>[google-map]502 New Street, Brighton VIC, Australia[/google-map]</p><p>[our-offices][/our-offices]</p><p>[contact-form][/contact-form]</p>',1,NULL,'default',NULL,'published','2024-01-08 00:28:50','2024-01-08 00:28:50'),(7,'About us','<p>Alice again, for she was quite tired and out of a water-well,\' said the Mock Turtle said: \'advance twice, set to work shaking him and punching him in the pool, and the sounds will take care of themselves.\"\' \'How fond she is of mine, the less there is of mine, the less there is of mine, the less there is of yours.\"\' \'Oh, I know!\' exclaimed Alice, who always took a minute or two to think about stopping herself before she came in sight of the court and got behind him, and very neatly and simply.</p><p>Down, down, down. There was a dispute going on rather better now,\' she said, by way of settling all difficulties, great or small. \'Off with his knuckles. It was as long as there was Mystery,\' the Mock Turtle sang this, very slowly and sadly:-- \'\"Will you walk a little worried. \'Just about as curious as it was as much right,\' said the Mouse. \'--I proceed. \"Edwin and Morcar, the earls of Mercia and Northumbria--\"\' \'Ugh!\' said the Hatter, \'when the Queen in a minute. Alice began to cry again, for.</p><p>I shall remember it in large letters. It was all very well without--Maybe it\'s always pepper that makes you forget to talk. I can\'t put it in a low voice, \'Your Majesty must cross-examine the next verse,\' the Gryphon whispered in a melancholy tone: \'it doesn\'t seem to see the Mock Turtle persisted. \'How COULD he turn them out of a tree in front of the trees had a head unless there was no use their putting their heads downward! The Antipathies, I think--\' (for, you see, as well as she added.</p><p>I needn\'t be afraid of them!\' \'And who is to do this, so that altogether, for the baby, the shriek of the e--e--evening, Beautiful, beauti--FUL SOUP!\' \'Chorus again!\' cried the Mock Turtle went on all the children she knew, who might do something better with the Mouse had changed his mind, and was surprised to see a little animal (she couldn\'t guess of what sort it was) scratching and scrambling about in the newspapers, at the cook, and a large one, but it is.\' \'Then you should say what you.</p>',1,NULL,'default',NULL,'published','2024-01-08 00:28:50','2024-01-08 00:28:50'),(8,'Cookie Policy','<h3>EU Cookie Consent</h3><p>To use this website we are using Cookies and collecting some data. To be compliant with the EU GDPR we give you to choose if you allow us to use certain Cookies and to collect some Data.</p><h4>Essential Data</h4><p>The Essential Data is needed to run the Site you are visiting technically. You can not deactivate them.</p><p>- Session Cookie: PHP uses a Cookie to identify user sessions. Without this Cookie the Website is not working.</p><p>- XSRF-Token Cookie: Laravel automatically generates a CSRF \"token\" for each active user session managed by the application. This token is used to verify that the authenticated user is the one actually making the requests to the application.</p>',1,NULL,'default',NULL,'published','2024-01-08 00:28:50','2024-01-08 00:28:50'),(9,'Terms &amp; Conditions','<p>Hatter. He came in with a melancholy way, being quite unable to move. She soon got it out loud. \'Thinking again?\' the Duchess to play croquet.\' Then they both sat silent for a minute, while Alice thought over all she could not even get her head down to them, and it\'ll sit up and down looking for eggs, as it was all ridges and furrows; the balls were live hedgehogs, the mallets live flamingoes, and the White Rabbit read out, at the Queen, who were giving it something out of that is--\"Oh, \'tis.</p><p>Gryphon. \'It all came different!\' Alice replied in an offended tone, \'so I can\'t remember,\' said the Duck: \'it\'s generally a frog or a worm. The question is, what did the archbishop find?\' The Mouse only growled in reply. \'Idiot!\' said the Pigeon; \'but if you\'ve seen them so shiny?\' Alice looked round, eager to see what was coming. It was all finished, the Owl, as a partner!\' cried the Mouse, sharply and very neatly and simply arranged; the only difficulty was, that if something wasn\'t done.</p><p>EVER happen in a great hurry; \'this paper has just been reading about; and when she went on, \'\"--found it advisable to go among mad people,\' Alice remarked. \'Oh, you foolish Alice!\' she answered herself. \'How can you learn lessons in here? Why, there\'s hardly enough of me left to make the arches. The chief difficulty Alice found at first she thought of herself, \'I wish I hadn\'t mentioned Dinah!\' she said to the Queen, who was sitting on the stairs. Alice knew it was done. They had a.</p><p>I almost wish I could not think of any one; so, when the race was over. However, when they hit her; and the Queen jumped up in a coaxing tone, and she thought it would be offended again. \'Mine is a raven like a telescope.\' And so it was out of THIS!\' (Sounds of more energetic remedies--\' \'Speak English!\' said the Gryphon as if it had lost something; and she was now about two feet high: even then she walked on in a twinkling! Half-past one, time for dinner!\' (\'I only wish it was,\' the March.</p>',1,NULL,'default',NULL,'published','2024-01-08 00:28:50','2024-01-08 00:28:50'),(10,'Returns &amp; Exchanges','<p>Classics master, though. He was looking at the door as you can--\' \'Swim after them!\' screamed the Pigeon. \'I\'m NOT a serpent, I tell you, you coward!\' and at last it sat down and make THEIR eyes bright and eager with many a strange tale, perhaps even with the glass table as before, \'and things are \"much of a well--\' \'What did they draw the treacle from?\' \'You can draw water out of the room again, no wonder she felt that it ought to go with the bread-knife.\' The March Hare and his buttons, and.</p><p>Shall I try the effect: the next question is, Who in the same thing as \"I get what I like\"!\' \'You might just as the question was evidently meant for her. \'Yes!\' shouted Alice. \'Come on, then!\' roared the Queen, and in despair she put one arm out of the day; and this was her turn or not. \'Oh, PLEASE mind what you\'re talking about,\' said Alice. \'I\'ve read that in about half no time! Take your choice!\' The Duchess took no notice of her going, though she felt unhappy. \'It was the cat.) \'I hope.</p><p>Oh, how I wish I hadn\'t drunk quite so much!\' Alas! it was very nearly in the trial done,\' she thought, \'and hand round the hall, but they began moving about again, and went stamping about, and crept a little queer, won\'t you?\' \'Not a bit,\' said the Hatter: \'but you could draw treacle out of court! Suppress him! Pinch him! Off with his tea spoon at the thought that it might end, you know,\' the Hatter replied. \'Of course it is,\' said the Gryphon. \'How the creatures order one about, and shouting.</p><p>She took down a jar from one minute to another! However, I\'ve got to?\' (Alice had been to a day-school, too,\' said Alice; \'that\'s not at all the jelly-fish out of the garden, where Alice could see, as well wait, as she could. \'No,\' said the Dodo, pointing to the Knave \'Turn them over!\' The Knave did so, and giving it a bit, if you only kept on good terms with him, he\'d do almost anything you liked with the edge with each hand. \'And now which is which?\' she said this she looked up, and reduced.</p>',1,NULL,'default',NULL,'published','2024-01-08 00:28:50','2024-01-08 00:28:50'),(11,'Shipping &amp; Delivery','<p>She soon got it out into the air, mixed up with the Duchess, the Duchess! Oh! won\'t she be savage if I\'ve kept her waiting!\' Alice felt a little of her sister, who was passing at the bottom of a large fan in the distance, sitting sad and lonely on a crimson velvet cushion; and, last of all this grand procession, came THE KING AND QUEEN OF HEARTS. Alice was thoroughly puzzled. \'Does the boots and shoes!\' she repeated in a low trembling voice, \'--and I hadn\'t gone down that rabbit-hole--and.</p><p>Alice was not a regular rule: you invented it just now.\' \'It\'s the first question, you know.\' \'I DON\'T know,\' said the Rabbit came near her, about four inches deep and reaching half down the hall. After a while, finding that nothing more happened, she decided on going into the jury-box, and saw that, in her life; it was growing, and very nearly getting up and said, \'It was the Cat again, sitting on a summer day: The Knave shook his grey locks, \'I kept all my life, never!\' They had a little.</p><p>YOU sing,\' said the King. \'Then it ought to be sure, she had read several nice little histories about children who had spoken first. \'That\'s none of them didn\'t know that you\'re mad?\' \'To begin with,\' the Mock Turtle had just upset the milk-jug into his plate. Alice did not look at me like that!\' By this time she heard the Queen\'s hedgehog just now, only it ran away when it grunted again, and all must have imitated somebody else\'s hand,\' said the Dodo. Then they all stopped and looked.</p><p>I know THAT well enough; and what does it matter to me whether you\'re a little bit, and said \'What else have you got in your knocking,\' the Footman continued in the same as they were lying on the trumpet, and called out to sea. So they sat down, and the Queen in front of the window, I only wish they COULD! I\'m sure _I_ shan\'t be beheaded!\' \'What for?\' said the King, and the little golden key was lying under the table: she opened it, and behind it when she looked down into its mouth open.</p>',1,NULL,'default',NULL,'published','2024-01-08 00:28:50','2024-01-08 00:28:50'),(12,'Privacy Policy','<p>And in she went. Once more she found herself in a mournful tone, \'he won\'t do a thing before, and behind them a railway station.) However, she soon made out that she looked at Alice, and her face like the three gardeners instantly threw themselves flat upon their faces, so that they must needs come wriggling down from the trees under which she concluded that it was perfectly round, she found this a good deal worse off than before, as the White Rabbit with pink eyes ran close by her. There was.</p><p>I eat or drink anything; so I\'ll just see what I say,\' the Mock Turtle would be like, but it makes me grow smaller, I can kick a little!\' She drew her foot as far as they would go, and making quite a commotion in the air. \'--as far out to the general conclusion, that wherever you go on? It\'s by far the most important piece of evidence we\'ve heard yet,\' said Alice; \'it\'s laid for a minute, while Alice thought the poor little thing grunted in reply (it had left off sneezing by this time?\' she.</p><p>I\'m a deal faster than it does.\' \'Which would NOT be an advantage,\' said Alice, and she felt that it is!\' As she said to the voice of the cattle in the face. \'I\'ll put a white one in by mistake; and if I chose,\' the Duchess said in a hoarse, feeble voice: \'I heard every word you fellows were saying.\' \'Tell us a story!\' said the Queen. \'You make me giddy.\' And then, turning to Alice to herself. At this moment the King, looking round the hall, but they all spoke at once, with a teacup in one.</p><p>So Alice got up this morning? I almost think I should have croqueted the Queen\'s absence, and were quite dry again, the cook tulip-roots instead of onions.\' Seven flung down his brush, and had no pictures or conversations?\' So she swallowed one of these cakes,\' she thought, \'it\'s sure to make ONE respectable person!\' Soon her eye fell on a crimson velvet cushion; and, last of all her knowledge of history, Alice had never done such a noise inside, no one listening, this time, sat down a jar.</p>',1,NULL,'default',NULL,'published','2024-01-08 00:28:50','2024-01-08 00:28:50'),(13,'Blog Left Sidebar','<p>[blog-posts paginate=\"12\"][/blog-posts]</p>',1,NULL,'blog-left-sidebar',NULL,'published','2024-01-08 00:28:50','2024-01-08 00:28:50'),(14,'FAQ','<div>[faqs][/faqs]</div>',1,NULL,'default',NULL,'published','2024-01-08 00:28:50','2024-01-08 00:28:50');

--
-- Table structure for table `pages_translations`
--

CREATE TABLE `pages_translations` (
  `lang_code` varchar(20) COLLATE utf8mb4_unicode_ci NOT NULL,
  `pages_id` bigint unsigned NOT NULL,
  `name` varchar(255) COLLATE utf8mb4_unicode_ci DEFAULT NULL,
  `description` varchar(400) COLLATE utf8mb4_unicode_ci DEFAULT NULL,
  `content` longtext COLLATE utf8mb4_unicode_ci,
  PRIMARY KEY (`lang_code`,`pages_id`)
) ENGINE=InnoDB DEFAULT CHARSET=utf8mb4 COLLATE=utf8mb4_unicode_ci;

--
-- Dumping data for table `pages_translations`
--


--
-- Table structure for table `password_reset_tokens`
--

CREATE TABLE `password_reset_tokens` (
  `email` varchar(191) COLLATE utf8mb4_unicode_ci NOT NULL,
  `token` varchar(191) COLLATE utf8mb4_unicode_ci NOT NULL,
  `created_at` timestamp NULL DEFAULT NULL,
  PRIMARY KEY (`email`)
) ENGINE=InnoDB DEFAULT CHARSET=utf8mb4 COLLATE=utf8mb4_unicode_ci;

--
-- Dumping data for table `password_reset_tokens`
--


--
-- Table structure for table `payments`
--

CREATE TABLE `payments` (
  `id` bigint unsigned NOT NULL AUTO_INCREMENT,
  `currency` varchar(120) COLLATE utf8mb4_unicode_ci DEFAULT NULL,
  `user_id` bigint unsigned NOT NULL DEFAULT '0',
  `charge_id` varchar(255) COLLATE utf8mb4_unicode_ci DEFAULT NULL,
  `payment_channel` varchar(60) COLLATE utf8mb4_unicode_ci DEFAULT NULL,
  `description` varchar(255) COLLATE utf8mb4_unicode_ci DEFAULT NULL,
  `amount` decimal(15,2) unsigned NOT NULL,
  `order_id` bigint unsigned DEFAULT NULL,
  `status` varchar(60) COLLATE utf8mb4_unicode_ci DEFAULT 'pending',
  `payment_type` varchar(191) COLLATE utf8mb4_unicode_ci DEFAULT 'confirm',
  `customer_id` bigint unsigned DEFAULT NULL,
  `refunded_amount` decimal(15,2) unsigned DEFAULT NULL,
  `refund_note` varchar(255) COLLATE utf8mb4_unicode_ci DEFAULT NULL,
  `created_at` timestamp NULL DEFAULT NULL,
  `updated_at` timestamp NULL DEFAULT NULL,
  `customer_type` varchar(255) COLLATE utf8mb4_unicode_ci DEFAULT NULL,
  `metadata` mediumtext COLLATE utf8mb4_unicode_ci,
  PRIMARY KEY (`id`)
) ENGINE=InnoDB AUTO_INCREMENT=21 DEFAULT CHARSET=utf8mb4 COLLATE=utf8mb4_unicode_ci;

--
-- Dumping data for table `payments`
--

INSERT INTO `payments` VALUES (1,'USD',0,'54CBMUXJYS','razorpay',NULL,726.00,1,'completed','confirm',3,NULL,NULL,'2024-01-08 00:28:45','2024-01-08 00:28:45','Botble\\Ecommerce\\Models\\Customer',NULL),(2,'USD',0,'PQNTPFOTO4','razorpay',NULL,951.00,2,'completed','confirm',2,NULL,NULL,'2024-01-08 00:28:45','2024-01-08 00:28:45','Botble\\Ecommerce\\Models\\Customer',NULL),(3,'USD',0,'M5YI60WSXJ','bank_transfer',NULL,1157.00,3,'pending','confirm',2,NULL,NULL,'2024-01-08 00:28:45','2024-01-08 00:28:45','Botble\\Ecommerce\\Models\\Customer',NULL),(4,'USD',0,'GPUWS55PAN','paypal',NULL,1131.00,4,'completed','confirm',5,NULL,NULL,'2024-01-08 00:28:45','2024-01-08 00:28:45','Botble\\Ecommerce\\Models\\Customer',NULL),(5,'USD',0,'KGXNIXRCDY','paystack',NULL,623.00,5,'completed','confirm',9,NULL,NULL,'2024-01-08 00:28:45','2024-01-08 00:28:45','Botble\\Ecommerce\\Models\\Customer',NULL),(6,'USD',0,'2JT2N4FLIG','razorpay',NULL,989.00,6,'completed','confirm',2,NULL,NULL,'2024-01-08 00:28:46','2024-01-08 00:28:46','Botble\\Ecommerce\\Models\\Customer',NULL),(7,'USD',0,'2BOQ9Z5GI8','razorpay',NULL,1298.00,7,'completed','confirm',8,NULL,NULL,'2024-01-08 00:28:46','2024-01-08 00:28:46','Botble\\Ecommerce\\Models\\Customer',NULL),(8,'USD',0,'UJGPTKHJZA','stripe',NULL,747.00,8,'completed','confirm',8,NULL,NULL,'2024-01-08 00:28:46','2024-01-08 00:28:46','Botble\\Ecommerce\\Models\\Customer',NULL),(9,'USD',0,'DGYPLMVDBI','paystack',NULL,854.00,9,'completed','confirm',7,NULL,NULL,'2024-01-08 00:28:46','2024-01-08 00:28:46','Botble\\Ecommerce\\Models\\Customer',NULL),(10,'USD',0,'IOQ5WTJVVF','mollie',NULL,574.00,10,'completed','confirm',8,NULL,NULL,'2024-01-08 00:28:46','2024-01-08 00:28:46','Botble\\Ecommerce\\Models\\Customer',NULL),(11,'USD',0,'XWA649MMGN','cod',NULL,878.00,11,'pending','confirm',8,NULL,NULL,'2024-01-08 00:28:47','2024-01-08 00:28:47','Botble\\Ecommerce\\Models\\Customer',NULL),(12,'USD',0,'KEWPG3TQ1R','paystack',NULL,502.00,12,'completed','confirm',4,NULL,NULL,'2024-01-08 00:28:47','2024-01-08 00:28:47','Botble\\Ecommerce\\Models\\Customer',NULL),(13,'USD',0,'UBHWXSATCL','paystack',NULL,824.00,13,'completed','confirm',10,NULL,NULL,'2024-01-08 00:28:47','2024-01-08 00:28:47','Botble\\Ecommerce\\Models\\Customer',NULL),(14,'USD',0,'GCBRT8EHW8','paystack',NULL,606.00,14,'completed','confirm',4,NULL,NULL,'2024-01-08 00:28:47','2024-01-08 00:28:47','Botble\\Ecommerce\\Models\\Customer',NULL),(15,'USD',0,'CQ0SSUFJXO','paystack',NULL,1606.00,15,'completed','confirm',9,NULL,NULL,'2024-01-08 00:28:47','2024-01-08 00:28:47','Botble\\Ecommerce\\Models\\Customer',NULL),(16,'USD',0,'EDC0IDLCP9','cod',NULL,585.00,16,'pending','confirm',9,NULL,NULL,'2024-01-08 00:28:47','2024-01-08 00:28:47','Botble\\Ecommerce\\Models\\Customer',NULL),(17,'USD',0,'953J3SNX8H','sslcommerz',NULL,1095.00,17,'completed','confirm',3,NULL,NULL,'2024-01-08 00:28:48','2024-01-08 00:28:48','Botble\\Ecommerce\\Models\\Customer',NULL),(18,'USD',0,'BXAJ5TNETT','cod',NULL,706.00,18,'pending','confirm',1,NULL,NULL,'2024-01-08 00:28:48','2024-01-08 00:28:48','Botble\\Ecommerce\\Models\\Customer',NULL),(19,'USD',0,'2WDLYUPLGI','mollie',NULL,257.00,19,'completed','confirm',1,NULL,NULL,'2024-01-08 00:28:48','2024-01-08 00:28:48','Botble\\Ecommerce\\Models\\Customer',NULL),(20,'USD',0,'S1JCCI0DWG','sslcommerz',NULL,694.00,20,'completed','confirm',3,NULL,NULL,'2024-01-08 00:28:48','2024-01-08 00:28:48','Botble\\Ecommerce\\Models\\Customer',NULL);

--
-- Table structure for table `personal_access_tokens`
--

CREATE TABLE `personal_access_tokens` (
  `id` bigint unsigned NOT NULL AUTO_INCREMENT,
  `tokenable_type` varchar(191) COLLATE utf8mb4_unicode_ci NOT NULL,
  `tokenable_id` bigint unsigned NOT NULL,
  `name` varchar(191) COLLATE utf8mb4_unicode_ci NOT NULL,
  `token` varchar(64) COLLATE utf8mb4_unicode_ci NOT NULL,
  `abilities` text COLLATE utf8mb4_unicode_ci,
  `last_used_at` timestamp NULL DEFAULT NULL,
  `expires_at` timestamp NULL DEFAULT NULL,
  `created_at` timestamp NULL DEFAULT NULL,
  `updated_at` timestamp NULL DEFAULT NULL,
  PRIMARY KEY (`id`),
  UNIQUE KEY `personal_access_tokens_token_unique` (`token`),
  KEY `personal_access_tokens_tokenable_type_tokenable_id_index` (`tokenable_type`,`tokenable_id`)
) ENGINE=InnoDB DEFAULT CHARSET=utf8mb4 COLLATE=utf8mb4_unicode_ci;

--
-- Dumping data for table `personal_access_tokens`
--


--
-- Table structure for table `post_categories`
--

CREATE TABLE `post_categories` (
  `category_id` bigint unsigned NOT NULL,
  `post_id` bigint unsigned NOT NULL,
  KEY `post_categories_category_id_index` (`category_id`),
  KEY `post_categories_post_id_index` (`post_id`)
) ENGINE=InnoDB DEFAULT CHARSET=utf8mb4 COLLATE=utf8mb4_unicode_ci;

--
-- Dumping data for table `post_categories`
--

INSERT INTO `post_categories` VALUES (2,1),(4,1),(2,2),(3,2),(2,3),(4,3),(1,4),(3,4),(1,5),(4,5),(1,6),(3,6),(1,7),(4,7),(2,8),(4,8),(2,9),(3,9),(1,10),(3,10),(2,11),(4,11);

--
-- Table structure for table `post_tags`
--

CREATE TABLE `post_tags` (
  `tag_id` bigint unsigned NOT NULL,
  `post_id` bigint unsigned NOT NULL,
  KEY `post_tags_tag_id_index` (`tag_id`),
  KEY `post_tags_post_id_index` (`post_id`)
) ENGINE=InnoDB DEFAULT CHARSET=utf8mb4 COLLATE=utf8mb4_unicode_ci;

--
-- Dumping data for table `post_tags`
--

INSERT INTO `post_tags` VALUES (1,1),(2,1),(3,1),(4,1),(5,1),(1,2),(2,2),(3,2),(4,2),(5,2),(1,3),(2,3),(3,3),(4,3),(5,3),(1,4),(2,4),(3,4),(4,4),(5,4),(1,5),(2,5),(3,5),(4,5),(5,5),(1,6),(2,6),(3,6),(4,6),(5,6),(1,7),(2,7),(3,7),(4,7),(5,7),(1,8),(2,8),(3,8),(4,8),(5,8),(1,9),(2,9),(3,9),(4,9),(5,9),(1,10),(2,10),(3,10),(4,10),(5,10),(1,11),(2,11),(3,11),(4,11),(5,11);

--
-- Table structure for table `posts`
--

CREATE TABLE `posts` (
  `id` bigint unsigned NOT NULL AUTO_INCREMENT,
  `name` varchar(255) COLLATE utf8mb4_unicode_ci NOT NULL,
  `description` varchar(400) COLLATE utf8mb4_unicode_ci DEFAULT NULL,
  `content` longtext COLLATE utf8mb4_unicode_ci,
  `status` varchar(60) COLLATE utf8mb4_unicode_ci NOT NULL DEFAULT 'published',
  `author_id` bigint unsigned DEFAULT NULL,
  `author_type` varchar(255) COLLATE utf8mb4_unicode_ci NOT NULL DEFAULT 'Botble\\ACL\\Models\\User',
  `is_featured` tinyint unsigned NOT NULL DEFAULT '0',
  `image` varchar(255) COLLATE utf8mb4_unicode_ci DEFAULT NULL,
  `views` int unsigned NOT NULL DEFAULT '0',
  `format_type` varchar(30) COLLATE utf8mb4_unicode_ci DEFAULT NULL,
  `created_at` timestamp NULL DEFAULT NULL,
  `updated_at` timestamp NULL DEFAULT NULL,
  PRIMARY KEY (`id`),
  KEY `posts_status_index` (`status`),
  KEY `posts_author_id_index` (`author_id`),
  KEY `posts_author_type_index` (`author_type`),
  KEY `posts_created_at_index` (`created_at`)
) ENGINE=InnoDB AUTO_INCREMENT=12 DEFAULT CHARSET=utf8mb4 COLLATE=utf8mb4_unicode_ci;

--
-- Dumping data for table `posts`
--

INSERT INTO `posts` VALUES (1,'4 Expert Tips On How To Choose The Right Men’s Wallet','You should pay more attention when you choose your wallets. There are a lot of them on the market with the different designs and styles. When you choose carefully, you would be able to buy a wallet that is catered to your needs. Not to mention that it will help to enhance your style significantly.','<p>I have seen many people underestimating the power of their wallets. To them, they are just a functional item they use to carry. As a result, they often end up with the wallets which are not really suitable for them.</p>\n\n<p>You should pay more attention when you choose your wallets. There are a lot of them on the market with the different designs and styles. When you choose carefully, you would be able to buy a wallet that is catered to your needs. Not to mention that it will help to enhance your style significantly.</p>\n\n<p style=\"text-align:center\"><img alt=\"f4\" src=\"/storage/news/1.jpg\" /></p>\n\n<p><br />\n&nbsp;</p>\n\n\n\n<p><strong><em>For all of the reason above, here are 7 expert tips to help you pick up the right men&rsquo;s wallet for you:</em></strong></p>\n\n<h4><strong>Number 1: Choose A Neat Wallet</strong></h4>\n\n<p>The wallet is an essential accessory that you should go simple. Simplicity is the best in this case. A simple and neat wallet with the plain color and even&nbsp;<strong>minimalist style</strong>&nbsp;is versatile. It can be used for both formal and casual events. In addition, that wallet will go well with most of the clothes in your wardrobe.</p>\n\n<p>Keep in mind that a wallet will tell other people about your personality and your fashion sense as much as other clothes you put on. Hence, don&rsquo;t go cheesy on your wallet or else people will think that you have a funny and particular style.</p>\n\n<p style=\"text-align:center\"><img alt=\"f5\" src=\"/storage/news/2.jpg\" /></p>\n\n<p><br />\n&nbsp;</p>\n<hr />\n<h4><strong>Number 2: Choose The Right Size For Your Wallet</strong></h4>\n\n<p>You should avoid having an over-sized wallet. Don&rsquo;t think that you need to buy a big wallet because you have a lot to carry with you. In addition, a fat wallet is very ugly. It will make it harder for you to slide the wallet into your trousers&rsquo; pocket. In addition, it will create a bulge and ruin your look.</p>\n\n<p>Before you go on to buy a new wallet, clean out your wallet and place all of the items from your wallet on a table. Throw away things that you would never need any more such as the old bills or the expired gift cards. Remember to check your wallet on a frequent basis to get rid of all of the old stuff that you don&rsquo;t need anymore.</p>\n\n<p style=\"text-align:center\"><img alt=\"f1\" src=\"/storage/news/3.jpg\" /></p>\n\n<p><br />\n&nbsp;</p>\n\n<hr />\n<h4><strong>Number 3: Don&rsquo;t Limit Your Options Of Materials</strong></h4>\n\n<p>The types and designs of wallets are not the only things that you should consider when you go out searching for your best wallet. You have more than 1 option of material rather than leather to choose from as well.</p>\n\n<p>You can experiment with other available options such as cotton, polyester and canvas. They all have their own pros and cons. As a result, they will be suitable for different needs and requirements. You should think about them all in order to choose the material which you would like the most.</p>\n\n<p style=\"text-align:center\"><img alt=\"f6\" height=\"375\" src=\"/storage/news/4.jpg\" /></p>\n\n<p><br />\n&nbsp;</p>\n\n<hr />\n<h4><strong>Number 4: Consider A Wallet As A Long Term Investment</strong></h4>\n\n<p>Your wallet is indeed an investment that you should consider spending a decent amount of time and effort on it. Another factor that you need to consider is how much you want to spend on your wallet. The price ranges of wallets on the market vary a great deal. You can find a wallet which is as cheap as about 5 to 7 dollars. On the other hand, you should expect to pay around 250 to 300 dollars for a high-quality wallet.</p>\n\n<p>In case you need a wallet to use for a long time, it is a good idea that you should invest a decent amount of money on a wallet. A high quality wallet from a reputational brand with the premium quality such as cowhide leather will last for a long time. In addition, it is an accessory to show off your fashion sense and your social status.</p>\n\n<p style=\"text-align:center\"><img alt=\"f2\" height=\"400\" src=\"/storage/news/5.jpg\" /></p>\n\n<p>&nbsp;</p>\n','published',1,'Botble\\ACL\\Models\\User',1,'news/1.jpg',467,NULL,'2024-01-08 00:28:50','2024-01-08 00:28:50'),(2,'Sexy Clutches: How to Buy &amp; Wear a Designer Clutch Bag','You should pay more attention when you choose your wallets. There are a lot of them on the market with the different designs and styles. When you choose carefully, you would be able to buy a wallet that is catered to your needs. Not to mention that it will help to enhance your style significantly.','<p>I have seen many people underestimating the power of their wallets. To them, they are just a functional item they use to carry. As a result, they often end up with the wallets which are not really suitable for them.</p>\n\n<p>You should pay more attention when you choose your wallets. There are a lot of them on the market with the different designs and styles. When you choose carefully, you would be able to buy a wallet that is catered to your needs. Not to mention that it will help to enhance your style significantly.</p>\n\n<p style=\"text-align:center\"><img alt=\"f4\" src=\"/storage/news/1.jpg\" /></p>\n\n<p><br />\n&nbsp;</p>\n\n\n\n<p><strong><em>For all of the reason above, here are 7 expert tips to help you pick up the right men&rsquo;s wallet for you:</em></strong></p>\n\n<h4><strong>Number 1: Choose A Neat Wallet</strong></h4>\n\n<p>The wallet is an essential accessory that you should go simple. Simplicity is the best in this case. A simple and neat wallet with the plain color and even&nbsp;<strong>minimalist style</strong>&nbsp;is versatile. It can be used for both formal and casual events. In addition, that wallet will go well with most of the clothes in your wardrobe.</p>\n\n<p>Keep in mind that a wallet will tell other people about your personality and your fashion sense as much as other clothes you put on. Hence, don&rsquo;t go cheesy on your wallet or else people will think that you have a funny and particular style.</p>\n\n<p style=\"text-align:center\"><img alt=\"f5\" src=\"/storage/news/2.jpg\" /></p>\n\n<p><br />\n&nbsp;</p>\n<hr />\n<h4><strong>Number 2: Choose The Right Size For Your Wallet</strong></h4>\n\n<p>You should avoid having an over-sized wallet. Don&rsquo;t think that you need to buy a big wallet because you have a lot to carry with you. In addition, a fat wallet is very ugly. It will make it harder for you to slide the wallet into your trousers&rsquo; pocket. In addition, it will create a bulge and ruin your look.</p>\n\n<p>Before you go on to buy a new wallet, clean out your wallet and place all of the items from your wallet on a table. Throw away things that you would never need any more such as the old bills or the expired gift cards. Remember to check your wallet on a frequent basis to get rid of all of the old stuff that you don&rsquo;t need anymore.</p>\n\n<p style=\"text-align:center\"><img alt=\"f1\" src=\"/storage/news/3.jpg\" /></p>\n\n<p><br />\n&nbsp;</p>\n\n<hr />\n<h4><strong>Number 3: Don&rsquo;t Limit Your Options Of Materials</strong></h4>\n\n<p>The types and designs of wallets are not the only things that you should consider when you go out searching for your best wallet. You have more than 1 option of material rather than leather to choose from as well.</p>\n\n<p>You can experiment with other available options such as cotton, polyester and canvas. They all have their own pros and cons. As a result, they will be suitable for different needs and requirements. You should think about them all in order to choose the material which you would like the most.</p>\n\n<p style=\"text-align:center\"><img alt=\"f6\" height=\"375\" src=\"/storage/news/4.jpg\" /></p>\n\n<p><br />\n&nbsp;</p>\n\n<hr />\n<h4><strong>Number 4: Consider A Wallet As A Long Term Investment</strong></h4>\n\n<p>Your wallet is indeed an investment that you should consider spending a decent amount of time and effort on it. Another factor that you need to consider is how much you want to spend on your wallet. The price ranges of wallets on the market vary a great deal. You can find a wallet which is as cheap as about 5 to 7 dollars. On the other hand, you should expect to pay around 250 to 300 dollars for a high-quality wallet.</p>\n\n<p>In case you need a wallet to use for a long time, it is a good idea that you should invest a decent amount of money on a wallet. A high quality wallet from a reputational brand with the premium quality such as cowhide leather will last for a long time. In addition, it is an accessory to show off your fashion sense and your social status.</p>\n\n<p style=\"text-align:center\"><img alt=\"f2\" height=\"400\" src=\"/storage/news/5.jpg\" /></p>\n\n<p>&nbsp;</p>\n','published',1,'Botble\\ACL\\Models\\User',1,'news/2.jpg',1748,NULL,'2024-01-08 00:28:50','2024-01-08 00:28:50'),(3,'The Top 2020 Handbag Trends to Know','You should pay more attention when you choose your wallets. There are a lot of them on the market with the different designs and styles. When you choose carefully, you would be able to buy a wallet that is catered to your needs. Not to mention that it will help to enhance your style significantly.','<p>I have seen many people underestimating the power of their wallets. To them, they are just a functional item they use to carry. As a result, they often end up with the wallets which are not really suitable for them.</p>\n\n<p>You should pay more attention when you choose your wallets. There are a lot of them on the market with the different designs and styles. When you choose carefully, you would be able to buy a wallet that is catered to your needs. Not to mention that it will help to enhance your style significantly.</p>\n\n<p style=\"text-align:center\"><img alt=\"f4\" src=\"/storage/news/1.jpg\" /></p>\n\n<p><br />\n&nbsp;</p>\n\n\n\n<p><strong><em>For all of the reason above, here are 7 expert tips to help you pick up the right men&rsquo;s wallet for you:</em></strong></p>\n\n<h4><strong>Number 1: Choose A Neat Wallet</strong></h4>\n\n<p>The wallet is an essential accessory that you should go simple. Simplicity is the best in this case. A simple and neat wallet with the plain color and even&nbsp;<strong>minimalist style</strong>&nbsp;is versatile. It can be used for both formal and casual events. In addition, that wallet will go well with most of the clothes in your wardrobe.</p>\n\n<p>Keep in mind that a wallet will tell other people about your personality and your fashion sense as much as other clothes you put on. Hence, don&rsquo;t go cheesy on your wallet or else people will think that you have a funny and particular style.</p>\n\n<p style=\"text-align:center\"><img alt=\"f5\" src=\"/storage/news/2.jpg\" /></p>\n\n<p><br />\n&nbsp;</p>\n<hr />\n<h4><strong>Number 2: Choose The Right Size For Your Wallet</strong></h4>\n\n<p>You should avoid having an over-sized wallet. Don&rsquo;t think that you need to buy a big wallet because you have a lot to carry with you. In addition, a fat wallet is very ugly. It will make it harder for you to slide the wallet into your trousers&rsquo; pocket. In addition, it will create a bulge and ruin your look.</p>\n\n<p>Before you go on to buy a new wallet, clean out your wallet and place all of the items from your wallet on a table. Throw away things that you would never need any more such as the old bills or the expired gift cards. Remember to check your wallet on a frequent basis to get rid of all of the old stuff that you don&rsquo;t need anymore.</p>\n\n<p style=\"text-align:center\"><img alt=\"f1\" src=\"/storage/news/3.jpg\" /></p>\n\n<p><br />\n&nbsp;</p>\n\n<hr />\n<h4><strong>Number 3: Don&rsquo;t Limit Your Options Of Materials</strong></h4>\n\n<p>The types and designs of wallets are not the only things that you should consider when you go out searching for your best wallet. You have more than 1 option of material rather than leather to choose from as well.</p>\n\n<p>You can experiment with other available options such as cotton, polyester and canvas. They all have their own pros and cons. As a result, they will be suitable for different needs and requirements. You should think about them all in order to choose the material which you would like the most.</p>\n\n<p style=\"text-align:center\"><img alt=\"f6\" height=\"375\" src=\"/storage/news/4.jpg\" /></p>\n\n<p><br />\n&nbsp;</p>\n\n<hr />\n<h4><strong>Number 4: Consider A Wallet As A Long Term Investment</strong></h4>\n\n<p>Your wallet is indeed an investment that you should consider spending a decent amount of time and effort on it. Another factor that you need to consider is how much you want to spend on your wallet. The price ranges of wallets on the market vary a great deal. You can find a wallet which is as cheap as about 5 to 7 dollars. On the other hand, you should expect to pay around 250 to 300 dollars for a high-quality wallet.</p>\n\n<p>In case you need a wallet to use for a long time, it is a good idea that you should invest a decent amount of money on a wallet. A high quality wallet from a reputational brand with the premium quality such as cowhide leather will last for a long time. In addition, it is an accessory to show off your fashion sense and your social status.</p>\n\n<p style=\"text-align:center\"><img alt=\"f2\" height=\"400\" src=\"/storage/news/5.jpg\" /></p>\n\n<p>&nbsp;</p>\n','published',1,'Botble\\ACL\\Models\\User',1,'news/3.jpg',2246,NULL,'2024-01-08 00:28:50','2024-01-08 00:28:50'),(4,'How to Match the Color of Your Handbag With an Outfit','You should pay more attention when you choose your wallets. There are a lot of them on the market with the different designs and styles. When you choose carefully, you would be able to buy a wallet that is catered to your needs. Not to mention that it will help to enhance your style significantly.','<p>I have seen many people underestimating the power of their wallets. To them, they are just a functional item they use to carry. As a result, they often end up with the wallets which are not really suitable for them.</p>\n\n<p>You should pay more attention when you choose your wallets. There are a lot of them on the market with the different designs and styles. When you choose carefully, you would be able to buy a wallet that is catered to your needs. Not to mention that it will help to enhance your style significantly.</p>\n\n<p style=\"text-align:center\"><img alt=\"f4\" src=\"/storage/news/1.jpg\" /></p>\n\n<p><br />\n&nbsp;</p>\n\n[featured-products title=\"Shop The Look\" limit=\"6\"][/featured-products]\n\n<p><strong><em>For all of the reason above, here are 7 expert tips to help you pick up the right men&rsquo;s wallet for you:</em></strong></p>\n\n<h4><strong>Number 1: Choose A Neat Wallet</strong></h4>\n\n<p>The wallet is an essential accessory that you should go simple. Simplicity is the best in this case. A simple and neat wallet with the plain color and even&nbsp;<strong>minimalist style</strong>&nbsp;is versatile. It can be used for both formal and casual events. In addition, that wallet will go well with most of the clothes in your wardrobe.</p>\n\n<p>Keep in mind that a wallet will tell other people about your personality and your fashion sense as much as other clothes you put on. Hence, don&rsquo;t go cheesy on your wallet or else people will think that you have a funny and particular style.</p>\n\n<p style=\"text-align:center\"><img alt=\"f5\" src=\"/storage/news/2.jpg\" /></p>\n\n<p><br />\n&nbsp;</p>\n<hr />\n<h4><strong>Number 2: Choose The Right Size For Your Wallet</strong></h4>\n\n<p>You should avoid having an over-sized wallet. Don&rsquo;t think that you need to buy a big wallet because you have a lot to carry with you. In addition, a fat wallet is very ugly. It will make it harder for you to slide the wallet into your trousers&rsquo; pocket. In addition, it will create a bulge and ruin your look.</p>\n\n<p>Before you go on to buy a new wallet, clean out your wallet and place all of the items from your wallet on a table. Throw away things that you would never need any more such as the old bills or the expired gift cards. Remember to check your wallet on a frequent basis to get rid of all of the old stuff that you don&rsquo;t need anymore.</p>\n\n<p style=\"text-align:center\"><img alt=\"f1\" src=\"/storage/news/3.jpg\" /></p>\n\n<p><br />\n&nbsp;</p>\n\n<hr />\n<h4><strong>Number 3: Don&rsquo;t Limit Your Options Of Materials</strong></h4>\n\n<p>The types and designs of wallets are not the only things that you should consider when you go out searching for your best wallet. You have more than 1 option of material rather than leather to choose from as well.</p>\n\n<p>You can experiment with other available options such as cotton, polyester and canvas. They all have their own pros and cons. As a result, they will be suitable for different needs and requirements. You should think about them all in order to choose the material which you would like the most.</p>\n\n<p style=\"text-align:center\"><img alt=\"f6\" height=\"375\" src=\"/storage/news/4.jpg\" /></p>\n\n<p><br />\n&nbsp;</p>\n\n<hr />\n<h4><strong>Number 4: Consider A Wallet As A Long Term Investment</strong></h4>\n\n<p>Your wallet is indeed an investment that you should consider spending a decent amount of time and effort on it. Another factor that you need to consider is how much you want to spend on your wallet. The price ranges of wallets on the market vary a great deal. You can find a wallet which is as cheap as about 5 to 7 dollars. On the other hand, you should expect to pay around 250 to 300 dollars for a high-quality wallet.</p>\n\n<p>In case you need a wallet to use for a long time, it is a good idea that you should invest a decent amount of money on a wallet. A high quality wallet from a reputational brand with the premium quality such as cowhide leather will last for a long time. In addition, it is an accessory to show off your fashion sense and your social status.</p>\n\n<p style=\"text-align:center\"><img alt=\"f2\" height=\"400\" src=\"/storage/news/5.jpg\" /></p>\n\n<p>&nbsp;</p>\n','published',1,'Botble\\ACL\\Models\\User',1,'news/4.jpg',1431,NULL,'2024-01-08 00:28:50','2024-01-08 00:28:50'),(5,'How to Care for Leather Bags','You should pay more attention when you choose your wallets. There are a lot of them on the market with the different designs and styles. When you choose carefully, you would be able to buy a wallet that is catered to your needs. Not to mention that it will help to enhance your style significantly.','<p>I have seen many people underestimating the power of their wallets. To them, they are just a functional item they use to carry. As a result, they often end up with the wallets which are not really suitable for them.</p>\n\n<p>You should pay more attention when you choose your wallets. There are a lot of them on the market with the different designs and styles. When you choose carefully, you would be able to buy a wallet that is catered to your needs. Not to mention that it will help to enhance your style significantly.</p>\n\n<p style=\"text-align:center\"><img alt=\"f4\" src=\"/storage/news/1.jpg\" /></p>\n\n<p><br />\n&nbsp;</p>\n\n\n\n<p><strong><em>For all of the reason above, here are 7 expert tips to help you pick up the right men&rsquo;s wallet for you:</em></strong></p>\n\n<h4><strong>Number 1: Choose A Neat Wallet</strong></h4>\n\n<p>The wallet is an essential accessory that you should go simple. Simplicity is the best in this case. A simple and neat wallet with the plain color and even&nbsp;<strong>minimalist style</strong>&nbsp;is versatile. It can be used for both formal and casual events. In addition, that wallet will go well with most of the clothes in your wardrobe.</p>\n\n<p>Keep in mind that a wallet will tell other people about your personality and your fashion sense as much as other clothes you put on. Hence, don&rsquo;t go cheesy on your wallet or else people will think that you have a funny and particular style.</p>\n\n<p style=\"text-align:center\"><img alt=\"f5\" src=\"/storage/news/2.jpg\" /></p>\n\n<p><br />\n&nbsp;</p>\n<hr />\n<h4><strong>Number 2: Choose The Right Size For Your Wallet</strong></h4>\n\n<p>You should avoid having an over-sized wallet. Don&rsquo;t think that you need to buy a big wallet because you have a lot to carry with you. In addition, a fat wallet is very ugly. It will make it harder for you to slide the wallet into your trousers&rsquo; pocket. In addition, it will create a bulge and ruin your look.</p>\n\n<p>Before you go on to buy a new wallet, clean out your wallet and place all of the items from your wallet on a table. Throw away things that you would never need any more such as the old bills or the expired gift cards. Remember to check your wallet on a frequent basis to get rid of all of the old stuff that you don&rsquo;t need anymore.</p>\n\n<p style=\"text-align:center\"><img alt=\"f1\" src=\"/storage/news/3.jpg\" /></p>\n\n<p><br />\n&nbsp;</p>\n\n<hr />\n<h4><strong>Number 3: Don&rsquo;t Limit Your Options Of Materials</strong></h4>\n\n<p>The types and designs of wallets are not the only things that you should consider when you go out searching for your best wallet. You have more than 1 option of material rather than leather to choose from as well.</p>\n\n<p>You can experiment with other available options such as cotton, polyester and canvas. They all have their own pros and cons. As a result, they will be suitable for different needs and requirements. You should think about them all in order to choose the material which you would like the most.</p>\n\n<p style=\"text-align:center\"><img alt=\"f6\" height=\"375\" src=\"/storage/news/4.jpg\" /></p>\n\n<p><br />\n&nbsp;</p>\n\n<hr />\n<h4><strong>Number 4: Consider A Wallet As A Long Term Investment</strong></h4>\n\n<p>Your wallet is indeed an investment that you should consider spending a decent amount of time and effort on it. Another factor that you need to consider is how much you want to spend on your wallet. The price ranges of wallets on the market vary a great deal. You can find a wallet which is as cheap as about 5 to 7 dollars. On the other hand, you should expect to pay around 250 to 300 dollars for a high-quality wallet.</p>\n\n<p>In case you need a wallet to use for a long time, it is a good idea that you should invest a decent amount of money on a wallet. A high quality wallet from a reputational brand with the premium quality such as cowhide leather will last for a long time. In addition, it is an accessory to show off your fashion sense and your social status.</p>\n\n<p style=\"text-align:center\"><img alt=\"f2\" height=\"400\" src=\"/storage/news/5.jpg\" /></p>\n\n<p>&nbsp;</p>\n','published',1,'Botble\\ACL\\Models\\User',1,'news/5.jpg',2212,NULL,'2024-01-08 00:28:50','2024-01-08 00:28:50'),(6,'We\'re Crushing Hard on Summer\'s 10 Biggest Bag Trends','You should pay more attention when you choose your wallets. There are a lot of them on the market with the different designs and styles. When you choose carefully, you would be able to buy a wallet that is catered to your needs. Not to mention that it will help to enhance your style significantly.','<p>I have seen many people underestimating the power of their wallets. To them, they are just a functional item they use to carry. As a result, they often end up with the wallets which are not really suitable for them.</p>\n\n<p>You should pay more attention when you choose your wallets. There are a lot of them on the market with the different designs and styles. When you choose carefully, you would be able to buy a wallet that is catered to your needs. Not to mention that it will help to enhance your style significantly.</p>\n\n<p style=\"text-align:center\"><img alt=\"f4\" src=\"/storage/news/1.jpg\" /></p>\n\n<p><br />\n&nbsp;</p>\n\n\n\n<p><strong><em>For all of the reason above, here are 7 expert tips to help you pick up the right men&rsquo;s wallet for you:</em></strong></p>\n\n<h4><strong>Number 1: Choose A Neat Wallet</strong></h4>\n\n<p>The wallet is an essential accessory that you should go simple. Simplicity is the best in this case. A simple and neat wallet with the plain color and even&nbsp;<strong>minimalist style</strong>&nbsp;is versatile. It can be used for both formal and casual events. In addition, that wallet will go well with most of the clothes in your wardrobe.</p>\n\n<p>Keep in mind that a wallet will tell other people about your personality and your fashion sense as much as other clothes you put on. Hence, don&rsquo;t go cheesy on your wallet or else people will think that you have a funny and particular style.</p>\n\n<p style=\"text-align:center\"><img alt=\"f5\" src=\"/storage/news/2.jpg\" /></p>\n\n<p><br />\n&nbsp;</p>\n<hr />\n<h4><strong>Number 2: Choose The Right Size For Your Wallet</strong></h4>\n\n<p>You should avoid having an over-sized wallet. Don&rsquo;t think that you need to buy a big wallet because you have a lot to carry with you. In addition, a fat wallet is very ugly. It will make it harder for you to slide the wallet into your trousers&rsquo; pocket. In addition, it will create a bulge and ruin your look.</p>\n\n<p>Before you go on to buy a new wallet, clean out your wallet and place all of the items from your wallet on a table. Throw away things that you would never need any more such as the old bills or the expired gift cards. Remember to check your wallet on a frequent basis to get rid of all of the old stuff that you don&rsquo;t need anymore.</p>\n\n<p style=\"text-align:center\"><img alt=\"f1\" src=\"/storage/news/3.jpg\" /></p>\n\n<p><br />\n&nbsp;</p>\n\n<hr />\n<h4><strong>Number 3: Don&rsquo;t Limit Your Options Of Materials</strong></h4>\n\n<p>The types and designs of wallets are not the only things that you should consider when you go out searching for your best wallet. You have more than 1 option of material rather than leather to choose from as well.</p>\n\n<p>You can experiment with other available options such as cotton, polyester and canvas. They all have their own pros and cons. As a result, they will be suitable for different needs and requirements. You should think about them all in order to choose the material which you would like the most.</p>\n\n<p style=\"text-align:center\"><img alt=\"f6\" height=\"375\" src=\"/storage/news/4.jpg\" /></p>\n\n<p><br />\n&nbsp;</p>\n\n<hr />\n<h4><strong>Number 4: Consider A Wallet As A Long Term Investment</strong></h4>\n\n<p>Your wallet is indeed an investment that you should consider spending a decent amount of time and effort on it. Another factor that you need to consider is how much you want to spend on your wallet. The price ranges of wallets on the market vary a great deal. You can find a wallet which is as cheap as about 5 to 7 dollars. On the other hand, you should expect to pay around 250 to 300 dollars for a high-quality wallet.</p>\n\n<p>In case you need a wallet to use for a long time, it is a good idea that you should invest a decent amount of money on a wallet. A high quality wallet from a reputational brand with the premium quality such as cowhide leather will last for a long time. In addition, it is an accessory to show off your fashion sense and your social status.</p>\n\n<p style=\"text-align:center\"><img alt=\"f2\" height=\"400\" src=\"/storage/news/5.jpg\" /></p>\n\n<p>&nbsp;</p>\n','published',1,'Botble\\ACL\\Models\\User',1,'news/6.jpg',2185,NULL,'2024-01-08 00:28:50','2024-01-08 00:28:50'),(7,'Essential Qualities of Highly Successful Music','You should pay more attention when you choose your wallets. There are a lot of them on the market with the different designs and styles. When you choose carefully, you would be able to buy a wallet that is catered to your needs. Not to mention that it will help to enhance your style significantly.','<p>I have seen many people underestimating the power of their wallets. To them, they are just a functional item they use to carry. As a result, they often end up with the wallets which are not really suitable for them.</p>\n\n<p>You should pay more attention when you choose your wallets. There are a lot of them on the market with the different designs and styles. When you choose carefully, you would be able to buy a wallet that is catered to your needs. Not to mention that it will help to enhance your style significantly.</p>\n\n<p style=\"text-align:center\"><img alt=\"f4\" src=\"/storage/news/1.jpg\" /></p>\n\n<p><br />\n&nbsp;</p>\n\n\n\n<p><strong><em>For all of the reason above, here are 7 expert tips to help you pick up the right men&rsquo;s wallet for you:</em></strong></p>\n\n<h4><strong>Number 1: Choose A Neat Wallet</strong></h4>\n\n<p>The wallet is an essential accessory that you should go simple. Simplicity is the best in this case. A simple and neat wallet with the plain color and even&nbsp;<strong>minimalist style</strong>&nbsp;is versatile. It can be used for both formal and casual events. In addition, that wallet will go well with most of the clothes in your wardrobe.</p>\n\n<p>Keep in mind that a wallet will tell other people about your personality and your fashion sense as much as other clothes you put on. Hence, don&rsquo;t go cheesy on your wallet or else people will think that you have a funny and particular style.</p>\n\n<p style=\"text-align:center\"><img alt=\"f5\" src=\"/storage/news/2.jpg\" /></p>\n\n<p><br />\n&nbsp;</p>\n<hr />\n<h4><strong>Number 2: Choose The Right Size For Your Wallet</strong></h4>\n\n<p>You should avoid having an over-sized wallet. Don&rsquo;t think that you need to buy a big wallet because you have a lot to carry with you. In addition, a fat wallet is very ugly. It will make it harder for you to slide the wallet into your trousers&rsquo; pocket. In addition, it will create a bulge and ruin your look.</p>\n\n<p>Before you go on to buy a new wallet, clean out your wallet and place all of the items from your wallet on a table. Throw away things that you would never need any more such as the old bills or the expired gift cards. Remember to check your wallet on a frequent basis to get rid of all of the old stuff that you don&rsquo;t need anymore.</p>\n\n<p style=\"text-align:center\"><img alt=\"f1\" src=\"/storage/news/3.jpg\" /></p>\n\n<p><br />\n&nbsp;</p>\n\n<hr />\n<h4><strong>Number 3: Don&rsquo;t Limit Your Options Of Materials</strong></h4>\n\n<p>The types and designs of wallets are not the only things that you should consider when you go out searching for your best wallet. You have more than 1 option of material rather than leather to choose from as well.</p>\n\n<p>You can experiment with other available options such as cotton, polyester and canvas. They all have their own pros and cons. As a result, they will be suitable for different needs and requirements. You should think about them all in order to choose the material which you would like the most.</p>\n\n<p style=\"text-align:center\"><img alt=\"f6\" height=\"375\" src=\"/storage/news/4.jpg\" /></p>\n\n<p><br />\n&nbsp;</p>\n\n<hr />\n<h4><strong>Number 4: Consider A Wallet As A Long Term Investment</strong></h4>\n\n<p>Your wallet is indeed an investment that you should consider spending a decent amount of time and effort on it. Another factor that you need to consider is how much you want to spend on your wallet. The price ranges of wallets on the market vary a great deal. You can find a wallet which is as cheap as about 5 to 7 dollars. On the other hand, you should expect to pay around 250 to 300 dollars for a high-quality wallet.</p>\n\n<p>In case you need a wallet to use for a long time, it is a good idea that you should invest a decent amount of money on a wallet. A high quality wallet from a reputational brand with the premium quality such as cowhide leather will last for a long time. In addition, it is an accessory to show off your fashion sense and your social status.</p>\n\n<p style=\"text-align:center\"><img alt=\"f2\" height=\"400\" src=\"/storage/news/5.jpg\" /></p>\n\n<p>&nbsp;</p>\n','published',1,'Botble\\ACL\\Models\\User',1,'news/7.jpg',984,NULL,'2024-01-08 00:28:50','2024-01-08 00:28:50'),(8,'9 Things I Love About Shaving My Head','You should pay more attention when you choose your wallets. There are a lot of them on the market with the different designs and styles. When you choose carefully, you would be able to buy a wallet that is catered to your needs. Not to mention that it will help to enhance your style significantly.','<p>I have seen many people underestimating the power of their wallets. To them, they are just a functional item they use to carry. As a result, they often end up with the wallets which are not really suitable for them.</p>\n\n<p>You should pay more attention when you choose your wallets. There are a lot of them on the market with the different designs and styles. When you choose carefully, you would be able to buy a wallet that is catered to your needs. Not to mention that it will help to enhance your style significantly.</p>\n\n<p style=\"text-align:center\"><img alt=\"f4\" src=\"/storage/news/1.jpg\" /></p>\n\n<p><br />\n&nbsp;</p>\n\n\n\n<p><strong><em>For all of the reason above, here are 7 expert tips to help you pick up the right men&rsquo;s wallet for you:</em></strong></p>\n\n<h4><strong>Number 1: Choose A Neat Wallet</strong></h4>\n\n<p>The wallet is an essential accessory that you should go simple. Simplicity is the best in this case. A simple and neat wallet with the plain color and even&nbsp;<strong>minimalist style</strong>&nbsp;is versatile. It can be used for both formal and casual events. In addition, that wallet will go well with most of the clothes in your wardrobe.</p>\n\n<p>Keep in mind that a wallet will tell other people about your personality and your fashion sense as much as other clothes you put on. Hence, don&rsquo;t go cheesy on your wallet or else people will think that you have a funny and particular style.</p>\n\n<p style=\"text-align:center\"><img alt=\"f5\" src=\"/storage/news/2.jpg\" /></p>\n\n<p><br />\n&nbsp;</p>\n<hr />\n<h4><strong>Number 2: Choose The Right Size For Your Wallet</strong></h4>\n\n<p>You should avoid having an over-sized wallet. Don&rsquo;t think that you need to buy a big wallet because you have a lot to carry with you. In addition, a fat wallet is very ugly. It will make it harder for you to slide the wallet into your trousers&rsquo; pocket. In addition, it will create a bulge and ruin your look.</p>\n\n<p>Before you go on to buy a new wallet, clean out your wallet and place all of the items from your wallet on a table. Throw away things that you would never need any more such as the old bills or the expired gift cards. Remember to check your wallet on a frequent basis to get rid of all of the old stuff that you don&rsquo;t need anymore.</p>\n\n<p style=\"text-align:center\"><img alt=\"f1\" src=\"/storage/news/3.jpg\" /></p>\n\n<p><br />\n&nbsp;</p>\n\n<hr />\n<h4><strong>Number 3: Don&rsquo;t Limit Your Options Of Materials</strong></h4>\n\n<p>The types and designs of wallets are not the only things that you should consider when you go out searching for your best wallet. You have more than 1 option of material rather than leather to choose from as well.</p>\n\n<p>You can experiment with other available options such as cotton, polyester and canvas. They all have their own pros and cons. As a result, they will be suitable for different needs and requirements. You should think about them all in order to choose the material which you would like the most.</p>\n\n<p style=\"text-align:center\"><img alt=\"f6\" height=\"375\" src=\"/storage/news/4.jpg\" /></p>\n\n<p><br />\n&nbsp;</p>\n\n<hr />\n<h4><strong>Number 4: Consider A Wallet As A Long Term Investment</strong></h4>\n\n<p>Your wallet is indeed an investment that you should consider spending a decent amount of time and effort on it. Another factor that you need to consider is how much you want to spend on your wallet. The price ranges of wallets on the market vary a great deal. You can find a wallet which is as cheap as about 5 to 7 dollars. On the other hand, you should expect to pay around 250 to 300 dollars for a high-quality wallet.</p>\n\n<p>In case you need a wallet to use for a long time, it is a good idea that you should invest a decent amount of money on a wallet. A high quality wallet from a reputational brand with the premium quality such as cowhide leather will last for a long time. In addition, it is an accessory to show off your fashion sense and your social status.</p>\n\n<p style=\"text-align:center\"><img alt=\"f2\" height=\"400\" src=\"/storage/news/5.jpg\" /></p>\n\n<p>&nbsp;</p>\n','published',1,'Botble\\ACL\\Models\\User',1,'news/8.jpg',1673,NULL,'2024-01-08 00:28:50','2024-01-08 00:28:50'),(9,'Why Teamwork Really Makes The Dream Work','You should pay more attention when you choose your wallets. There are a lot of them on the market with the different designs and styles. When you choose carefully, you would be able to buy a wallet that is catered to your needs. Not to mention that it will help to enhance your style significantly.','<p>I have seen many people underestimating the power of their wallets. To them, they are just a functional item they use to carry. As a result, they often end up with the wallets which are not really suitable for them.</p>\n\n<p>You should pay more attention when you choose your wallets. There are a lot of them on the market with the different designs and styles. When you choose carefully, you would be able to buy a wallet that is catered to your needs. Not to mention that it will help to enhance your style significantly.</p>\n\n<p style=\"text-align:center\"><img alt=\"f4\" src=\"/storage/news/1.jpg\" /></p>\n\n<p><br />\n&nbsp;</p>\n\n\n\n<p><strong><em>For all of the reason above, here are 7 expert tips to help you pick up the right men&rsquo;s wallet for you:</em></strong></p>\n\n<h4><strong>Number 1: Choose A Neat Wallet</strong></h4>\n\n<p>The wallet is an essential accessory that you should go simple. Simplicity is the best in this case. A simple and neat wallet with the plain color and even&nbsp;<strong>minimalist style</strong>&nbsp;is versatile. It can be used for both formal and casual events. In addition, that wallet will go well with most of the clothes in your wardrobe.</p>\n\n<p>Keep in mind that a wallet will tell other people about your personality and your fashion sense as much as other clothes you put on. Hence, don&rsquo;t go cheesy on your wallet or else people will think that you have a funny and particular style.</p>\n\n<p style=\"text-align:center\"><img alt=\"f5\" src=\"/storage/news/2.jpg\" /></p>\n\n<p><br />\n&nbsp;</p>\n<hr />\n<h4><strong>Number 2: Choose The Right Size For Your Wallet</strong></h4>\n\n<p>You should avoid having an over-sized wallet. Don&rsquo;t think that you need to buy a big wallet because you have a lot to carry with you. In addition, a fat wallet is very ugly. It will make it harder for you to slide the wallet into your trousers&rsquo; pocket. In addition, it will create a bulge and ruin your look.</p>\n\n<p>Before you go on to buy a new wallet, clean out your wallet and place all of the items from your wallet on a table. Throw away things that you would never need any more such as the old bills or the expired gift cards. Remember to check your wallet on a frequent basis to get rid of all of the old stuff that you don&rsquo;t need anymore.</p>\n\n<p style=\"text-align:center\"><img alt=\"f1\" src=\"/storage/news/3.jpg\" /></p>\n\n<p><br />\n&nbsp;</p>\n\n<hr />\n<h4><strong>Number 3: Don&rsquo;t Limit Your Options Of Materials</strong></h4>\n\n<p>The types and designs of wallets are not the only things that you should consider when you go out searching for your best wallet. You have more than 1 option of material rather than leather to choose from as well.</p>\n\n<p>You can experiment with other available options such as cotton, polyester and canvas. They all have their own pros and cons. As a result, they will be suitable for different needs and requirements. You should think about them all in order to choose the material which you would like the most.</p>\n\n<p style=\"text-align:center\"><img alt=\"f6\" height=\"375\" src=\"/storage/news/4.jpg\" /></p>\n\n<p><br />\n&nbsp;</p>\n\n<hr />\n<h4><strong>Number 4: Consider A Wallet As A Long Term Investment</strong></h4>\n\n<p>Your wallet is indeed an investment that you should consider spending a decent amount of time and effort on it. Another factor that you need to consider is how much you want to spend on your wallet. The price ranges of wallets on the market vary a great deal. You can find a wallet which is as cheap as about 5 to 7 dollars. On the other hand, you should expect to pay around 250 to 300 dollars for a high-quality wallet.</p>\n\n<p>In case you need a wallet to use for a long time, it is a good idea that you should invest a decent amount of money on a wallet. A high quality wallet from a reputational brand with the premium quality such as cowhide leather will last for a long time. In addition, it is an accessory to show off your fashion sense and your social status.</p>\n\n<p style=\"text-align:center\"><img alt=\"f2\" height=\"400\" src=\"/storage/news/5.jpg\" /></p>\n\n<p>&nbsp;</p>\n','published',1,'Botble\\ACL\\Models\\User',1,'news/9.jpg',1277,NULL,'2024-01-08 00:28:50','2024-01-08 00:28:50'),(10,'The World Caters to Average People','You should pay more attention when you choose your wallets. There are a lot of them on the market with the different designs and styles. When you choose carefully, you would be able to buy a wallet that is catered to your needs. Not to mention that it will help to enhance your style significantly.','<p>I have seen many people underestimating the power of their wallets. To them, they are just a functional item they use to carry. As a result, they often end up with the wallets which are not really suitable for them.</p>\n\n<p>You should pay more attention when you choose your wallets. There are a lot of them on the market with the different designs and styles. When you choose carefully, you would be able to buy a wallet that is catered to your needs. Not to mention that it will help to enhance your style significantly.</p>\n\n<p style=\"text-align:center\"><img alt=\"f4\" src=\"/storage/news/1.jpg\" /></p>\n\n<p><br />\n&nbsp;</p>\n\n\n\n<p><strong><em>For all of the reason above, here are 7 expert tips to help you pick up the right men&rsquo;s wallet for you:</em></strong></p>\n\n<h4><strong>Number 1: Choose A Neat Wallet</strong></h4>\n\n<p>The wallet is an essential accessory that you should go simple. Simplicity is the best in this case. A simple and neat wallet with the plain color and even&nbsp;<strong>minimalist style</strong>&nbsp;is versatile. It can be used for both formal and casual events. In addition, that wallet will go well with most of the clothes in your wardrobe.</p>\n\n<p>Keep in mind that a wallet will tell other people about your personality and your fashion sense as much as other clothes you put on. Hence, don&rsquo;t go cheesy on your wallet or else people will think that you have a funny and particular style.</p>\n\n<p style=\"text-align:center\"><img alt=\"f5\" src=\"/storage/news/2.jpg\" /></p>\n\n<p><br />\n&nbsp;</p>\n<hr />\n<h4><strong>Number 2: Choose The Right Size For Your Wallet</strong></h4>\n\n<p>You should avoid having an over-sized wallet. Don&rsquo;t think that you need to buy a big wallet because you have a lot to carry with you. In addition, a fat wallet is very ugly. It will make it harder for you to slide the wallet into your trousers&rsquo; pocket. In addition, it will create a bulge and ruin your look.</p>\n\n<p>Before you go on to buy a new wallet, clean out your wallet and place all of the items from your wallet on a table. Throw away things that you would never need any more such as the old bills or the expired gift cards. Remember to check your wallet on a frequent basis to get rid of all of the old stuff that you don&rsquo;t need anymore.</p>\n\n<p style=\"text-align:center\"><img alt=\"f1\" src=\"/storage/news/3.jpg\" /></p>\n\n<p><br />\n&nbsp;</p>\n\n<hr />\n<h4><strong>Number 3: Don&rsquo;t Limit Your Options Of Materials</strong></h4>\n\n<p>The types and designs of wallets are not the only things that you should consider when you go out searching for your best wallet. You have more than 1 option of material rather than leather to choose from as well.</p>\n\n<p>You can experiment with other available options such as cotton, polyester and canvas. They all have their own pros and cons. As a result, they will be suitable for different needs and requirements. You should think about them all in order to choose the material which you would like the most.</p>\n\n<p style=\"text-align:center\"><img alt=\"f6\" height=\"375\" src=\"/storage/news/4.jpg\" /></p>\n\n<p><br />\n&nbsp;</p>\n\n<hr />\n<h4><strong>Number 4: Consider A Wallet As A Long Term Investment</strong></h4>\n\n<p>Your wallet is indeed an investment that you should consider spending a decent amount of time and effort on it. Another factor that you need to consider is how much you want to spend on your wallet. The price ranges of wallets on the market vary a great deal. You can find a wallet which is as cheap as about 5 to 7 dollars. On the other hand, you should expect to pay around 250 to 300 dollars for a high-quality wallet.</p>\n\n<p>In case you need a wallet to use for a long time, it is a good idea that you should invest a decent amount of money on a wallet. A high quality wallet from a reputational brand with the premium quality such as cowhide leather will last for a long time. In addition, it is an accessory to show off your fashion sense and your social status.</p>\n\n<p style=\"text-align:center\"><img alt=\"f2\" height=\"400\" src=\"/storage/news/5.jpg\" /></p>\n\n<p>&nbsp;</p>\n','published',1,'Botble\\ACL\\Models\\User',1,'news/10.jpg',865,NULL,'2024-01-08 00:28:50','2024-01-08 00:28:50'),(11,'The litigants on the screen are not actors','You should pay more attention when you choose your wallets. There are a lot of them on the market with the different designs and styles. When you choose carefully, you would be able to buy a wallet that is catered to your needs. Not to mention that it will help to enhance your style significantly.','<p>I have seen many people underestimating the power of their wallets. To them, they are just a functional item they use to carry. As a result, they often end up with the wallets which are not really suitable for them.</p>\n\n<p>You should pay more attention when you choose your wallets. There are a lot of them on the market with the different designs and styles. When you choose carefully, you would be able to buy a wallet that is catered to your needs. Not to mention that it will help to enhance your style significantly.</p>\n\n<p style=\"text-align:center\"><img alt=\"f4\" src=\"/storage/news/1.jpg\" /></p>\n\n<p><br />\n&nbsp;</p>\n\n\n\n<p><strong><em>For all of the reason above, here are 7 expert tips to help you pick up the right men&rsquo;s wallet for you:</em></strong></p>\n\n<h4><strong>Number 1: Choose A Neat Wallet</strong></h4>\n\n<p>The wallet is an essential accessory that you should go simple. Simplicity is the best in this case. A simple and neat wallet with the plain color and even&nbsp;<strong>minimalist style</strong>&nbsp;is versatile. It can be used for both formal and casual events. In addition, that wallet will go well with most of the clothes in your wardrobe.</p>\n\n<p>Keep in mind that a wallet will tell other people about your personality and your fashion sense as much as other clothes you put on. Hence, don&rsquo;t go cheesy on your wallet or else people will think that you have a funny and particular style.</p>\n\n<p style=\"text-align:center\"><img alt=\"f5\" src=\"/storage/news/2.jpg\" /></p>\n\n<p><br />\n&nbsp;</p>\n<hr />\n<h4><strong>Number 2: Choose The Right Size For Your Wallet</strong></h4>\n\n<p>You should avoid having an over-sized wallet. Don&rsquo;t think that you need to buy a big wallet because you have a lot to carry with you. In addition, a fat wallet is very ugly. It will make it harder for you to slide the wallet into your trousers&rsquo; pocket. In addition, it will create a bulge and ruin your look.</p>\n\n<p>Before you go on to buy a new wallet, clean out your wallet and place all of the items from your wallet on a table. Throw away things that you would never need any more such as the old bills or the expired gift cards. Remember to check your wallet on a frequent basis to get rid of all of the old stuff that you don&rsquo;t need anymore.</p>\n\n<p style=\"text-align:center\"><img alt=\"f1\" src=\"/storage/news/3.jpg\" /></p>\n\n<p><br />\n&nbsp;</p>\n\n<hr />\n<h4><strong>Number 3: Don&rsquo;t Limit Your Options Of Materials</strong></h4>\n\n<p>The types and designs of wallets are not the only things that you should consider when you go out searching for your best wallet. You have more than 1 option of material rather than leather to choose from as well.</p>\n\n<p>You can experiment with other available options such as cotton, polyester and canvas. They all have their own pros and cons. As a result, they will be suitable for different needs and requirements. You should think about them all in order to choose the material which you would like the most.</p>\n\n<p style=\"text-align:center\"><img alt=\"f6\" height=\"375\" src=\"/storage/news/4.jpg\" /></p>\n\n<p><br />\n&nbsp;</p>\n\n<hr />\n<h4><strong>Number 4: Consider A Wallet As A Long Term Investment</strong></h4>\n\n<p>Your wallet is indeed an investment that you should consider spending a decent amount of time and effort on it. Another factor that you need to consider is how much you want to spend on your wallet. The price ranges of wallets on the market vary a great deal. You can find a wallet which is as cheap as about 5 to 7 dollars. On the other hand, you should expect to pay around 250 to 300 dollars for a high-quality wallet.</p>\n\n<p>In case you need a wallet to use for a long time, it is a good idea that you should invest a decent amount of money on a wallet. A high quality wallet from a reputational brand with the premium quality such as cowhide leather will last for a long time. In addition, it is an accessory to show off your fashion sense and your social status.</p>\n\n<p style=\"text-align:center\"><img alt=\"f2\" height=\"400\" src=\"/storage/news/5.jpg\" /></p>\n\n<p>&nbsp;</p>\n','published',1,'Botble\\ACL\\Models\\User',0,'news/11.jpg',1388,NULL,'2024-01-08 00:28:50','2024-01-08 00:28:50');

--
-- Table structure for table `posts_translations`
--

CREATE TABLE `posts_translations` (
  `lang_code` varchar(20) COLLATE utf8mb4_unicode_ci NOT NULL,
  `posts_id` bigint unsigned NOT NULL,
  `name` varchar(255) COLLATE utf8mb4_unicode_ci DEFAULT NULL,
  `description` varchar(400) COLLATE utf8mb4_unicode_ci DEFAULT NULL,
  `content` longtext COLLATE utf8mb4_unicode_ci,
  PRIMARY KEY (`lang_code`,`posts_id`)
) ENGINE=InnoDB DEFAULT CHARSET=utf8mb4 COLLATE=utf8mb4_unicode_ci;

--
-- Dumping data for table `posts_translations`
--


--
-- Table structure for table `revisions`
--

CREATE TABLE `revisions` (
  `id` bigint unsigned NOT NULL AUTO_INCREMENT,
  `revisionable_type` varchar(191) COLLATE utf8mb4_unicode_ci NOT NULL,
  `revisionable_id` bigint unsigned NOT NULL,
  `user_id` bigint unsigned DEFAULT NULL,
  `key` varchar(120) COLLATE utf8mb4_unicode_ci NOT NULL,
  `old_value` text COLLATE utf8mb4_unicode_ci,
  `new_value` text COLLATE utf8mb4_unicode_ci,
  `created_at` timestamp NULL DEFAULT NULL,
  `updated_at` timestamp NULL DEFAULT NULL,
  PRIMARY KEY (`id`),
  KEY `revisions_revisionable_id_revisionable_type_index` (`revisionable_id`,`revisionable_type`)
) ENGINE=InnoDB DEFAULT CHARSET=utf8mb4 COLLATE=utf8mb4_unicode_ci;

--
-- Dumping data for table `revisions`
--


--
-- Table structure for table `role_users`
--

CREATE TABLE `role_users` (
  `user_id` bigint unsigned NOT NULL,
  `role_id` bigint unsigned NOT NULL,
  `created_at` timestamp NULL DEFAULT NULL,
  `updated_at` timestamp NULL DEFAULT NULL,
  PRIMARY KEY (`user_id`,`role_id`),
  KEY `role_users_user_id_index` (`user_id`),
  KEY `role_users_role_id_index` (`role_id`)
) ENGINE=InnoDB DEFAULT CHARSET=utf8mb4 COLLATE=utf8mb4_unicode_ci;

--
-- Dumping data for table `role_users`
--


--
-- Table structure for table `roles`
--

CREATE TABLE `roles` (
  `id` bigint unsigned NOT NULL AUTO_INCREMENT,
  `slug` varchar(120) COLLATE utf8mb4_unicode_ci NOT NULL,
  `name` varchar(120) COLLATE utf8mb4_unicode_ci NOT NULL,
  `permissions` text COLLATE utf8mb4_unicode_ci,
  `description` varchar(255) COLLATE utf8mb4_unicode_ci DEFAULT NULL,
  `is_default` tinyint unsigned NOT NULL DEFAULT '0',
  `created_by` bigint unsigned NOT NULL,
  `updated_by` bigint unsigned NOT NULL,
  `created_at` timestamp NULL DEFAULT NULL,
  `updated_at` timestamp NULL DEFAULT NULL,
  PRIMARY KEY (`id`),
  UNIQUE KEY `roles_slug_unique` (`slug`),
  KEY `roles_created_by_index` (`created_by`),
  KEY `roles_updated_by_index` (`updated_by`)
) ENGINE=InnoDB AUTO_INCREMENT=2 DEFAULT CHARSET=utf8mb4 COLLATE=utf8mb4_unicode_ci;

--
-- Dumping data for table `roles`
--

INSERT INTO `roles` VALUES (1,'admin','Admin','{\"users.index\":true,\"users.create\":true,\"users.edit\":true,\"users.destroy\":true,\"roles.index\":true,\"roles.create\":true,\"roles.edit\":true,\"roles.destroy\":true,\"core.system\":true,\"core.manage.license\":true,\"extensions.index\":true,\"media.index\":true,\"files.index\":true,\"files.create\":true,\"files.edit\":true,\"files.trash\":true,\"files.destroy\":true,\"folders.index\":true,\"folders.create\":true,\"folders.edit\":true,\"folders.trash\":true,\"folders.destroy\":true,\"settings.index\":true,\"settings.options\":true,\"settings.email\":true,\"settings.media\":true,\"settings.cronjob\":true,\"settings.admin-appearance\":true,\"settings.cache\":true,\"settings.datatables\":true,\"settings.email.rules\":true,\"menus.index\":true,\"menus.create\":true,\"menus.edit\":true,\"menus.destroy\":true,\"optimize.settings\":true,\"pages.index\":true,\"pages.create\":true,\"pages.edit\":true,\"pages.destroy\":true,\"plugins.index\":true,\"plugins.edit\":true,\"plugins.remove\":true,\"plugins.marketplace\":true,\"core.appearance\":true,\"theme.index\":true,\"theme.activate\":true,\"theme.remove\":true,\"theme.options\":true,\"theme.custom-css\":true,\"theme.custom-js\":true,\"theme.custom-html\":true,\"widgets.index\":true,\"ads.index\":true,\"ads.create\":true,\"ads.edit\":true,\"ads.destroy\":true,\"analytics.general\":true,\"analytics.page\":true,\"analytics.browser\":true,\"analytics.referrer\":true,\"analytics.settings\":true,\"audit-log.index\":true,\"audit-log.destroy\":true,\"backups.index\":true,\"backups.create\":true,\"backups.restore\":true,\"backups.destroy\":true,\"plugins.blog\":true,\"posts.index\":true,\"posts.create\":true,\"posts.edit\":true,\"posts.destroy\":true,\"categories.index\":true,\"categories.create\":true,\"categories.edit\":true,\"categories.destroy\":true,\"tags.index\":true,\"tags.create\":true,\"tags.edit\":true,\"tags.destroy\":true,\"blog.settings\":true,\"plugins.captcha\":true,\"captcha.settings\":true,\"contacts.index\":true,\"contacts.edit\":true,\"contacts.destroy\":true,\"contact.settings\":true,\"plugins.ecommerce\":true,\"ecommerce.settings\":true,\"ecommerce.report.index\":true,\"products.index\":true,\"products.create\":true,\"products.edit\":true,\"products.destroy\":true,\"products.duplicate\":true,\"product-categories.index\":true,\"product-categories.create\":true,\"product-categories.edit\":true,\"product-categories.destroy\":true,\"product-tag.index\":true,\"product-tag.create\":true,\"product-tag.edit\":true,\"product-tag.destroy\":true,\"brands.index\":true,\"brands.create\":true,\"brands.edit\":true,\"brands.destroy\":true,\"product-collections.index\":true,\"product-collections.create\":true,\"product-collections.edit\":true,\"product-collections.destroy\":true,\"product-attribute-sets.index\":true,\"product-attribute-sets.create\":true,\"product-attribute-sets.edit\":true,\"product-attribute-sets.destroy\":true,\"product-attributes.index\":true,\"product-attributes.create\":true,\"product-attributes.edit\":true,\"product-attributes.destroy\":true,\"tax.index\":true,\"tax.create\":true,\"tax.edit\":true,\"tax.destroy\":true,\"reviews.index\":true,\"reviews.create\":true,\"reviews.destroy\":true,\"reviews.publish\":true,\"reviews.reply\":true,\"shipping_methods.index\":true,\"ecommerce.shipping-rule-items.index\":true,\"ecommerce.shipping-rule-items.create\":true,\"ecommerce.shipping-rule-items.edit\":true,\"ecommerce.shipping-rule-items.destroy\":true,\"ecommerce.shipping-rule-items.bulk-import\":true,\"ecommerce.shipments.index\":true,\"ecommerce.shipments.create\":true,\"ecommerce.shipments.edit\":true,\"ecommerce.shipments.destroy\":true,\"orders.index\":true,\"orders.create\":true,\"orders.edit\":true,\"orders.destroy\":true,\"discounts.index\":true,\"discounts.create\":true,\"discounts.edit\":true,\"discounts.destroy\":true,\"customers.index\":true,\"customers.create\":true,\"customers.edit\":true,\"customers.destroy\":true,\"flash-sale.index\":true,\"flash-sale.create\":true,\"flash-sale.edit\":true,\"flash-sale.destroy\":true,\"product-label.index\":true,\"product-label.create\":true,\"product-label.edit\":true,\"product-label.destroy\":true,\"ecommerce.import.products.index\":true,\"ecommerce.export.products.index\":true,\"order_returns.index\":true,\"order_returns.edit\":true,\"order_returns.destroy\":true,\"global-option.index\":true,\"global-option.create\":true,\"global-option.edit\":true,\"global-option.destroy\":true,\"ecommerce.invoice.index\":true,\"ecommerce.invoice.edit\":true,\"ecommerce.invoice.destroy\":true,\"ecommerce.invoice-template.index\":true,\"ecommerce.settings.general\":true,\"ecommerce.settings.currencies\":true,\"ecommerce.settings.products\":true,\"ecommerce.settings.product-search\":true,\"ecommerce.settings.digital-products\":true,\"ecommerce.settings.store-locators\":true,\"ecommerce.settings.invoices\":true,\"ecommerce.settings.product-reviews\":true,\"ecommerce.settings.customers\":true,\"ecommerce.settings.shopping\":true,\"ecommerce.settings.taxes\":true,\"ecommerce.settings.shipping\":true,\"ecommerce.settings.tracking\":true,\"ecommerce.settings.standard-and-format\":true,\"ecommerce.settings.checkout\":true,\"ecommerce.settings.return\":true,\"ecommerce.settings.flash-sale\":true,\"plugin.faq\":true,\"faq.index\":true,\"faq.create\":true,\"faq.edit\":true,\"faq.destroy\":true,\"faq_category.index\":true,\"faq_category.create\":true,\"faq_category.edit\":true,\"faq_category.destroy\":true,\"faqs.settings\":true,\"languages.index\":true,\"languages.create\":true,\"languages.edit\":true,\"languages.destroy\":true,\"plugin.location\":true,\"country.index\":true,\"country.create\":true,\"country.edit\":true,\"country.destroy\":true,\"state.index\":true,\"state.create\":true,\"state.edit\":true,\"state.destroy\":true,\"city.index\":true,\"city.create\":true,\"city.edit\":true,\"city.destroy\":true,\"location.bulk-import.index\":true,\"location.export.index\":true,\"newsletter.index\":true,\"newsletter.destroy\":true,\"newsletter.settings\":true,\"payment.index\":true,\"payments.settings\":true,\"payment.destroy\":true,\"simple-slider.index\":true,\"simple-slider.create\":true,\"simple-slider.edit\":true,\"simple-slider.destroy\":true,\"simple-slider-item.index\":true,\"simple-slider-item.create\":true,\"simple-slider-item.edit\":true,\"simple-slider-item.destroy\":true,\"simple-slider.settings\":true,\"social-login.settings\":true,\"plugins.translation\":true,\"translations.locales\":true,\"translations.theme-translations\":true,\"translations.index\":true}','Admin users role',1,2,2,'2024-01-08 00:28:51','2024-01-08 00:28:51');

--
-- Table structure for table `settings`
--

CREATE TABLE `settings` (
  `id` bigint unsigned NOT NULL AUTO_INCREMENT,
  `key` varchar(255) COLLATE utf8mb4_unicode_ci NOT NULL,
  `value` text COLLATE utf8mb4_unicode_ci,
  `created_at` timestamp NULL DEFAULT NULL,
  `updated_at` timestamp NULL DEFAULT NULL,
  PRIMARY KEY (`id`),
  UNIQUE KEY `settings_key_unique` (`key`)
) ENGINE=InnoDB AUTO_INCREMENT=63 DEFAULT CHARSET=utf8mb4 COLLATE=utf8mb4_unicode_ci;

--
-- Dumping data for table `settings`
--

INSERT INTO `settings` VALUES (2,'api_enabled','0',NULL,'2024-01-08 00:28:51'),(3,'activated_plugins','[\"language\",\"language-advanced\",\"ads\",\"analytics\",\"audit-log\",\"backup\",\"blog\",\"captcha\",\"contact\",\"cookie-consent\",\"ecommerce\",\"faq\",\"location\",\"newsletter\",\"payment\",\"paypal\",\"paystack\",\"razorpay\",\"shippo\",\"simple-slider\",\"social-login\",\"sslcommerz\",\"stripe\",\"translation\"]',NULL,'2024-01-08 00:28:51'),(8,'language_hide_default','1',NULL,'2024-01-08 00:28:51'),(10,'language_display','all',NULL,'2024-01-08 00:28:51'),(11,'language_hide_languages','[]',NULL,'2024-01-08 00:28:51'),(12,'ecommerce_store_name','Wowy',NULL,NULL),(13,'ecommerce_store_phone','18006268',NULL,NULL),(14,'ecommerce_store_address','North Link Building, 10 Admiralty Street',NULL,NULL),(15,'ecommerce_store_state','Singapore',NULL,NULL),(16,'ecommerce_store_city','Singapore',NULL,NULL),(17,'ecommerce_store_country','SG',NULL,NULL),(18,'media_random_hash','3d3a49155f4c54375b8e8290fc7f1cbf',NULL,NULL),(19,'payment_cod_status','1',NULL,NULL),(20,'payment_bank_transfer_status','1',NULL,NULL),(22,'show_admin_bar','1',NULL,NULL),(23,'language_switcher_display','dropdown',NULL,NULL),(26,'permalink-botble-blog-models-post','blog',NULL,NULL),(27,'permalink-botble-blog-models-category','blog',NULL,NULL),(28,'payment_cod_description','Please pay money directly to the postman, if you choose cash on delivery method (COD).',NULL,NULL),(29,'payment_bank_transfer_description','Please send money to our bank account: ACB - 69270 213 19.',NULL,NULL),(30,'payment_stripe_payment_type','stripe_checkout',NULL,NULL),(31,'plugins_ecommerce_customer_new_order_status','0',NULL,NULL),(32,'plugins_ecommerce_admin_new_order_status','0',NULL,NULL),(33,'ecommerce_is_enabled_support_digital_products','1',NULL,NULL),(34,'ecommerce_load_countries_states_cities_from_location_plugin','0',NULL,NULL),(35,'payment_bank_transfer_display_bank_info_at_the_checkout_success_page','1',NULL,NULL),(36,'ecommerce_product_sku_format','WW-2443-[%S]',NULL,NULL),(37,'theme','wowy',NULL,NULL),(38,'admin_favicon','general/favicon.png',NULL,NULL),(39,'admin_logo','general/logo-light.png',NULL,NULL),(40,'theme-wowy-site_title','Wowy - Laravel Multipurpose eCommerce Script',NULL,NULL),(41,'theme-wowy-copyright','Copyright © 2024 Wowy all rights reserved. Powered by Botble.',NULL,NULL),(42,'theme-wowy-favicon','general/favicon.png',NULL,NULL),(43,'theme-wowy-logo','general/logo.png',NULL,NULL),(44,'theme-wowy-logo_light','general/logo-light.png',NULL,NULL),(45,'theme-wowy-seo_og_image','general/open-graph-image.png',NULL,NULL),(46,'theme-wowy-seo_description','Wowy is an outstanding eCommerce Laravel script. It will be the perfect solution for your current or future web shop.',NULL,NULL),(47,'theme-wowy-address','562 Wellington Road, Street 32, San Francisco',NULL,NULL),(48,'theme-wowy-hotline','1900 - 888',NULL,NULL),(49,'theme-wowy-phone','+01 2222 365 /(+91) 01 2345 6789',NULL,NULL),(50,'theme-wowy-contact_email','sale@wowy.com',NULL,NULL),(51,'theme-wowy-working_hours','10:00 - 18:00, Mon - Sat',NULL,NULL),(52,'theme-wowy-homepage_id','1',NULL,NULL),(53,'theme-wowy-blog_page_id','5',NULL,NULL),(54,'theme-wowy-cookie_consent_message','Your experience on this site will be improved by allowing cookies ',NULL,NULL),(55,'theme-wowy-cookie_consent_learn_more_url','https://wowy.test/cookie-policy',NULL,NULL),(56,'theme-wowy-cookie_consent_learn_more_text','Cookie Policy',NULL,NULL),(57,'theme-wowy-number_of_cross_sale_product','4',NULL,NULL),(58,'theme-wowy-preloader_enabled','yes',NULL,NULL),(59,'theme-wowy-preloader_version','v2',NULL,NULL),(60,'theme-wowy-social_links','[[{\"key\":\"social-name\",\"value\":\"Facebook\"},{\"key\":\"social-icon\",\"value\":\"fab fa-facebook-f\"},{\"key\":\"social-url\",\"value\":\"https:\\/\\/www.facebook.com\\/\"},{\"key\":\"social-color\",\"value\":\"#3b5999\"}],[{\"key\":\"social-name\",\"value\":\"Twitter\"},{\"key\":\"social-icon\",\"value\":\"fab fa-twitter\"},{\"key\":\"social-url\",\"value\":\"https:\\/\\/www.twitter.com\\/\"},{\"key\":\"social-color\",\"value\":\"#55ACF9\"}],[{\"key\":\"social-name\",\"value\":\"Instagram\"},{\"key\":\"social-icon\",\"value\":\"fab fa-instagram\"},{\"key\":\"social-url\",\"value\":\"https:\\/\\/www.instagram.com\\/\"},{\"key\":\"social-color\",\"value\":\"#E1306C\"}],[{\"key\":\"social-name\",\"value\":\"Linkedin\"},{\"key\":\"social-icon\",\"value\":\"fab fa-linkedin\"},{\"key\":\"social-url\",\"value\":\"https:\\/\\/www.linkedin.com\\/\"},{\"key\":\"social-color\",\"value\":\"#007bb6\"}],[{\"key\":\"social-name\",\"value\":\"Pinterest\"},{\"key\":\"social-icon\",\"value\":\"fab fa-pinterest\"},{\"key\":\"social-url\",\"value\":\"https:\\/\\/www.pinterest.com\\/\"},{\"key\":\"social-color\",\"value\":\"#cb2027\"}]]',NULL,NULL),(61,'theme-wowy-header_messages','[[{\"key\":\"icon\",\"value\":\"fa fa-bell\"},{\"key\":\"message\",\"value\":\"<b class=\\\"text-success\\\"> Trendy 25<\\/b> silver jewelry, save up 35% off today\"},{\"key\":\"link\",\"value\":\"\\/products\"},{\"key\":\"link_text\",\"value\":\"Shop now\"}],[{\"key\":\"icon\",\"value\":\"fa fa-asterisk\"},{\"key\":\"message\",\"value\":\"<b class=\\\"text-danger\\\">Supper Value Deals<\\/b> - Save more with coupons\"},{\"key\":\"link\",\"value\":null},{\"key\":\"link_text\",\"value\":null}],[{\"key\":\"icon\",\"value\":\"fa fa-angle-double-right\"},{\"key\":\"message\",\"value\":\"Get great devices up to 50% off\"},{\"key\":\"link\",\"value\":\"\\/products\"},{\"key\":\"link_text\",\"value\":\"View details\"}]]',NULL,NULL),(62,'theme-wowy-contact_info_boxes','[[{\"key\":\"name\",\"value\":\"Head Office\"},{\"key\":\"address\",\"value\":\"205 North Michigan Avenue, Suite 810, Chicago, 60601, USA\"},{\"key\":\"phone\",\"value\":\"(+01) 234 567\"},{\"key\":\"email\",\"value\":\"office@botble.com\"}],[{\"key\":\"name\",\"value\":\"Our Studio\"},{\"key\":\"address\",\"value\":\"205 North Michigan Avenue, Suite 810, Chicago, 60601, USA\"},{\"key\":\"phone\",\"value\":\"(+01) 234 567\"},{\"key\":\"email\",\"value\":\"studio@botble.com\"}],[{\"key\":\"name\",\"value\":\"Our Shop\"},{\"key\":\"address\",\"value\":\"205 North Michigan Avenue, Suite 810, Chicago, 60601, USA\"},{\"key\":\"phone\",\"value\":\"(+01) 234 567\"},{\"key\":\"email\",\"value\":\"shop@botble.com\"}]]',NULL,NULL);

--
-- Table structure for table `simple_slider_items`
--

CREATE TABLE `simple_slider_items` (
  `id` bigint unsigned NOT NULL AUTO_INCREMENT,
  `simple_slider_id` bigint unsigned NOT NULL,
  `title` varchar(255) COLLATE utf8mb4_unicode_ci DEFAULT NULL,
  `image` varchar(255) COLLATE utf8mb4_unicode_ci NOT NULL,
  `link` varchar(255) COLLATE utf8mb4_unicode_ci DEFAULT NULL,
  `description` text COLLATE utf8mb4_unicode_ci,
  `order` int unsigned NOT NULL DEFAULT '0',
  `created_at` timestamp NULL DEFAULT NULL,
  `updated_at` timestamp NULL DEFAULT NULL,
  PRIMARY KEY (`id`)
) ENGINE=InnoDB AUTO_INCREMENT=12 DEFAULT CHARSET=utf8mb4 COLLATE=utf8mb4_unicode_ci;

--
-- Dumping data for table `simple_slider_items`
--

INSERT INTO `simple_slider_items` VALUES (1,1,'Super Value Deals','sliders/1-1.png','/products','Save more with coupons &amp; up to 70% off',1,'2024-01-08 00:28:49','2024-01-08 00:28:49'),(2,1,'Tech Trending','sliders/1-2.png','/products','Save more with coupons &amp; up to 20% off',2,'2024-01-08 00:28:49','2024-01-08 00:28:49'),(3,1,'Big Deals From','sliders/1-3.png','/products','Headphone, Gaming Laptop, PC and more...',3,'2024-01-08 00:28:49','2024-01-08 00:28:49'),(4,2,'Super Value Deals','sliders/2-1.png','/products','Save more with coupons &amp; up to 70% off',1,'2024-01-08 00:28:49','2024-01-08 00:28:49'),(5,2,'Tech Trending','sliders/2-2.png','/products','Save more with coupons &amp; up to 20% off',2,'2024-01-08 00:28:49','2024-01-08 00:28:49'),(6,2,'Big Deals From','sliders/2-3.png','/products','Headphone, Gaming Laptop, PC and more...',3,'2024-01-08 00:28:49','2024-01-08 00:28:49'),(7,3,'Super Value Deals','sliders/3-1.png','/products','Save more with coupons &amp; up to 70% off',1,'2024-01-08 00:28:49','2024-01-08 00:28:49'),(8,3,'Tech Trending','sliders/3-2.png','/products','Save more with coupons &amp; up to 20% off',2,'2024-01-08 00:28:49','2024-01-08 00:28:49'),(9,4,'Super Value Deals','sliders/4-1.png','/products','Save more with coupons &amp; up to 70% off',1,'2024-01-08 00:28:49','2024-01-08 00:28:49'),(10,4,'Tech Trending','sliders/4-2.png','/products','Save more with coupons &amp; up to 20% off',2,'2024-01-08 00:28:49','2024-01-08 00:28:49'),(11,4,'Big Deals From','sliders/4-3.png','/products','Headphone, Gaming Laptop, PC and more...',3,'2024-01-08 00:28:49','2024-01-08 00:28:49');

--
-- Table structure for table `simple_sliders`
--

CREATE TABLE `simple_sliders` (
  `id` bigint unsigned NOT NULL AUTO_INCREMENT,
  `name` varchar(120) COLLATE utf8mb4_unicode_ci NOT NULL,
  `key` varchar(120) COLLATE utf8mb4_unicode_ci NOT NULL,
  `description` varchar(255) COLLATE utf8mb4_unicode_ci DEFAULT NULL,
  `status` varchar(60) COLLATE utf8mb4_unicode_ci NOT NULL DEFAULT 'published',
  `created_at` timestamp NULL DEFAULT NULL,
  `updated_at` timestamp NULL DEFAULT NULL,
  PRIMARY KEY (`id`)
) ENGINE=InnoDB AUTO_INCREMENT=5 DEFAULT CHARSET=utf8mb4 COLLATE=utf8mb4_unicode_ci;

--
-- Dumping data for table `simple_sliders`
--

INSERT INTO `simple_sliders` VALUES (1,'Home slider 1','home-slider-1',NULL,'published','2024-01-08 00:28:49','2024-01-08 00:28:49'),(2,'Home slider 2','home-slider-2',NULL,'published','2024-01-08 00:28:49','2024-01-08 00:28:49'),(3,'Home slider 3','home-slider-3',NULL,'published','2024-01-08 00:28:49','2024-01-08 00:28:49'),(4,'Home slider 4','home-slider-4',NULL,'published','2024-01-08 00:28:49','2024-01-08 00:28:49');

--
-- Table structure for table `slugs`
--

CREATE TABLE `slugs` (
  `id` bigint unsigned NOT NULL AUTO_INCREMENT,
  `key` varchar(255) COLLATE utf8mb4_unicode_ci NOT NULL,
  `reference_id` bigint unsigned NOT NULL,
  `reference_type` varchar(255) COLLATE utf8mb4_unicode_ci NOT NULL,
  `prefix` varchar(120) COLLATE utf8mb4_unicode_ci DEFAULT '',
  `created_at` timestamp NULL DEFAULT NULL,
  `updated_at` timestamp NULL DEFAULT NULL,
  PRIMARY KEY (`id`),
  KEY `slugs_reference_id_index` (`reference_id`),
  KEY `slugs_key_index` (`key`),
  KEY `slugs_prefix_index` (`prefix`),
  KEY `slugs_reference_index` (`reference_id`,`reference_type`)
) ENGINE=InnoDB AUTO_INCREMENT=165 DEFAULT CHARSET=utf8mb4 COLLATE=utf8mb4_unicode_ci;

--
-- Dumping data for table `slugs`
--

INSERT INTO `slugs` VALUES (1,'perxsion',1,'Botble\\Ecommerce\\Models\\Brand','brands','2024-01-08 00:28:34','2024-01-08 00:28:34'),(2,'hiching',2,'Botble\\Ecommerce\\Models\\Brand','brands','2024-01-08 00:28:34','2024-01-08 00:28:34'),(3,'kepslo',3,'Botble\\Ecommerce\\Models\\Brand','brands','2024-01-08 00:28:34','2024-01-08 00:28:34'),(4,'groneba',4,'Botble\\Ecommerce\\Models\\Brand','brands','2024-01-08 00:28:34','2024-01-08 00:28:34'),(5,'babian',5,'Botble\\Ecommerce\\Models\\Brand','brands','2024-01-08 00:28:34','2024-01-08 00:28:34'),(6,'valorant',6,'Botble\\Ecommerce\\Models\\Brand','brands','2024-01-08 00:28:34','2024-01-08 00:28:34'),(7,'pure',7,'Botble\\Ecommerce\\Models\\Brand','brands','2024-01-08 00:28:34','2024-01-08 00:28:34'),(8,'hot-promotions',1,'Botble\\Ecommerce\\Models\\ProductCategory','product-categories','2024-01-08 00:28:35','2024-01-08 00:28:35'),(9,'electronics',2,'Botble\\Ecommerce\\Models\\ProductCategory','product-categories','2024-01-08 00:28:35','2024-01-08 00:28:35'),(10,'home-audio-theaters',3,'Botble\\Ecommerce\\Models\\ProductCategory','product-categories','2024-01-08 00:28:35','2024-01-08 00:28:35'),(11,'tv-videos',4,'Botble\\Ecommerce\\Models\\ProductCategory','product-categories','2024-01-08 00:28:35','2024-01-08 00:28:35'),(12,'camera-photos-videos',5,'Botble\\Ecommerce\\Models\\ProductCategory','product-categories','2024-01-08 00:28:35','2024-01-08 00:28:35'),(13,'cellphones-accessories',6,'Botble\\Ecommerce\\Models\\ProductCategory','product-categories','2024-01-08 00:28:35','2024-01-08 00:28:35'),(14,'headphones',7,'Botble\\Ecommerce\\Models\\ProductCategory','product-categories','2024-01-08 00:28:35','2024-01-08 00:28:35'),(15,'videos-games',8,'Botble\\Ecommerce\\Models\\ProductCategory','product-categories','2024-01-08 00:28:35','2024-01-08 00:28:35'),(16,'wireless-speakers',9,'Botble\\Ecommerce\\Models\\ProductCategory','product-categories','2024-01-08 00:28:35','2024-01-08 00:28:35'),(17,'office-electronic',10,'Botble\\Ecommerce\\Models\\ProductCategory','product-categories','2024-01-08 00:28:35','2024-01-08 00:28:35'),(18,'clothing',11,'Botble\\Ecommerce\\Models\\ProductCategory','product-categories','2024-01-08 00:28:35','2024-01-08 00:28:35'),(19,'computers',12,'Botble\\Ecommerce\\Models\\ProductCategory','product-categories','2024-01-08 00:28:35','2024-01-08 00:28:35'),(20,'computer-tablets',13,'Botble\\Ecommerce\\Models\\ProductCategory','product-categories','2024-01-08 00:28:35','2024-01-08 00:28:35'),(21,'laptop',14,'Botble\\Ecommerce\\Models\\ProductCategory','product-categories','2024-01-08 00:28:35','2024-01-08 00:28:35'),(22,'monitors',15,'Botble\\Ecommerce\\Models\\ProductCategory','product-categories','2024-01-08 00:28:35','2024-01-08 00:28:35'),(23,'computer-components',16,'Botble\\Ecommerce\\Models\\ProductCategory','product-categories','2024-01-08 00:28:35','2024-01-08 00:28:35'),(24,'home-kitchen',17,'Botble\\Ecommerce\\Models\\ProductCategory','product-categories','2024-01-08 00:28:35','2024-01-08 00:28:35'),(25,'health-beauty',18,'Botble\\Ecommerce\\Models\\ProductCategory','product-categories','2024-01-08 00:28:35','2024-01-08 00:28:35'),(26,'jewelry-watch',19,'Botble\\Ecommerce\\Models\\ProductCategory','product-categories','2024-01-08 00:28:35','2024-01-08 00:28:35'),(27,'technology-toys',20,'Botble\\Ecommerce\\Models\\ProductCategory','product-categories','2024-01-08 00:28:35','2024-01-08 00:28:35'),(28,'drive-storages',21,'Botble\\Ecommerce\\Models\\ProductCategory','product-categories','2024-01-08 00:28:35','2024-01-08 00:28:35'),(29,'gaming-laptop',22,'Botble\\Ecommerce\\Models\\ProductCategory','product-categories','2024-01-08 00:28:35','2024-01-08 00:28:35'),(30,'security-protection',23,'Botble\\Ecommerce\\Models\\ProductCategory','product-categories','2024-01-08 00:28:35','2024-01-08 00:28:35'),(31,'accessories',24,'Botble\\Ecommerce\\Models\\ProductCategory','product-categories','2024-01-08 00:28:35','2024-01-08 00:28:35'),(32,'phones',25,'Botble\\Ecommerce\\Models\\ProductCategory','product-categories','2024-01-08 00:28:35','2024-01-08 00:28:35'),(33,'babies-moms',26,'Botble\\Ecommerce\\Models\\ProductCategory','product-categories','2024-01-08 00:28:35','2024-01-08 00:28:35'),(34,'sport-outdoor',27,'Botble\\Ecommerce\\Models\\ProductCategory','product-categories','2024-01-08 00:28:35','2024-01-08 00:28:35'),(35,'books-office',28,'Botble\\Ecommerce\\Models\\ProductCategory','product-categories','2024-01-08 00:28:35','2024-01-08 00:28:35'),(36,'cars-motorcycles',29,'Botble\\Ecommerce\\Models\\ProductCategory','product-categories','2024-01-08 00:28:35','2024-01-08 00:28:35'),(37,'home-improvements',30,'Botble\\Ecommerce\\Models\\ProductCategory','product-categories','2024-01-08 00:28:35','2024-01-08 00:28:35'),(38,'wallet',1,'Botble\\Ecommerce\\Models\\ProductTag','product-tags','2024-01-08 00:28:35','2024-01-08 00:28:35'),(39,'bags',2,'Botble\\Ecommerce\\Models\\ProductTag','product-tags','2024-01-08 00:28:35','2024-01-08 00:28:35'),(40,'shoes',3,'Botble\\Ecommerce\\Models\\ProductTag','product-tags','2024-01-08 00:28:35','2024-01-08 00:28:35'),(41,'clothes',4,'Botble\\Ecommerce\\Models\\ProductTag','product-tags','2024-01-08 00:28:35','2024-01-08 00:28:35'),(42,'hand-bag',5,'Botble\\Ecommerce\\Models\\ProductTag','product-tags','2024-01-08 00:28:35','2024-01-08 00:28:35'),(43,'smart-home-speaker-digital',1,'Botble\\Ecommerce\\Models\\Product','products','2024-01-08 00:28:39','2024-01-08 00:28:39'),(44,'headphone-ultra-bass',2,'Botble\\Ecommerce\\Models\\Product','products','2024-01-08 00:28:39','2024-01-08 00:28:39'),(45,'boxed-bluetooth-headphone',3,'Botble\\Ecommerce\\Models\\Product','products','2024-01-08 00:28:39','2024-01-08 00:28:39'),(46,'chikie-bluetooth-speaker',4,'Botble\\Ecommerce\\Models\\Product','products','2024-01-08 00:28:39','2024-01-08 00:28:39'),(47,'camera-hikvision-hk-35vs8-digital',5,'Botble\\Ecommerce\\Models\\Product','products','2024-01-08 00:28:39','2024-01-08 00:28:39'),(48,'camera-samsung-ss-24',6,'Botble\\Ecommerce\\Models\\Product','products','2024-01-08 00:28:39','2024-01-08 00:28:39'),(49,'leather-watch-band',7,'Botble\\Ecommerce\\Models\\Product','products','2024-01-08 00:28:39','2024-01-08 00:28:39'),(50,'apple-iphone-13-plus',8,'Botble\\Ecommerce\\Models\\Product','products','2024-01-08 00:28:39','2024-01-08 00:28:39'),(51,'macbook-pro-2015-digital',9,'Botble\\Ecommerce\\Models\\Product','products','2024-01-08 00:28:39','2024-01-08 00:28:39'),(52,'macbook-air-12-inch',10,'Botble\\Ecommerce\\Models\\Product','products','2024-01-08 00:28:39','2024-01-08 00:28:39'),(53,'apple-watch-serial-7',11,'Botble\\Ecommerce\\Models\\Product','products','2024-01-08 00:28:39','2024-01-08 00:28:39'),(54,'macbook-pro-13-inch',12,'Botble\\Ecommerce\\Models\\Product','products','2024-01-08 00:28:39','2024-01-08 00:28:39'),(55,'apple-keyboard-digital',13,'Botble\\Ecommerce\\Models\\Product','products','2024-01-08 00:28:39','2024-01-08 00:28:39'),(56,'macsafe-80w',14,'Botble\\Ecommerce\\Models\\Product','products','2024-01-08 00:28:39','2024-01-08 00:28:39'),(57,'hand-playstation',15,'Botble\\Ecommerce\\Models\\Product','products','2024-01-08 00:28:39','2024-01-08 00:28:39'),(58,'apple-airpods-serial-3',16,'Botble\\Ecommerce\\Models\\Product','products','2024-01-08 00:28:39','2024-01-08 00:28:39'),(59,'cool-smart-watches-digital',17,'Botble\\Ecommerce\\Models\\Product','products','2024-01-08 00:28:39','2024-01-08 00:28:39'),(60,'black-smart-watches',18,'Botble\\Ecommerce\\Models\\Product','products','2024-01-08 00:28:39','2024-01-08 00:28:39'),(61,'leather-watch-band-serial-3',19,'Botble\\Ecommerce\\Models\\Product','products','2024-01-08 00:28:39','2024-01-08 00:28:39'),(62,'macbook-pro-2015-13-inch',20,'Botble\\Ecommerce\\Models\\Product','products','2024-01-08 00:28:39','2024-01-08 00:28:39'),(63,'historic-alarm-clock-digital',21,'Botble\\Ecommerce\\Models\\Product','products','2024-01-08 00:28:39','2024-01-08 00:28:39'),(64,'black-glasses',22,'Botble\\Ecommerce\\Models\\Product','products','2024-01-08 00:28:39','2024-01-08 00:28:39'),(65,'phillips-mouse',23,'Botble\\Ecommerce\\Models\\Product','products','2024-01-08 00:28:39','2024-01-08 00:28:39'),(66,'gaming-keyboard',24,'Botble\\Ecommerce\\Models\\Product','products','2024-01-08 00:28:39','2024-01-08 00:28:39'),(67,'ecommerce',1,'Botble\\Blog\\Models\\Category','blog','2024-01-08 00:28:50','2024-01-08 00:28:51'),(68,'fashion',2,'Botble\\Blog\\Models\\Category','blog','2024-01-08 00:28:50','2024-01-08 00:28:51'),(69,'electronic',3,'Botble\\Blog\\Models\\Category','blog','2024-01-08 00:28:50','2024-01-08 00:28:51'),(70,'commercial',4,'Botble\\Blog\\Models\\Category','blog','2024-01-08 00:28:50','2024-01-08 00:28:51'),(71,'general',1,'Botble\\Blog\\Models\\Tag','tag','2024-01-08 00:28:50','2024-01-08 00:28:50'),(72,'design',2,'Botble\\Blog\\Models\\Tag','tag','2024-01-08 00:28:50','2024-01-08 00:28:50'),(73,'fashion',3,'Botble\\Blog\\Models\\Tag','tag','2024-01-08 00:28:50','2024-01-08 00:28:50'),(74,'branding',4,'Botble\\Blog\\Models\\Tag','tag','2024-01-08 00:28:50','2024-01-08 00:28:50'),(75,'modern',5,'Botble\\Blog\\Models\\Tag','tag','2024-01-08 00:28:50','2024-01-08 00:28:50'),(76,'4-expert-tips-on-how-to-choose-the-right-mens-wallet',1,'Botble\\Blog\\Models\\Post','blog','2024-01-08 00:28:50','2024-01-08 00:28:51'),(77,'sexy-clutches-how-to-buy-wear-a-designer-clutch-bag',2,'Botble\\Blog\\Models\\Post','blog','2024-01-08 00:28:50','2024-01-08 00:28:51'),(78,'the-top-2020-handbag-trends-to-know',3,'Botble\\Blog\\Models\\Post','blog','2024-01-08 00:28:50','2024-01-08 00:28:51'),(79,'how-to-match-the-color-of-your-handbag-with-an-outfit',4,'Botble\\Blog\\Models\\Post','blog','2024-01-08 00:28:50','2024-01-08 00:28:51'),(80,'how-to-care-for-leather-bags',5,'Botble\\Blog\\Models\\Post','blog','2024-01-08 00:28:50','2024-01-08 00:28:51'),(81,'were-crushing-hard-on-summers-10-biggest-bag-trends',6,'Botble\\Blog\\Models\\Post','blog','2024-01-08 00:28:50','2024-01-08 00:28:51'),(82,'essential-qualities-of-highly-successful-music',7,'Botble\\Blog\\Models\\Post','blog','2024-01-08 00:28:50','2024-01-08 00:28:51'),(83,'9-things-i-love-about-shaving-my-head',8,'Botble\\Blog\\Models\\Post','blog','2024-01-08 00:28:50','2024-01-08 00:28:51'),(84,'why-teamwork-really-makes-the-dream-work',9,'Botble\\Blog\\Models\\Post','blog','2024-01-08 00:28:50','2024-01-08 00:28:51'),(85,'the-world-caters-to-average-people',10,'Botble\\Blog\\Models\\Post','blog','2024-01-08 00:28:50','2024-01-08 00:28:51'),(86,'the-litigants-on-the-screen-are-not-actors',11,'Botble\\Blog\\Models\\Post','blog','2024-01-08 00:28:50','2024-01-08 00:28:51'),(87,'homepage',1,'Botble\\Page\\Models\\Page','','2024-01-08 00:28:50','2024-01-08 00:28:50'),(88,'homepage-2',2,'Botble\\Page\\Models\\Page','','2024-01-08 00:28:50','2024-01-08 00:28:50'),(89,'homepage-3',3,'Botble\\Page\\Models\\Page','','2024-01-08 00:28:50','2024-01-08 00:28:50'),(90,'homepage-4',4,'Botble\\Page\\Models\\Page','','2024-01-08 00:28:50','2024-01-08 00:28:50'),(91,'blog',5,'Botble\\Page\\Models\\Page','','2024-01-08 00:28:50','2024-01-08 00:28:50'),(92,'contact',6,'Botble\\Page\\Models\\Page','','2024-01-08 00:28:50','2024-01-08 00:28:50'),(93,'about-us',7,'Botble\\Page\\Models\\Page','','2024-01-08 00:28:50','2024-01-08 00:28:50'),(94,'cookie-policy',8,'Botble\\Page\\Models\\Page','','2024-01-08 00:28:50','2024-01-08 00:28:50'),(95,'terms-conditions',9,'Botble\\Page\\Models\\Page','','2024-01-08 00:28:50','2024-01-08 00:28:50'),(96,'returns-exchanges',10,'Botble\\Page\\Models\\Page','','2024-01-08 00:28:50','2024-01-08 00:28:50'),(97,'shipping-delivery',11,'Botble\\Page\\Models\\Page','','2024-01-08 00:28:50','2024-01-08 00:28:50'),(98,'privacy-policy',12,'Botble\\Page\\Models\\Page','','2024-01-08 00:28:50','2024-01-08 00:28:50'),(99,'blog-left-sidebar',13,'Botble\\Page\\Models\\Page','','2024-01-08 00:28:50','2024-01-08 00:28:50'),(100,'faq',14,'Botble\\Page\\Models\\Page','','2024-01-08 00:28:50','2024-01-08 00:28:50'),(101,'smart-home-speaker-digital',25,'Botble\\Ecommerce\\Models\\Product','products','2024-01-08 00:28:53','2024-01-08 00:28:53'),(102,'smart-home-speaker-digital',26,'Botble\\Ecommerce\\Models\\Product','products','2024-01-08 00:28:53','2024-01-08 00:28:53'),(103,'smart-home-speaker-digital',27,'Botble\\Ecommerce\\Models\\Product','products','2024-01-08 00:28:53','2024-01-08 00:28:53'),(104,'smart-home-speaker-digital',28,'Botble\\Ecommerce\\Models\\Product','products','2024-01-08 00:28:53','2024-01-08 00:28:53'),(105,'headphone-ultra-bass',29,'Botble\\Ecommerce\\Models\\Product','products','2024-01-08 00:28:53','2024-01-08 00:28:53'),(106,'headphone-ultra-bass',30,'Botble\\Ecommerce\\Models\\Product','products','2024-01-08 00:28:53','2024-01-08 00:28:53'),(107,'headphone-ultra-bass',31,'Botble\\Ecommerce\\Models\\Product','products','2024-01-08 00:28:53','2024-01-08 00:28:53'),(108,'boxed-bluetooth-headphone',32,'Botble\\Ecommerce\\Models\\Product','products','2024-01-08 00:28:53','2024-01-08 00:28:53'),(109,'boxed-bluetooth-headphone',33,'Botble\\Ecommerce\\Models\\Product','products','2024-01-08 00:28:53','2024-01-08 00:28:53'),(110,'boxed-bluetooth-headphone',34,'Botble\\Ecommerce\\Models\\Product','products','2024-01-08 00:28:53','2024-01-08 00:28:53'),(111,'chikie-bluetooth-speaker',35,'Botble\\Ecommerce\\Models\\Product','products','2024-01-08 00:28:53','2024-01-08 00:28:53'),(112,'chikie-bluetooth-speaker',36,'Botble\\Ecommerce\\Models\\Product','products','2024-01-08 00:28:53','2024-01-08 00:28:53'),(113,'chikie-bluetooth-speaker',37,'Botble\\Ecommerce\\Models\\Product','products','2024-01-08 00:28:53','2024-01-08 00:28:53'),(114,'camera-hikvision-hk-35vs8-digital',38,'Botble\\Ecommerce\\Models\\Product','products','2024-01-08 00:28:53','2024-01-08 00:28:53'),(115,'camera-samsung-ss-24',39,'Botble\\Ecommerce\\Models\\Product','products','2024-01-08 00:28:53','2024-01-08 00:28:53'),(116,'leather-watch-band',40,'Botble\\Ecommerce\\Models\\Product','products','2024-01-08 00:28:53','2024-01-08 00:28:53'),(117,'leather-watch-band',41,'Botble\\Ecommerce\\Models\\Product','products','2024-01-08 00:28:53','2024-01-08 00:28:53'),(118,'leather-watch-band',42,'Botble\\Ecommerce\\Models\\Product','products','2024-01-08 00:28:53','2024-01-08 00:28:53'),(119,'apple-iphone-13-plus',43,'Botble\\Ecommerce\\Models\\Product','products','2024-01-08 00:28:53','2024-01-08 00:28:53'),(120,'apple-iphone-13-plus',44,'Botble\\Ecommerce\\Models\\Product','products','2024-01-08 00:28:53','2024-01-08 00:28:53'),(121,'macbook-pro-2015-digital',45,'Botble\\Ecommerce\\Models\\Product','products','2024-01-08 00:28:53','2024-01-08 00:28:53'),(122,'macbook-pro-2015-digital',46,'Botble\\Ecommerce\\Models\\Product','products','2024-01-08 00:28:53','2024-01-08 00:28:53'),(123,'macbook-pro-2015-digital',47,'Botble\\Ecommerce\\Models\\Product','products','2024-01-08 00:28:53','2024-01-08 00:28:53'),(124,'macbook-pro-2015-digital',48,'Botble\\Ecommerce\\Models\\Product','products','2024-01-08 00:28:53','2024-01-08 00:28:53'),(125,'macbook-air-12-inch',49,'Botble\\Ecommerce\\Models\\Product','products','2024-01-08 00:28:53','2024-01-08 00:28:53'),(126,'macbook-air-12-inch',50,'Botble\\Ecommerce\\Models\\Product','products','2024-01-08 00:28:53','2024-01-08 00:28:53'),(127,'macbook-air-12-inch',51,'Botble\\Ecommerce\\Models\\Product','products','2024-01-08 00:28:53','2024-01-08 00:28:53'),(128,'apple-watch-serial-7',52,'Botble\\Ecommerce\\Models\\Product','products','2024-01-08 00:28:53','2024-01-08 00:28:53'),(129,'apple-watch-serial-7',53,'Botble\\Ecommerce\\Models\\Product','products','2024-01-08 00:28:53','2024-01-08 00:28:53'),(130,'apple-watch-serial-7',54,'Botble\\Ecommerce\\Models\\Product','products','2024-01-08 00:28:53','2024-01-08 00:28:53'),(131,'macbook-pro-13-inch',55,'Botble\\Ecommerce\\Models\\Product','products','2024-01-08 00:28:53','2024-01-08 00:28:53'),(132,'apple-keyboard-digital',56,'Botble\\Ecommerce\\Models\\Product','products','2024-01-08 00:28:53','2024-01-08 00:28:53'),(133,'apple-keyboard-digital',57,'Botble\\Ecommerce\\Models\\Product','products','2024-01-08 00:28:53','2024-01-08 00:28:53'),(134,'macsafe-80w',58,'Botble\\Ecommerce\\Models\\Product','products','2024-01-08 00:28:53','2024-01-08 00:28:53'),(135,'macsafe-80w',59,'Botble\\Ecommerce\\Models\\Product','products','2024-01-08 00:28:53','2024-01-08 00:28:53'),(136,'hand-playstation',60,'Botble\\Ecommerce\\Models\\Product','products','2024-01-08 00:28:53','2024-01-08 00:28:53'),(137,'hand-playstation',61,'Botble\\Ecommerce\\Models\\Product','products','2024-01-08 00:28:53','2024-01-08 00:28:53'),(138,'hand-playstation',62,'Botble\\Ecommerce\\Models\\Product','products','2024-01-08 00:28:53','2024-01-08 00:28:53'),(139,'apple-airpods-serial-3',63,'Botble\\Ecommerce\\Models\\Product','products','2024-01-08 00:28:53','2024-01-08 00:28:53'),(140,'apple-airpods-serial-3',64,'Botble\\Ecommerce\\Models\\Product','products','2024-01-08 00:28:53','2024-01-08 00:28:53'),(141,'cool-smart-watches-digital',65,'Botble\\Ecommerce\\Models\\Product','products','2024-01-08 00:28:53','2024-01-08 00:28:53'),(142,'cool-smart-watches-digital',66,'Botble\\Ecommerce\\Models\\Product','products','2024-01-08 00:28:53','2024-01-08 00:28:53'),(143,'cool-smart-watches-digital',67,'Botble\\Ecommerce\\Models\\Product','products','2024-01-08 00:28:53','2024-01-08 00:28:53'),(144,'cool-smart-watches-digital',68,'Botble\\Ecommerce\\Models\\Product','products','2024-01-08 00:28:53','2024-01-08 00:28:53'),(145,'black-smart-watches',69,'Botble\\Ecommerce\\Models\\Product','products','2024-01-08 00:28:53','2024-01-08 00:28:53'),(146,'black-smart-watches',70,'Botble\\Ecommerce\\Models\\Product','products','2024-01-08 00:28:53','2024-01-08 00:28:53'),(147,'black-smart-watches',71,'Botble\\Ecommerce\\Models\\Product','products','2024-01-08 00:28:53','2024-01-08 00:28:53'),(148,'black-smart-watches',72,'Botble\\Ecommerce\\Models\\Product','products','2024-01-08 00:28:53','2024-01-08 00:28:53'),(149,'leather-watch-band-serial-3',73,'Botble\\Ecommerce\\Models\\Product','products','2024-01-08 00:28:53','2024-01-08 00:28:53'),(150,'leather-watch-band-serial-3',74,'Botble\\Ecommerce\\Models\\Product','products','2024-01-08 00:28:53','2024-01-08 00:28:53'),(151,'macbook-pro-2015-13-inch',75,'Botble\\Ecommerce\\Models\\Product','products','2024-01-08 00:28:53','2024-01-08 00:28:53'),(152,'historic-alarm-clock-digital',76,'Botble\\Ecommerce\\Models\\Product','products','2024-01-08 00:28:53','2024-01-08 00:28:53'),(153,'historic-alarm-clock-digital',77,'Botble\\Ecommerce\\Models\\Product','products','2024-01-08 00:28:53','2024-01-08 00:28:53'),(154,'historic-alarm-clock-digital',78,'Botble\\Ecommerce\\Models\\Product','products','2024-01-08 00:28:53','2024-01-08 00:28:53'),(155,'black-glasses',79,'Botble\\Ecommerce\\Models\\Product','products','2024-01-08 00:28:53','2024-01-08 00:28:53'),(156,'black-glasses',80,'Botble\\Ecommerce\\Models\\Product','products','2024-01-08 00:28:53','2024-01-08 00:28:53'),(157,'black-glasses',81,'Botble\\Ecommerce\\Models\\Product','products','2024-01-08 00:28:53','2024-01-08 00:28:53'),(158,'phillips-mouse',82,'Botble\\Ecommerce\\Models\\Product','products','2024-01-08 00:28:53','2024-01-08 00:28:53'),(159,'phillips-mouse',83,'Botble\\Ecommerce\\Models\\Product','products','2024-01-08 00:28:53','2024-01-08 00:28:53'),(160,'phillips-mouse',84,'Botble\\Ecommerce\\Models\\Product','products','2024-01-08 00:28:53','2024-01-08 00:28:53'),(161,'phillips-mouse',85,'Botble\\Ecommerce\\Models\\Product','products','2024-01-08 00:28:53','2024-01-08 00:28:53'),(162,'gaming-keyboard',86,'Botble\\Ecommerce\\Models\\Product','products','2024-01-08 00:28:53','2024-01-08 00:28:53'),(163,'gaming-keyboard',87,'Botble\\Ecommerce\\Models\\Product','products','2024-01-08 00:28:53','2024-01-08 00:28:53'),(164,'gaming-keyboard',88,'Botble\\Ecommerce\\Models\\Product','products','2024-01-08 00:28:53','2024-01-08 00:28:53');

--
-- Table structure for table `slugs_translations`
--

CREATE TABLE `slugs_translations` (
  `lang_code` varchar(20) COLLATE utf8mb4_unicode_ci NOT NULL,
  `slugs_id` bigint unsigned NOT NULL,
  `key` varchar(255) COLLATE utf8mb4_unicode_ci DEFAULT NULL,
  `prefix` varchar(120) COLLATE utf8mb4_unicode_ci DEFAULT '',
  PRIMARY KEY (`lang_code`,`slugs_id`)
) ENGINE=InnoDB DEFAULT CHARSET=utf8mb4 COLLATE=utf8mb4_unicode_ci;

--
-- Dumping data for table `slugs_translations`
--


--
-- Table structure for table `states`
--

CREATE TABLE `states` (
  `id` bigint unsigned NOT NULL AUTO_INCREMENT,
  `name` varchar(120) COLLATE utf8mb4_unicode_ci NOT NULL,
  `slug` varchar(120) COLLATE utf8mb4_unicode_ci DEFAULT NULL,
  `abbreviation` varchar(10) COLLATE utf8mb4_unicode_ci DEFAULT NULL,
  `country_id` bigint unsigned DEFAULT NULL,
  `order` tinyint NOT NULL DEFAULT '0',
  `image` varchar(255) COLLATE utf8mb4_unicode_ci DEFAULT NULL,
  `is_default` tinyint unsigned NOT NULL DEFAULT '0',
  `status` varchar(60) COLLATE utf8mb4_unicode_ci NOT NULL DEFAULT 'published',
  `created_at` timestamp NULL DEFAULT NULL,
  `updated_at` timestamp NULL DEFAULT NULL,
  PRIMARY KEY (`id`),
  UNIQUE KEY `states_slug_unique` (`slug`)
) ENGINE=InnoDB DEFAULT CHARSET=utf8mb4 COLLATE=utf8mb4_unicode_ci;

--
-- Dumping data for table `states`
--


--
-- Table structure for table `states_translations`
--

CREATE TABLE `states_translations` (
  `lang_code` varchar(20) COLLATE utf8mb4_unicode_ci NOT NULL,
  `states_id` bigint unsigned NOT NULL,
  `name` varchar(120) COLLATE utf8mb4_unicode_ci DEFAULT NULL,
  `slug` varchar(120) COLLATE utf8mb4_unicode_ci DEFAULT NULL,
  `abbreviation` varchar(10) COLLATE utf8mb4_unicode_ci DEFAULT NULL,
  PRIMARY KEY (`lang_code`,`states_id`)
) ENGINE=InnoDB DEFAULT CHARSET=utf8mb4 COLLATE=utf8mb4_unicode_ci;

--
-- Dumping data for table `states_translations`
--


--
-- Table structure for table `tags`
--

CREATE TABLE `tags` (
  `id` bigint unsigned NOT NULL AUTO_INCREMENT,
  `name` varchar(120) COLLATE utf8mb4_unicode_ci NOT NULL,
  `author_id` bigint unsigned DEFAULT NULL,
  `author_type` varchar(255) COLLATE utf8mb4_unicode_ci NOT NULL DEFAULT 'Botble\\ACL\\Models\\User',
  `description` varchar(400) COLLATE utf8mb4_unicode_ci DEFAULT '',
  `status` varchar(60) COLLATE utf8mb4_unicode_ci NOT NULL DEFAULT 'published',
  `created_at` timestamp NULL DEFAULT NULL,
  `updated_at` timestamp NULL DEFAULT NULL,
  PRIMARY KEY (`id`)
) ENGINE=InnoDB AUTO_INCREMENT=6 DEFAULT CHARSET=utf8mb4 COLLATE=utf8mb4_unicode_ci;

--
-- Dumping data for table `tags`
--

INSERT INTO `tags` VALUES (1,'General',1,'Botble\\ACL\\Models\\User','','published','2024-01-08 00:28:50','2024-01-08 00:28:50'),(2,'Design',1,'Botble\\ACL\\Models\\User','','published','2024-01-08 00:28:50','2024-01-08 00:28:50'),(3,'Fashion',1,'Botble\\ACL\\Models\\User','','published','2024-01-08 00:28:50','2024-01-08 00:28:50'),(4,'Branding',1,'Botble\\ACL\\Models\\User','','published','2024-01-08 00:28:50','2024-01-08 00:28:50'),(5,'Modern',1,'Botble\\ACL\\Models\\User','','published','2024-01-08 00:28:50','2024-01-08 00:28:50');

--
-- Table structure for table `tags_translations`
--

CREATE TABLE `tags_translations` (
  `lang_code` varchar(20) COLLATE utf8mb4_unicode_ci NOT NULL,
  `tags_id` bigint unsigned NOT NULL,
  `name` varchar(255) COLLATE utf8mb4_unicode_ci DEFAULT NULL,
  `description` varchar(400) COLLATE utf8mb4_unicode_ci DEFAULT NULL,
  PRIMARY KEY (`lang_code`,`tags_id`)
) ENGINE=InnoDB DEFAULT CHARSET=utf8mb4 COLLATE=utf8mb4_unicode_ci;

--
-- Dumping data for table `tags_translations`
--


--
-- Table structure for table `user_meta`
--

CREATE TABLE `user_meta` (
  `id` bigint unsigned NOT NULL AUTO_INCREMENT,
  `key` varchar(120) COLLATE utf8mb4_unicode_ci DEFAULT NULL,
  `value` varchar(255) COLLATE utf8mb4_unicode_ci DEFAULT NULL,
  `user_id` bigint unsigned NOT NULL,
  `created_at` timestamp NULL DEFAULT NULL,
  `updated_at` timestamp NULL DEFAULT NULL,
  PRIMARY KEY (`id`),
  KEY `user_meta_user_id_index` (`user_id`)
) ENGINE=InnoDB DEFAULT CHARSET=utf8mb4 COLLATE=utf8mb4_unicode_ci;

--
-- Dumping data for table `user_meta`
--


--
-- Table structure for table `users`
--

CREATE TABLE `users` (
  `id` bigint unsigned NOT NULL AUTO_INCREMENT,
  `email` varchar(191) COLLATE utf8mb4_unicode_ci NOT NULL,
  `email_verified_at` timestamp NULL DEFAULT NULL,
  `password` varchar(120) COLLATE utf8mb4_unicode_ci DEFAULT NULL,
  `remember_token` varchar(100) COLLATE utf8mb4_unicode_ci DEFAULT NULL,
  `created_at` timestamp NULL DEFAULT NULL,
  `updated_at` timestamp NULL DEFAULT NULL,
  `first_name` varchar(120) COLLATE utf8mb4_unicode_ci DEFAULT NULL,
  `last_name` varchar(120) COLLATE utf8mb4_unicode_ci DEFAULT NULL,
  `username` varchar(60) COLLATE utf8mb4_unicode_ci DEFAULT NULL,
  `avatar_id` bigint unsigned DEFAULT NULL,
  `super_user` tinyint(1) NOT NULL DEFAULT '0',
  `manage_supers` tinyint(1) NOT NULL DEFAULT '0',
  `permissions` text COLLATE utf8mb4_unicode_ci,
  `last_login` timestamp NULL DEFAULT NULL,
  PRIMARY KEY (`id`),
  UNIQUE KEY `users_email_unique` (`email`),
  UNIQUE KEY `users_username_unique` (`username`)
) ENGINE=InnoDB AUTO_INCREMENT=3 DEFAULT CHARSET=utf8mb4 COLLATE=utf8mb4_unicode_ci;

--
-- Dumping data for table `users`
--

INSERT INTO `users` VALUES (1,'oerdman@zemlak.com',NULL,'$2y$12$LviSowvi3Xq5Bqyw80Wl2e/EJcA5wv0qmy6twxjbvY5JvBiOzVVj.',NULL,'2024-01-08 00:28:51','2024-01-08 00:28:51','Mackenzie','Mann','botble',NULL,1,1,NULL,NULL),(2,'friedrich73@little.com',NULL,'$2y$12$pDxCpzkNEJfLVXQRQ1QGiuwWIu.sGjpWOaHCo91NFQ5/sRUWG2.Vy',NULL,'2024-01-08 00:28:51','2024-01-08 00:28:51','Tamia','Mayert','admin',NULL,1,1,NULL,NULL);

--
-- Table structure for table `widgets`
--

CREATE TABLE `widgets` (
  `id` bigint unsigned NOT NULL AUTO_INCREMENT,
  `widget_id` varchar(120) COLLATE utf8mb4_unicode_ci NOT NULL,
  `sidebar_id` varchar(120) COLLATE utf8mb4_unicode_ci NOT NULL,
  `theme` varchar(120) COLLATE utf8mb4_unicode_ci NOT NULL,
  `position` tinyint unsigned NOT NULL DEFAULT '0',
  `data` text COLLATE utf8mb4_unicode_ci,
  `created_at` timestamp NULL DEFAULT NULL,
  `updated_at` timestamp NULL DEFAULT NULL,
  PRIMARY KEY (`id`)
) ENGINE=InnoDB AUTO_INCREMENT=13 DEFAULT CHARSET=utf8mb4 COLLATE=utf8mb4_unicode_ci;

--
-- Dumping data for table `widgets`
--

INSERT INTO `widgets` VALUES (1,'NewsletterWidget','top_footer_sidebar','wowy',1,'{\"id\":\"NewsletterWidget\",\"name\":\"Sign up to Newsletter\",\"subtitle\":\"...and receive $25 coupon for first shopping.\"}','2024-01-08 00:28:52','2024-01-08 00:28:52'),(2,'SiteInfoWidget','footer_sidebar','wowy',0,'{\"id\":\"SiteInfoWidget\",\"name\":\"Site information\"}','2024-01-08 00:28:52','2024-01-08 00:28:52'),(3,'CustomMenuWidget','footer_sidebar','wowy',1,'{\"id\":\"CustomMenuWidget\",\"name\":\"Categories\",\"menu_id\":\"product-categories\"}','2024-01-08 00:28:52','2024-01-08 00:28:52'),(4,'CustomMenuWidget','footer_sidebar','wowy',2,'{\"id\":\"CustomMenuWidget\",\"name\":\"Information\",\"menu_id\":\"information\"}','2024-01-08 00:28:52','2024-01-08 00:28:52'),(5,'PaymentMethodsWidget','footer_sidebar','wowy',3,'{\"id\":\"PaymentMethodsWidget\",\"name\":\"Payments\",\"description\":\"Secured Payment Gateways\",\"image\":\"general\\/payment-methods.png\"}','2024-01-08 00:28:52','2024-01-08 00:28:52'),(6,'BlogSearchWidget','primary_sidebar','wowy',0,'{\"id\":\"BlogSearchWidget\",\"name\":\"Search\"}','2024-01-08 00:28:52','2024-01-08 00:28:52'),(7,'BlogCategoriesWidget','primary_sidebar','wowy',1,'{\"id\":\"BlogCategoriesWidget\",\"name\":\"Categories\"}','2024-01-08 00:28:52','2024-01-08 00:28:52'),(8,'RecentPostsWidget','primary_sidebar','wowy',2,'{\"id\":\"RecentPostsWidget\",\"name\":\"Recent Posts\"}','2024-01-08 00:28:52','2024-01-08 00:28:52'),(9,'TagsWidget','primary_sidebar','wowy',4,'{\"id\":\"TagsWidget\",\"name\":\"Popular Tags\"}','2024-01-08 00:28:52','2024-01-08 00:28:52'),(10,'ProductCategoriesWidget','product_sidebar','wowy',1,'{\"id\":\"ProductCategoriesWidget\",\"name\":\"Categories\"}','2024-01-08 00:28:52','2024-01-08 00:28:52'),(11,'FeaturedProductsWidget','product_sidebar','wowy',2,'{\"id\":\"FeaturedProductsWidget\",\"name\":\"Featured Products\"}','2024-01-08 00:28:52','2024-01-08 00:28:52'),(12,'FeaturedBrandsWidget','product_sidebar','wowy',3,'{\"id\":\"FeaturedBrandsWidget\",\"name\":\"Manufacturers\"}','2024-01-08 00:28:52','2024-01-08 00:28:52');


