--
-- Host: localhost    Database: wowy
-- ------------------------------------------------------


--
-- Table structure for table `activations`
--

CREATE TABLE `activations` (
  `id` bigint unsigned NOT NULL AUTO_INCREMENT,
  `user_id` bigint unsigned NOT NULL,
  `code` varchar(120) COLLATE utf8mb4_unicode_ci NOT NULL,
  `completed` tinyint(1) NOT NULL DEFAULT '0',
  `completed_at` timestamp NULL DEFAULT NULL,
  `created_at` timestamp NULL DEFAULT NULL,
  `updated_at` timestamp NULL DEFAULT NULL,
  PRIMARY KEY (`id`),
  KEY `activations_user_id_index` (`user_id`)
) ENGINE=InnoDB AUTO_INCREMENT=3 DEFAULT CHARSET=utf8mb4 COLLATE=utf8mb4_unicode_ci;

--
-- Dumping data for table `activations`
--

INSERT INTO `activations` VALUES (1,1,'HVO7JZEIcrBvcLP3xggc7NJMAaI3NxPw',1,'2024-01-08 00:28:51','2024-01-08 00:28:51','2024-01-08 00:28:51'),(2,2,'ebozS6otWr0yOEJJy9MdDOFyOWuej7oO',1,'2024-01-08 00:28:51','2024-01-08 00:28:51','2024-01-08 00:28:51');

--
-- Table structure for table `admin_notifications`
--

CREATE TABLE `admin_notifications` (
  `id` bigint unsigned NOT NULL AUTO_INCREMENT,
  `title` varchar(255) COLLATE utf8mb4_unicode_ci NOT NULL,
  `action_label` varchar(255) COLLATE utf8mb4_unicode_ci DEFAULT NULL,
  `action_url` varchar(255) COLLATE utf8mb4_unicode_ci DEFAULT NULL,
  `description` varchar(400) COLLATE utf8mb4_unicode_ci NOT NULL,
  `read_at` timestamp NULL DEFAULT NULL,
  `created_at` timestamp NULL DEFAULT NULL,
  `updated_at` timestamp NULL DEFAULT NULL,
  `permission` varchar(191) COLLATE utf8mb4_unicode_ci DEFAULT NULL,
  PRIMARY KEY (`id`)
) ENGINE=InnoDB DEFAULT CHARSET=utf8mb4 COLLATE=utf8mb4_unicode_ci;

--
-- Dumping data for table `admin_notifications`
--


--
-- Table structure for table `ads`
--

CREATE TABLE `ads` (
  `id` bigint unsigned NOT NULL AUTO_INCREMENT,
  `name` varchar(255) COLLATE utf8mb4_unicode_ci NOT NULL,
  `expired_at` datetime DEFAULT NULL,
  `location` varchar(120) COLLATE utf8mb4_unicode_ci DEFAULT NULL,
  `key` varchar(120) COLLATE utf8mb4_unicode_ci NOT NULL,
  `image` varchar(255) COLLATE utf8mb4_unicode_ci DEFAULT NULL,
  `url` varchar(255) COLLATE utf8mb4_unicode_ci DEFAULT NULL,
  `clicked` bigint NOT NULL DEFAULT '0',
  `order` int DEFAULT '0',
  `status` varchar(60) COLLATE utf8mb4_unicode_ci NOT NULL DEFAULT 'published',
  `created_at` timestamp NULL DEFAULT NULL,
  `updated_at` timestamp NULL DEFAULT NULL,
  `open_in_new_tab` tinyint(1) NOT NULL DEFAULT '1',
  `tablet_image` varchar(255) COLLATE utf8mb4_unicode_ci DEFAULT NULL,
  `mobile_image` varchar(255) COLLATE utf8mb4_unicode_ci DEFAULT NULL,
  PRIMARY KEY (`id`),
  UNIQUE KEY `ads_key_unique` (`key`)
) ENGINE=InnoDB AUTO_INCREMENT=7 DEFAULT CHARSET=utf8mb4 COLLATE=utf8mb4_unicode_ci;

--
-- Dumping data for table `ads`
--

INSERT INTO `ads` VALUES (1,'Smart Offer','2029-01-08 00:00:00','not_set','IZ6WU8KUALYD','promotion/1.png','/products',0,1,'published','2024-01-08 00:28:51','2024-01-08 00:28:51',1,NULL,NULL),(2,'Sale off','2029-01-08 00:00:00','not_set','ILSFJVYFGCPZ','promotion/2.png','/products',0,2,'published','2024-01-08 00:28:51','2024-01-08 00:28:51',1,NULL,NULL),(3,'New Arrivals','2029-01-08 00:00:00','not_set','ILSDKVYFGXPH','promotion/3.png','/products',0,3,'published','2024-01-08 00:28:51','2024-01-08 00:28:51',1,NULL,NULL),(4,'Gaming Area','2029-01-08 00:00:00','not_set','ILSDKVYFGXPJ','promotion/4.png','/products',0,4,'published','2024-01-08 00:28:51','2024-01-08 00:28:51',1,NULL,NULL),(5,'Smart Offer','2029-01-08 00:00:00','not_set','IZ6WU8KUALYE','promotion/5.png','/products',0,5,'published','2024-01-08 00:28:51','2024-01-08 00:28:51',1,NULL,NULL),(6,'Repair Services','2029-01-08 00:00:00','banner-big','IZ6WU8KUALYF','promotion/6.png','/products',0,6,'published','2024-01-08 00:28:51','2024-01-08 00:28:51',1,NULL,NULL);

--
-- Table structure for table `ads_translations`
--

CREATE TABLE `ads_translations` (
  `lang_code` varchar(191) COLLATE utf8mb4_unicode_ci NOT NULL,
  `ads_id` bigint unsigned NOT NULL,
  `name` varchar(255) COLLATE utf8mb4_unicode_ci DEFAULT NULL,
  `image` varchar(255) COLLATE utf8mb4_unicode_ci DEFAULT NULL,
  `url` varchar(255) COLLATE utf8mb4_unicode_ci DEFAULT NULL,
  PRIMARY KEY (`lang_code`,`ads_id`)
) ENGINE=InnoDB DEFAULT CHARSET=utf8mb4 COLLATE=utf8mb4_unicode_ci;

--
-- Dumping data for table `ads_translations`
--


--
-- Table structure for table `audit_histories`
--

CREATE TABLE `audit_histories` (
  `id` bigint unsigned NOT NULL AUTO_INCREMENT,
  `user_id` bigint unsigned NOT NULL,
  `module` varchar(60) COLLATE utf8mb4_unicode_ci NOT NULL,
  `request` longtext COLLATE utf8mb4_unicode_ci,
  `action` varchar(120) COLLATE utf8mb4_unicode_ci NOT NULL,
  `user_agent` text COLLATE utf8mb4_unicode_ci,
  `ip_address` varchar(45) COLLATE utf8mb4_unicode_ci DEFAULT NULL,
  `reference_user` bigint unsigned NOT NULL,
  `reference_id` bigint unsigned NOT NULL,
  `reference_name` varchar(255) COLLATE utf8mb4_unicode_ci NOT NULL,
  `type` varchar(20) COLLATE utf8mb4_unicode_ci NOT NULL,
  `created_at` timestamp NULL DEFAULT NULL,
  `updated_at` timestamp NULL DEFAULT NULL,
  PRIMARY KEY (`id`),
  KEY `audit_histories_user_id_index` (`user_id`),
  KEY `audit_histories_module_index` (`module`)
) ENGINE=InnoDB DEFAULT CHARSET=utf8mb4 COLLATE=utf8mb4_unicode_ci;

--
-- Dumping data for table `audit_histories`
--


--
-- Table structure for table `categories`
--

CREATE TABLE `categories` (
  `id` bigint unsigned NOT NULL AUTO_INCREMENT,
  `name` varchar(120) COLLATE utf8mb4_unicode_ci NOT NULL,
  `parent_id` bigint unsigned NOT NULL DEFAULT '0',
  `description` varchar(400) COLLATE utf8mb4_unicode_ci DEFAULT NULL,
  `status` varchar(60) COLLATE utf8mb4_unicode_ci NOT NULL DEFAULT 'published',
  `author_id` bigint unsigned DEFAULT NULL,
  `author_type` varchar(255) COLLATE utf8mb4_unicode_ci NOT NULL DEFAULT 'Botble\\ACL\\Models\\User',
  `icon` varchar(60) COLLATE utf8mb4_unicode_ci DEFAULT NULL,
  `order` tinyint NOT NULL DEFAULT '0',
  `is_featured` tinyint NOT NULL DEFAULT '0',
  `is_default` tinyint unsigned NOT NULL DEFAULT '0',
  `created_at` timestamp NULL DEFAULT NULL,
  `updated_at` timestamp NULL DEFAULT NULL,
  PRIMARY KEY (`id`),
  KEY `categories_parent_id_index` (`parent_id`),
  KEY `categories_status_index` (`status`),
  KEY `categories_created_at_index` (`created_at`)
) ENGINE=InnoDB AUTO_INCREMENT=5 DEFAULT CHARSET=utf8mb4 COLLATE=utf8mb4_unicode_ci;

--
-- Dumping data for table `categories`
--

INSERT INTO `categories` VALUES (1,'Ecommerce',0,'Velit architecto aut sed quis occaecati dolorum quaerat. Eum iusto autem officiis maxime. Dolorem placeat ab perferendis aliquam qui molestiae aspernatur neque. Placeat earum sequi dolor vel.','published',1,'Botble\\ACL\\Models\\User',NULL,0,0,1,'2024-01-08 00:28:50','2024-01-08 00:28:50'),(2,'Fashion',0,'Et exercitationem sed eos sint beatae illo. Id ea quis laudantium quia animi veniam. Consequatur commodi et velit praesentium. Cum officia maiores rem nihil atque quae sint.','published',1,'Botble\\ACL\\Models\\User',NULL,0,1,0,'2024-01-08 00:28:50','2024-01-08 00:28:50'),(3,'Electronic',0,'Non qui consequatur et ut. Dolores itaque earum et. Maxime iure sequi quia omnis cum ut. In soluta tempore dignissimos tempora nemo.','published',1,'Botble\\ACL\\Models\\User',NULL,0,1,0,'2024-01-08 00:28:50','2024-01-08 00:28:50'),(4,'Commercial',0,'Rerum dicta aliquam error quibusdam officiis sit perspiciatis. Qui assumenda rerum aspernatur recusandae. Porro quibusdam provident ipsum exercitationem quod autem.','published',1,'Botble\\ACL\\Models\\User',NULL,0,1,0,'2024-01-08 00:28:50','2024-01-08 00:28:50');

--
-- Table structure for table `categories_translations`
--

CREATE TABLE `categories_translations` (
  `lang_code` varchar(20) COLLATE utf8mb4_unicode_ci NOT NULL,
  `categories_id` bigint unsigned NOT NULL,
  `name` varchar(255) COLLATE utf8mb4_unicode_ci DEFAULT NULL,
  `description` varchar(400) COLLATE utf8mb4_unicode_ci DEFAULT NULL,
  PRIMARY KEY (`lang_code`,`categories_id`)
) ENGINE=InnoDB DEFAULT CHARSET=utf8mb4 COLLATE=utf8mb4_unicode_ci;

--
-- Dumping data for table `categories_translations`
--


--
-- Table structure for table `cities`
--

CREATE TABLE `cities` (
  `id` bigint unsigned NOT NULL AUTO_INCREMENT,
  `name` varchar(120) COLLATE utf8mb4_unicode_ci NOT NULL,
  `slug` varchar(120) COLLATE utf8mb4_unicode_ci DEFAULT NULL,
  `state_id` bigint unsigned DEFAULT NULL,
  `country_id` bigint unsigned DEFAULT NULL,
  `record_id` varchar(40) COLLATE utf8mb4_unicode_ci DEFAULT NULL,
  `order` tinyint NOT NULL DEFAULT '0',
  `image` varchar(255) COLLATE utf8mb4_unicode_ci DEFAULT NULL,
  `is_default` tinyint unsigned NOT NULL DEFAULT '0',
  `status` varchar(60) COLLATE utf8mb4_unicode_ci NOT NULL DEFAULT 'published',
  `created_at` timestamp NULL DEFAULT NULL,
  `updated_at` timestamp NULL DEFAULT NULL,
  PRIMARY KEY (`id`),
  UNIQUE KEY `cities_slug_unique` (`slug`)
) ENGINE=InnoDB DEFAULT CHARSET=utf8mb4 COLLATE=utf8mb4_unicode_ci;

--
-- Dumping data for table `cities`
--


--
-- Table structure for table `cities_translations`
--

CREATE TABLE `cities_translations` (
  `lang_code` varchar(20) COLLATE utf8mb4_unicode_ci NOT NULL,
  `cities_id` bigint unsigned NOT NULL,
  `name` varchar(120) COLLATE utf8mb4_unicode_ci DEFAULT NULL,
  `slug` varchar(120) COLLATE utf8mb4_unicode_ci DEFAULT NULL,
  PRIMARY KEY (`lang_code`,`cities_id`)
) ENGINE=InnoDB DEFAULT CHARSET=utf8mb4 COLLATE=utf8mb4_unicode_ci;

--
-- Dumping data for table `cities_translations`
--


--
-- Table structure for table `contact_replies`
--

CREATE TABLE `contact_replies` (
  `id` bigint unsigned NOT NULL AUTO_INCREMENT,
  `message` longtext COLLATE utf8mb4_unicode_ci NOT NULL,
  `contact_id` bigint unsigned NOT NULL,
  `created_at` timestamp NULL DEFAULT NULL,
  `updated_at` timestamp NULL DEFAULT NULL,
  PRIMARY KEY (`id`)
) ENGINE=InnoDB DEFAULT CHARSET=utf8mb4 COLLATE=utf8mb4_unicode_ci;

--
-- Dumping data for table `contact_replies`
--


--
-- Table structure for table `contacts`
--

CREATE TABLE `contacts` (
  `id` bigint unsigned NOT NULL AUTO_INCREMENT,
  `name` varchar(60) COLLATE utf8mb4_unicode_ci NOT NULL,
  `email` varchar(60) COLLATE utf8mb4_unicode_ci NOT NULL,
  `phone` varchar(60) COLLATE utf8mb4_unicode_ci DEFAULT NULL,
  `address` varchar(120) COLLATE utf8mb4_unicode_ci DEFAULT NULL,
  `subject` varchar(120) COLLATE utf8mb4_unicode_ci DEFAULT NULL,
  `content` longtext COLLATE utf8mb4_unicode_ci NOT NULL,
  `status` varchar(60) COLLATE utf8mb4_unicode_ci NOT NULL DEFAULT 'unread',
  `created_at` timestamp NULL DEFAULT NULL,
  `updated_at` timestamp NULL DEFAULT NULL,
  PRIMARY KEY (`id`)
) ENGINE=InnoDB DEFAULT CHARSET=utf8mb4 COLLATE=utf8mb4_unicode_ci;

--
-- Dumping data for table `contacts`
--


--
-- Table structure for table `countries`
--

CREATE TABLE `countries` (
  `id` bigint unsigned NOT NULL AUTO_INCREMENT,
  `name` varchar(120) COLLATE utf8mb4_unicode_ci NOT NULL,
  `nationality` varchar(120) COLLATE utf8mb4_unicode_ci DEFAULT NULL,
  `order` tinyint NOT NULL DEFAULT '0',
  `is_default` tinyint unsigned NOT NULL DEFAULT '0',
  `status` varchar(60) COLLATE utf8mb4_unicode_ci NOT NULL DEFAULT 'published',
  `created_at` timestamp NULL DEFAULT NULL,
  `updated_at` timestamp NULL DEFAULT NULL,
  `code` varchar(10) COLLATE utf8mb4_unicode_ci DEFAULT NULL,
  PRIMARY KEY (`id`)
) ENGINE=InnoDB DEFAULT CHARSET=utf8mb4 COLLATE=utf8mb4_unicode_ci;

--
-- Dumping data for table `countries`
--


--
-- Table structure for table `countries_translations`
--

CREATE TABLE `countries_translations` (
  `lang_code` varchar(20) COLLATE utf8mb4_unicode_ci NOT NULL,
  `countries_id` bigint unsigned NOT NULL,
  `name` varchar(120) COLLATE utf8mb4_unicode_ci DEFAULT NULL,
  `nationality` varchar(120) COLLATE utf8mb4_unicode_ci DEFAULT NULL,
  PRIMARY KEY (`lang_code`,`countries_id`)
) ENGINE=InnoDB DEFAULT CHARSET=utf8mb4 COLLATE=utf8mb4_unicode_ci;

--
-- Dumping data for table `countries_translations`
--


--
-- Table structure for table `dashboard_widget_settings`
--

CREATE TABLE `dashboard_widget_settings` (
  `id` bigint unsigned NOT NULL AUTO_INCREMENT,
  `settings` text COLLATE utf8mb4_unicode_ci,
  `user_id` bigint unsigned NOT NULL,
  `widget_id` bigint unsigned NOT NULL,
  `order` tinyint unsigned NOT NULL DEFAULT '0',
  `status` tinyint unsigned NOT NULL DEFAULT '1',
  `created_at` timestamp NULL DEFAULT NULL,
  `updated_at` timestamp NULL DEFAULT NULL,
  PRIMARY KEY (`id`),
  KEY `dashboard_widget_settings_user_id_index` (`user_id`),
  KEY `dashboard_widget_settings_widget_id_index` (`widget_id`)
) ENGINE=InnoDB DEFAULT CHARSET=utf8mb4 COLLATE=utf8mb4_unicode_ci;

--
-- Dumping data for table `dashboard_widget_settings`
--


--
-- Table structure for table `dashboard_widgets`
--

CREATE TABLE `dashboard_widgets` (
  `id` bigint unsigned NOT NULL AUTO_INCREMENT,
  `name` varchar(120) COLLATE utf8mb4_unicode_ci NOT NULL,
  `created_at` timestamp NULL DEFAULT NULL,
  `updated_at` timestamp NULL DEFAULT NULL,
  PRIMARY KEY (`id`)
) ENGINE=InnoDB DEFAULT CHARSET=utf8mb4 COLLATE=utf8mb4_unicode_ci;

--
-- Dumping data for table `dashboard_widgets`
--


--
-- Table structure for table `ec_brands`
--

CREATE TABLE `ec_brands` (
  `id` bigint unsigned NOT NULL AUTO_INCREMENT,
  `name` varchar(191) COLLATE utf8mb4_unicode_ci NOT NULL,
  `description` mediumtext COLLATE utf8mb4_unicode_ci,
  `website` varchar(255) COLLATE utf8mb4_unicode_ci DEFAULT NULL,
  `logo` varchar(255) COLLATE utf8mb4_unicode_ci DEFAULT NULL,
  `status` varchar(60) COLLATE utf8mb4_unicode_ci NOT NULL DEFAULT 'published',
  `order` tinyint unsigned NOT NULL DEFAULT '0',
  `is_featured` tinyint unsigned NOT NULL DEFAULT '0',
  `created_at` timestamp NULL DEFAULT NULL,
  `updated_at` timestamp NULL DEFAULT NULL,
  PRIMARY KEY (`id`)
) ENGINE=InnoDB AUTO_INCREMENT=8 DEFAULT CHARSET=utf8mb4 COLLATE=utf8mb4_unicode_ci;

--
-- Dumping data for table `ec_brands`
--

INSERT INTO `ec_brands` VALUES (1,'Perxsion',NULL,NULL,'brands/1.png','published',0,1,'2024-01-08 00:28:34','2024-01-08 00:28:34'),(2,'Hiching',NULL,NULL,'brands/2.png','published',1,1,'2024-01-08 00:28:34','2024-01-08 00:28:34'),(3,'Kepslo',NULL,NULL,'brands/3.png','published',2,1,'2024-01-08 00:28:34','2024-01-08 00:28:34'),(4,'Groneba',NULL,NULL,'brands/4.png','published',3,1,'2024-01-08 00:28:34','2024-01-08 00:28:34'),(5,'Babian',NULL,NULL,'brands/5.png','published',4,1,'2024-01-08 00:28:34','2024-01-08 00:28:34'),(6,'Valorant',NULL,NULL,'brands/6.png','published',5,1,'2024-01-08 00:28:34','2024-01-08 00:28:34'),(7,'Pure',NULL,NULL,'brands/7.png','published',6,1,'2024-01-08 00:28:34','2024-01-08 00:28:34');

--
-- Table structure for table `ec_brands_translations`
--

CREATE TABLE `ec_brands_translations` (
  `lang_code` varchar(191) COLLATE utf8mb4_unicode_ci NOT NULL,
  `ec_brands_id` bigint unsigned NOT NULL,
  `name` varchar(191) COLLATE utf8mb4_unicode_ci DEFAULT NULL,
  `description` varchar(191) COLLATE utf8mb4_unicode_ci DEFAULT NULL,
  PRIMARY KEY (`lang_code`,`ec_brands_id`)
) ENGINE=InnoDB DEFAULT CHARSET=utf8mb4 COLLATE=utf8mb4_unicode_ci;

--
-- Dumping data for table `ec_brands_translations`
--


--
-- Table structure for table `ec_cart`
--

CREATE TABLE `ec_cart` (
  `identifier` varchar(60) COLLATE utf8mb4_unicode_ci NOT NULL,
  `instance` varchar(60) COLLATE utf8mb4_unicode_ci NOT NULL,
  `content` longtext COLLATE utf8mb4_unicode_ci NOT NULL,
  `created_at` timestamp NULL DEFAULT NULL,
  `updated_at` timestamp NULL DEFAULT NULL,
  PRIMARY KEY (`identifier`,`instance`)
) ENGINE=InnoDB DEFAULT CHARSET=utf8mb4 COLLATE=utf8mb4_unicode_ci;

--
-- Dumping data for table `ec_cart`
--


--
-- Table structure for table `ec_currencies`
--

CREATE TABLE `ec_currencies` (
  `id` bigint unsigned NOT NULL AUTO_INCREMENT,
  `title` varchar(191) COLLATE utf8mb4_unicode_ci NOT NULL,
  `symbol` varchar(10) COLLATE utf8mb4_unicode_ci NOT NULL,
  `is_prefix_symbol` tinyint unsigned NOT NULL DEFAULT '0',
  `decimals` tinyint unsigned DEFAULT '0',
  `order` int unsigned DEFAULT '0',
  `is_default` tinyint NOT NULL DEFAULT '0',
  `exchange_rate` double NOT NULL DEFAULT '1',
  `created_at` timestamp NULL DEFAULT NULL,
  `updated_at` timestamp NULL DEFAULT NULL,
  PRIMARY KEY (`id`)
) ENGINE=InnoDB AUTO_INCREMENT=4 DEFAULT CHARSET=utf8mb4 COLLATE=utf8mb4_unicode_ci;

--
-- Dumping data for table `ec_currencies`
--

INSERT INTO `ec_currencies` VALUES (1,'USD','$',1,2,0,1,1,'2024-01-08 00:28:34','2024-01-08 00:28:34'),(2,'EUR','€',0,2,1,0,0.84,'2024-01-08 00:28:34','2024-01-08 00:28:34'),(3,'VND','₫',0,0,2,0,23203,'2024-01-08 00:28:34','2024-01-08 00:28:34');

--
-- Table structure for table `ec_customer_addresses`
--

CREATE TABLE `ec_customer_addresses` (
  `id` bigint unsigned NOT NULL AUTO_INCREMENT,
  `name` varchar(191) COLLATE utf8mb4_unicode_ci NOT NULL,
  `email` varchar(60) COLLATE utf8mb4_unicode_ci DEFAULT NULL,
  `phone` varchar(20) COLLATE utf8mb4_unicode_ci DEFAULT NULL,
  `country` varchar(120) COLLATE utf8mb4_unicode_ci DEFAULT NULL,
  `state` varchar(120) COLLATE utf8mb4_unicode_ci DEFAULT NULL,
  `city` varchar(120) COLLATE utf8mb4_unicode_ci DEFAULT NULL,
  `address` varchar(255) COLLATE utf8mb4_unicode_ci DEFAULT NULL,
  `customer_id` bigint unsigned NOT NULL,
  `is_default` tinyint unsigned NOT NULL DEFAULT '0',
  `created_at` timestamp NULL DEFAULT NULL,
  `updated_at` timestamp NULL DEFAULT NULL,
  `zip_code` varchar(20) COLLATE utf8mb4_unicode_ci DEFAULT NULL,
  PRIMARY KEY (`id`)
) ENGINE=InnoDB AUTO_INCREMENT=13 DEFAULT CHARSET=utf8mb4 COLLATE=utf8mb4_unicode_ci;

--
-- Dumping data for table `ec_customer_addresses`
--

INSERT INTO `ec_customer_addresses` VALUES (1,'Jackie Sauer','john.smith@botble.com','+18608724074','NF','Oklahoma','Tiffanyberg','680 Lisette Divide Suite 798',1,1,'2024-01-08 00:28:42','2024-01-08 00:28:42','42799'),(2,'Jackie Sauer','john.smith@botble.com','+19098751027','NC','New Hampshire','Lake Abby','3316 Willa Garden Apt. 127',1,0,'2024-01-08 00:28:42','2024-01-08 00:28:42','15419-4330'),(3,'Genoveva Hansen','customer@botble.com','+15048865217','GG','New Mexico','Leannonburgh','5885 Milo Rue',2,1,'2024-01-08 00:28:42','2024-01-08 00:28:42','38980'),(4,'Genoveva Hansen','customer@botble.com','+15205462921','KR','District of Columbia','West Philip','1806 Hermiston Glen Apt. 333',2,0,'2024-01-08 00:28:42','2024-01-08 00:28:42','13823-2992'),(5,'Hadley Tillman','barton.alba@example.net','+15182699974','NI','Kansas','Lake Lorenzoburgh','28810 Annamarie Land Suite 500',3,1,'2024-01-08 00:28:43','2024-01-08 00:28:43','31154-4828'),(6,'Miss Hettie Shanahan','hoppe.robbie@example.com','+13233019348','CM','Hawaii','McLaughlinfort','383 Durgan Ville Apt. 954',4,1,'2024-01-08 00:28:43','2024-01-08 00:28:43','87226-1820'),(7,'Ms. Jeanette Ratke','alta08@example.com','+15209231121','MS','North Carolina','New Mohammad','9844 Louvenia Lane Suite 070',5,1,'2024-01-08 00:28:43','2024-01-08 00:28:43','23882'),(8,'Riley Sauer','berry.altenwerth@example.org','+16604280376','NA','Oregon','Watsicashire','57567 Kassulke Place Suite 498',6,1,'2024-01-08 00:28:43','2024-01-08 00:28:43','78830'),(9,'Lexie Tremblay','huel.eduardo@example.org','+16507893998','CI','Kentucky','West Vickie','430 Brenna Street Apt. 362',7,1,'2024-01-08 00:28:43','2024-01-08 00:28:43','23018-2788'),(10,'Vivianne D\'Amore','hsauer@example.org','+16095992295','NZ','Massachusetts','New Wilford','3972 Ziemann Wall Suite 761',8,1,'2024-01-08 00:28:44','2024-01-08 00:28:44','97241'),(11,'Douglas Farrell','skertzmann@example.org','+13604435922','HT','Arizona','Watsonshire','737 Bergnaum Locks Apt. 916',9,1,'2024-01-08 00:28:44','2024-01-08 00:28:44','77758-2496'),(12,'Tess Reinger','georgiana65@example.com','+14638663088','JM','Idaho','Port Lorinehaven','80817 Wanda Trail Apt. 188',10,1,'2024-01-08 00:28:44','2024-01-08 00:28:44','04298');

--
-- Table structure for table `ec_customer_password_resets`
--

CREATE TABLE `ec_customer_password_resets` (
  `email` varchar(191) COLLATE utf8mb4_unicode_ci NOT NULL,
  `token` varchar(191) COLLATE utf8mb4_unicode_ci NOT NULL,
  `created_at` timestamp NULL DEFAULT NULL,
  KEY `ec_customer_password_resets_email_index` (`email`),
  KEY `ec_customer_password_resets_token_index` (`token`)
) ENGINE=InnoDB DEFAULT CHARSET=utf8mb4 COLLATE=utf8mb4_unicode_ci;

--
-- Dumping data for table `ec_customer_password_resets`
--


--
-- Table structure for table `ec_customer_recently_viewed_products`
--

CREATE TABLE `ec_customer_recently_viewed_products` (
  `id` bigint unsigned NOT NULL AUTO_INCREMENT,
  `customer_id` bigint unsigned NOT NULL,
  `product_id` bigint unsigned NOT NULL,
  PRIMARY KEY (`id`)
) ENGINE=InnoDB DEFAULT CHARSET=utf8mb4 COLLATE=utf8mb4_unicode_ci;

--
-- Dumping data for table `ec_customer_recently_viewed_products`
--


--
-- Table structure for table `ec_customer_used_coupons`
--

CREATE TABLE `ec_customer_used_coupons` (
  `discount_id` bigint unsigned NOT NULL,
  `customer_id` bigint unsigned NOT NULL,
  PRIMARY KEY (`discount_id`,`customer_id`)
) ENGINE=InnoDB DEFAULT CHARSET=utf8mb4 COLLATE=utf8mb4_unicode_ci;

--
-- Dumping data for table `ec_customer_used_coupons`
--


--
-- Table structure for table `ec_customers`
--

CREATE TABLE `ec_customers` (
  `id` bigint unsigned NOT NULL AUTO_INCREMENT,
  `name` varchar(191) COLLATE utf8mb4_unicode_ci NOT NULL,
  `email` varchar(191) COLLATE utf8mb4_unicode_ci NOT NULL,
  `password` varchar(191) COLLATE utf8mb4_unicode_ci NOT NULL,
  `avatar` varchar(255) COLLATE utf8mb4_unicode_ci DEFAULT NULL,
  `dob` date DEFAULT NULL,
  `phone` varchar(20) COLLATE utf8mb4_unicode_ci DEFAULT NULL,
  `remember_token` varchar(100) COLLATE utf8mb4_unicode_ci DEFAULT NULL,
  `created_at` timestamp NULL DEFAULT NULL,
  `updated_at` timestamp NULL DEFAULT NULL,
  `confirmed_at` datetime DEFAULT NULL,
  `email_verify_token` varchar(120) COLLATE utf8mb4_unicode_ci DEFAULT NULL,
  `status` varchar(60) COLLATE utf8mb4_unicode_ci NOT NULL DEFAULT 'activated',
  `private_notes` text COLLATE utf8mb4_unicode_ci,
  PRIMARY KEY (`id`),
  UNIQUE KEY `ec_customers_email_unique` (`email`)
) ENGINE=InnoDB AUTO_INCREMENT=11 DEFAULT CHARSET=utf8mb4 COLLATE=utf8mb4_unicode_ci;

--
-- Dumping data for table `ec_customers`
--

INSERT INTO `ec_customers` VALUES (1,'Jackie Sauer','john.smith@botble.com','$2y$12$djOcXh1Q79mCR3brsKOs0elwXT/xe1SMKIOaIOBQiwt.Bva0opT02','customers/5.jpg','1976-12-27','+16786977604',NULL,'2024-01-08 00:28:42','2024-01-08 00:28:42','2024-01-08 07:28:42',NULL,'activated',NULL),(2,'Genoveva Hansen','customer@botble.com','$2y$12$ZA5EFp.Lih9Fy6F0t1ka6eioMGRMeSVF2NrGhUZdTg5mQ7Hpy0Esi','customers/7.jpg','1994-12-20','+15644675712',NULL,'2024-01-08 00:28:42','2024-01-08 00:28:42','2024-01-08 07:28:42',NULL,'activated',NULL),(3,'Hadley Tillman','barton.alba@example.net','$2y$12$wOhnnMVGrcQe63SAUF4H1.4hsqdVq.5G0JZMu.lcL3gGCqTNSu1nS','customers/1.jpg','1991-12-31','+17625696362',NULL,'2024-01-08 00:28:43','2024-01-08 00:28:43','2024-01-08 07:28:43',NULL,'activated',NULL),(4,'Miss Hettie Shanahan','hoppe.robbie@example.com','$2y$12$rK7/6uYRFg5xJjCpNRbNaOgm1KLFG21DBqYRBlX2NXCWgTqPq/Poe','customers/2.jpg','1987-12-20','+13642515258',NULL,'2024-01-08 00:28:43','2024-01-08 00:28:43','2024-01-08 07:28:43',NULL,'activated',NULL),(5,'Ms. Jeanette Ratke','alta08@example.com','$2y$12$BUejRkIGX/6.GefQLhayPOb6tUrJZ9YrbfkCf436Na0BgIJZZ78wi','customers/3.jpg','1994-12-15','+15646374392',NULL,'2024-01-08 00:28:43','2024-01-08 00:28:43','2024-01-08 07:28:43',NULL,'activated',NULL),(6,'Riley Sauer','berry.altenwerth@example.org','$2y$12$OyqUpG51MijjUW73QFsgFOjw0EQ9ZDvg.Iif66aEsnIL/nRAQQBz6','customers/4.jpg','1978-12-10','+14109998390',NULL,'2024-01-08 00:28:43','2024-01-08 00:28:43','2024-01-08 07:28:43',NULL,'activated',NULL),(7,'Lexie Tremblay','huel.eduardo@example.org','$2y$12$iNrmjXVckw3ZVle2OL8yvud.cxpHzR4mbAXZNHbNVSnnCkHI9.DOy','customers/5.jpg','1984-01-06','+18122951031',NULL,'2024-01-08 00:28:43','2024-01-08 00:28:43','2024-01-08 07:28:43',NULL,'activated',NULL),(8,'Vivianne D\'Amore','hsauer@example.org','$2y$12$6DvoVef/VZmvhZpX62MX3.3PYDbDcsqOTGQiB5LYKQOhOrpqtSTFC','customers/6.jpg','1988-12-28','+14788579993',NULL,'2024-01-08 00:28:44','2024-01-08 00:28:44','2024-01-08 07:28:44',NULL,'activated',NULL),(9,'Douglas Farrell','skertzmann@example.org','$2y$12$8krKo5I.m/OINwqQ3/jnIugV1adhagqfBmt/0mZ9GxlFTJ1PwSL3W','customers/7.jpg','1992-12-10','+19384567200',NULL,'2024-01-08 00:28:44','2024-01-08 00:28:44','2024-01-08 07:28:44',NULL,'activated',NULL),(10,'Tess Reinger','georgiana65@example.com','$2y$12$BbetU7XnpNGEigbj3/c4PeQR8MnXqWVv.uO4Cc3q0rigtqBBRg5G.','customers/8.jpg','1994-01-03','+17407029954',NULL,'2024-01-08 00:28:44','2024-01-08 00:28:44','2024-01-08 07:28:44',NULL,'activated',NULL);

--
-- Table structure for table `ec_discount_customers`
--

CREATE TABLE `ec_discount_customers` (
  `discount_id` bigint unsigned NOT NULL,
  `customer_id` bigint unsigned NOT NULL,
  PRIMARY KEY (`discount_id`,`customer_id`)
) ENGINE=InnoDB DEFAULT CHARSET=utf8mb4 COLLATE=utf8mb4_unicode_ci;

--
-- Dumping data for table `ec_discount_customers`
--


--
-- Table structure for table `ec_discount_product_categories`
--

CREATE TABLE `ec_discount_product_categories` (
  `discount_id` bigint unsigned NOT NULL,
  `product_category_id` bigint unsigned NOT NULL,
  PRIMARY KEY (`discount_id`,`product_category_id`)
) ENGINE=InnoDB DEFAULT CHARSET=utf8mb4 COLLATE=utf8mb4_unicode_ci;

--
-- Dumping data for table `ec_discount_product_categories`
--


--
-- Table structure for table `ec_discount_product_collections`
--

CREATE TABLE `ec_discount_product_collections` (
  `discount_id` bigint unsigned NOT NULL,
  `product_collection_id` bigint unsigned NOT NULL,
  PRIMARY KEY (`discount_id`,`product_collection_id`)
) ENGINE=InnoDB DEFAULT CHARSET=utf8mb4 COLLATE=utf8mb4_unicode_ci;

--
-- Dumping data for table `ec_discount_product_collections`
--


--
-- Table structure for table `ec_discount_products`
--

CREATE TABLE `ec_discount_products` (
  `discount_id` bigint unsigned NOT NULL,
  `product_id` bigint unsigned NOT NULL,
  PRIMARY KEY (`discount_id`,`product_id`)
) ENGINE=InnoDB DEFAULT CHARSET=utf8mb4 COLLATE=utf8mb4_unicode_ci;

--
-- Dumping data for table `ec_discount_products`
--


--
-- Table structure for table `ec_discounts`
--

CREATE TABLE `ec_discounts` (
  `id` bigint unsigned NOT NULL AUTO_INCREMENT,
  `title` varchar(120) COLLATE utf8mb4_unicode_ci DEFAULT NULL,
  `code` varchar(20) COLLATE utf8mb4_unicode_ci DEFAULT NULL,
  `start_date` datetime DEFAULT NULL,
  `end_date` datetime DEFAULT NULL,
  `quantity` int DEFAULT NULL,
  `total_used` int unsigned NOT NULL DEFAULT '0',
  `value` double DEFAULT NULL,
  `type` varchar(60) COLLATE utf8mb4_unicode_ci DEFAULT 'coupon',
  `can_use_with_promotion` tinyint(1) NOT NULL DEFAULT '0',
  `discount_on` varchar(20) COLLATE utf8mb4_unicode_ci DEFAULT NULL,
  `product_quantity` int unsigned DEFAULT NULL,
  `type_option` varchar(100) COLLATE utf8mb4_unicode_ci NOT NULL DEFAULT 'amount',
  `target` varchar(100) COLLATE utf8mb4_unicode_ci NOT NULL DEFAULT 'all-orders',
  `min_order_price` decimal(15,2) DEFAULT NULL,
  `apply_via_url` tinyint(1) NOT NULL DEFAULT '0',
  `display_at_checkout` tinyint(1) NOT NULL DEFAULT '0',
  `created_at` timestamp NULL DEFAULT NULL,
  `updated_at` timestamp NULL DEFAULT NULL,
  `description` varchar(191) COLLATE utf8mb4_unicode_ci DEFAULT NULL,
  PRIMARY KEY (`id`),
  UNIQUE KEY `ec_discounts_code_unique` (`code`)
) ENGINE=InnoDB DEFAULT CHARSET=utf8mb4 COLLATE=utf8mb4_unicode_ci;

--
-- Dumping data for table `ec_discounts`
--


--
-- Table structure for table `ec_flash_sale_products`
--

CREATE TABLE `ec_flash_sale_products` (
  `flash_sale_id` bigint unsigned NOT NULL,
  `product_id` bigint unsigned NOT NULL,
  `price` double unsigned DEFAULT NULL,
  `quantity` int unsigned DEFAULT NULL,
  `sold` int unsigned NOT NULL DEFAULT '0'
) ENGINE=InnoDB DEFAULT CHARSET=utf8mb4 COLLATE=utf8mb4_unicode_ci;

--
-- Dumping data for table `ec_flash_sale_products`
--

INSERT INTO `ec_flash_sale_products` VALUES (1,9,60,10,1),(2,8,71.5473,15,5);

--
-- Table structure for table `ec_flash_sales`
--

CREATE TABLE `ec_flash_sales` (
  `id` bigint unsigned NOT NULL AUTO_INCREMENT,
  `name` varchar(255) COLLATE utf8mb4_unicode_ci NOT NULL,
  `end_date` datetime NOT NULL,
  `status` varchar(60) COLLATE utf8mb4_unicode_ci NOT NULL DEFAULT 'published',
  `created_at` timestamp NULL DEFAULT NULL,
  `updated_at` timestamp NULL DEFAULT NULL,
  PRIMARY KEY (`id`)
) ENGINE=InnoDB AUTO_INCREMENT=3 DEFAULT CHARSET=utf8mb4 COLLATE=utf8mb4_unicode_ci;

--
-- Dumping data for table `ec_flash_sales`
--

INSERT INTO `ec_flash_sales` VALUES (1,'Deal of the Day.','2024-01-27 00:00:00','published','2024-01-08 00:28:45','2024-01-08 00:28:45'),(2,'Gadgets &amp; Accessories','2024-01-28 00:00:00','published','2024-01-08 00:28:45','2024-01-08 00:28:45');

--
-- Table structure for table `ec_flash_sales_translations`
--

CREATE TABLE `ec_flash_sales_translations` (
  `lang_code` varchar(191) COLLATE utf8mb4_unicode_ci NOT NULL,
  `ec_flash_sales_id` bigint unsigned NOT NULL,
  `name` varchar(191) COLLATE utf8mb4_unicode_ci DEFAULT NULL,
  PRIMARY KEY (`lang_code`,`ec_flash_sales_id`)
) ENGINE=InnoDB DEFAULT CHARSET=utf8mb4 COLLATE=utf8mb4_unicode_ci;

--
-- Dumping data for table `ec_flash_sales_translations`
--


--
-- Table structure for table `ec_global_option_value`
--

CREATE TABLE `ec_global_option_value` (
  `option_id` bigint unsigned NOT NULL COMMENT 'option id',
  `id` bigint unsigned NOT NULL AUTO_INCREMENT,
  `option_value` tinytext COLLATE utf8mb4_unicode_ci COMMENT 'option value',
  `affect_price` double DEFAULT NULL COMMENT 'value of price of this option affect',
  `order` int NOT NULL DEFAULT '9999',
  `affect_type` tinyint NOT NULL DEFAULT '0' COMMENT '0. fixed 1. percent',
  `created_at` timestamp NULL DEFAULT NULL,
  `updated_at` timestamp NULL DEFAULT NULL,
  PRIMARY KEY (`id`)
) ENGINE=InnoDB AUTO_INCREMENT=13 DEFAULT CHARSET=utf8mb4 COLLATE=utf8mb4_unicode_ci;

--
-- Dumping data for table `ec_global_option_value`
--

INSERT INTO `ec_global_option_value` VALUES (1,1,'1 Year',0,9999,0,'2024-01-08 00:28:48','2024-01-08 00:28:48'),(1,2,'2 Year',10,9999,0,'2024-01-08 00:28:48','2024-01-08 00:28:48'),(1,3,'3 Year',20,9999,0,'2024-01-08 00:28:48','2024-01-08 00:28:48'),(2,4,'4GB',0,9999,0,'2024-01-08 00:28:48','2024-01-08 00:28:48'),(2,5,'8GB',10,9999,0,'2024-01-08 00:28:48','2024-01-08 00:28:48'),(2,6,'16GB',20,9999,0,'2024-01-08 00:28:48','2024-01-08 00:28:48'),(3,7,'Core i5',0,9999,0,'2024-01-08 00:28:48','2024-01-08 00:28:48'),(3,8,'Core i7',10,9999,0,'2024-01-08 00:28:48','2024-01-08 00:28:48'),(3,9,'Core i9',20,9999,0,'2024-01-08 00:28:48','2024-01-08 00:28:48'),(4,10,'128GB',0,9999,0,'2024-01-08 00:28:48','2024-01-08 00:28:48'),(4,11,'256GB',10,9999,0,'2024-01-08 00:28:48','2024-01-08 00:28:48'),(4,12,'512GB',20,9999,0,'2024-01-08 00:28:48','2024-01-08 00:28:48');

--
-- Table structure for table `ec_global_option_value_translations`
--

CREATE TABLE `ec_global_option_value_translations` (
  `lang_code` varchar(191) COLLATE utf8mb4_unicode_ci NOT NULL,
  `ec_global_option_value_id` bigint unsigned NOT NULL,
  `option_value` varchar(255) COLLATE utf8mb4_unicode_ci DEFAULT NULL,
  PRIMARY KEY (`lang_code`,`ec_global_option_value_id`)
) ENGINE=InnoDB DEFAULT CHARSET=utf8mb4 COLLATE=utf8mb4_unicode_ci;

--
-- Dumping data for table `ec_global_option_value_translations`
--


--
-- Table structure for table `ec_global_options`
--

CREATE TABLE `ec_global_options` (
  `id` bigint unsigned NOT NULL AUTO_INCREMENT,
  `name` varchar(191) COLLATE utf8mb4_unicode_ci NOT NULL COMMENT 'Name of options',
  `option_type` varchar(191) COLLATE utf8mb4_unicode_ci NOT NULL COMMENT 'option type',
  `required` tinyint(1) NOT NULL DEFAULT '0' COMMENT 'Checked if this option is required',
  `created_at` timestamp NULL DEFAULT NULL,
  `updated_at` timestamp NULL DEFAULT NULL,
  PRIMARY KEY (`id`)
) ENGINE=InnoDB AUTO_INCREMENT=5 DEFAULT CHARSET=utf8mb4 COLLATE=utf8mb4_unicode_ci;

--
-- Dumping data for table `ec_global_options`
--

INSERT INTO `ec_global_options` VALUES (1,'Warranty','Botble\\Ecommerce\\Option\\OptionType\\RadioButton',1,'2024-01-08 00:28:48','2024-01-08 00:28:48'),(2,'RAM','Botble\\Ecommerce\\Option\\OptionType\\RadioButton',1,'2024-01-08 00:28:48','2024-01-08 00:28:48'),(3,'CPU','Botble\\Ecommerce\\Option\\OptionType\\RadioButton',1,'2024-01-08 00:28:48','2024-01-08 00:28:48'),(4,'HDD','Botble\\Ecommerce\\Option\\OptionType\\Dropdown',0,'2024-01-08 00:28:48','2024-01-08 00:28:48');

--
-- Table structure for table `ec_global_options_translations`
--

CREATE TABLE `ec_global_options_translations` (
  `lang_code` varchar(191) COLLATE utf8mb4_unicode_ci NOT NULL,
  `ec_global_options_id` bigint unsigned NOT NULL,
  `name` varchar(255) COLLATE utf8mb4_unicode_ci DEFAULT NULL,
  PRIMARY KEY (`lang_code`,`ec_global_options_id`)
) ENGINE=InnoDB DEFAULT CHARSET=utf8mb4 COLLATE=utf8mb4_unicode_ci;

--
-- Dumping data for table `ec_global_options_translations`
--


--
-- Table structure for table `ec_grouped_products`
--

CREATE TABLE `ec_grouped_products` (
  `id` bigint unsigned NOT NULL AUTO_INCREMENT,
  `parent_product_id` bigint unsigned NOT NULL,
  `product_id` bigint unsigned NOT NULL,
  `fixed_qty` int NOT NULL DEFAULT '1',
  PRIMARY KEY (`id`)
) ENGINE=InnoDB DEFAULT CHARSET=utf8mb4 COLLATE=utf8mb4_unicode_ci;

--
-- Dumping data for table `ec_grouped_products`
--


--
-- Table structure for table `ec_invoice_items`
--

CREATE TABLE `ec_invoice_items` (
  `id` bigint unsigned NOT NULL AUTO_INCREMENT,
  `invoice_id` bigint unsigned NOT NULL,
  `reference_type` varchar(191) COLLATE utf8mb4_unicode_ci NOT NULL,
  `reference_id` bigint unsigned NOT NULL,
  `name` varchar(191) COLLATE utf8mb4_unicode_ci NOT NULL,
  `description` varchar(191) COLLATE utf8mb4_unicode_ci DEFAULT NULL,
  `image` varchar(191) COLLATE utf8mb4_unicode_ci DEFAULT NULL,
  `qty` int unsigned NOT NULL,
  `price` decimal(15,2) NOT NULL DEFAULT '0.00',
  `sub_total` decimal(15,2) unsigned NOT NULL,
  `tax_amount` decimal(15,2) unsigned NOT NULL DEFAULT '0.00',
  `discount_amount` decimal(15,2) unsigned NOT NULL DEFAULT '0.00',
  `amount` decimal(15,2) unsigned NOT NULL,
  `options` text COLLATE utf8mb4_unicode_ci,
  `created_at` timestamp NULL DEFAULT NULL,
  `updated_at` timestamp NULL DEFAULT NULL,
  PRIMARY KEY (`id`),
  KEY `ec_invoice_items_reference_type_reference_id_index` (`reference_type`,`reference_id`)
) ENGINE=InnoDB AUTO_INCREMENT=59 DEFAULT CHARSET=utf8mb4 COLLATE=utf8mb4_unicode_ci;

--
-- Dumping data for table `ec_invoice_items`
--

INSERT INTO `ec_invoice_items` VALUES (1,1,'Botble\\Ecommerce\\Models\\Product',42,'Leather Watch Band',NULL,'products/7.jpg',3,117.00,351.00,0.00,0.00,351.00,'[]','2024-01-08 00:28:45','2024-01-08 00:28:45'),(2,1,'Botble\\Ecommerce\\Models\\Product',53,'Apple Watch Serial 7',NULL,'products/11-1.jpg',3,125.00,375.00,0.00,0.00,375.00,'[]','2024-01-08 00:28:45','2024-01-08 00:28:45'),(3,2,'Botble\\Ecommerce\\Models\\Product',26,'Smart Home Speaker (Digital)',NULL,'products/1-1.jpg',2,248.00,496.00,0.00,0.00,496.00,'[]','2024-01-08 00:28:45','2024-01-08 00:28:45'),(4,2,'Botble\\Ecommerce\\Models\\Product',39,'Camera Samsung SS-24',NULL,'products/6.jpg',2,51.00,102.00,0.00,0.00,102.00,'[]','2024-01-08 00:28:45','2024-01-08 00:28:45'),(5,2,'Botble\\Ecommerce\\Models\\Product',56,'Apple Keyboard (Digital)',NULL,'products/13.jpg',2,118.00,236.00,0.00,0.00,236.00,'[]','2024-01-08 00:28:45','2024-01-08 00:28:45'),(6,2,'Botble\\Ecommerce\\Models\\Product',64,'Apple Airpods Serial 3',NULL,'products/16.jpg',1,117.00,117.00,0.00,0.00,117.00,'[]','2024-01-08 00:28:45','2024-01-08 00:28:45'),(7,3,'Botble\\Ecommerce\\Models\\Product',29,'Headphone Ultra Bass',NULL,'products/2.jpg',2,391.00,782.00,0.00,0.00,782.00,'[]','2024-01-08 00:28:45','2024-01-08 00:28:45'),(8,3,'Botble\\Ecommerce\\Models\\Product',53,'Apple Watch Serial 7',NULL,'products/11-1.jpg',3,125.00,375.00,0.00,0.00,375.00,'[]','2024-01-08 00:28:45','2024-01-08 00:28:45'),(9,4,'Botble\\Ecommerce\\Models\\Product',26,'Smart Home Speaker (Digital)',NULL,'products/1-1.jpg',2,248.00,496.00,0.00,0.00,496.00,'[]','2024-01-08 00:28:45','2024-01-08 00:28:45'),(10,4,'Botble\\Ecommerce\\Models\\Product',29,'Headphone Ultra Bass',NULL,'products/2.jpg',1,391.00,391.00,0.00,0.00,391.00,'[]','2024-01-08 00:28:45','2024-01-08 00:28:45'),(11,4,'Botble\\Ecommerce\\Models\\Product',55,'Macbook Pro 13 inch',NULL,'products/12.jpg',2,122.00,244.00,0.00,0.00,244.00,'[]','2024-01-08 00:28:45','2024-01-08 00:28:45'),(12,5,'Botble\\Ecommerce\\Models\\Product',28,'Smart Home Speaker (Digital)',NULL,'products/1-3.jpg',1,248.00,248.00,0.00,0.00,248.00,'[]','2024-01-08 00:28:45','2024-01-08 00:28:45'),(13,5,'Botble\\Ecommerce\\Models\\Product',53,'Apple Watch Serial 7',NULL,'products/11-1.jpg',3,125.00,375.00,0.00,0.00,375.00,'[]','2024-01-08 00:28:45','2024-01-08 00:28:45'),(14,6,'Botble\\Ecommerce\\Models\\Product',32,'Boxed - Bluetooth Headphone',NULL,'products/3.jpg',1,364.00,364.00,0.00,0.00,364.00,'[]','2024-01-08 00:28:46','2024-01-08 00:28:46'),(15,6,'Botble\\Ecommerce\\Models\\Product',52,'Apple Watch Serial 7',NULL,'products/11.jpg',3,125.00,375.00,0.00,0.00,375.00,'[]','2024-01-08 00:28:46','2024-01-08 00:28:46'),(16,6,'Botble\\Ecommerce\\Models\\Product',54,'Apple Watch Serial 7',NULL,'products/11.jpg',2,125.00,250.00,0.00,0.00,250.00,'[]','2024-01-08 00:28:46','2024-01-08 00:28:46'),(17,7,'Botble\\Ecommerce\\Models\\Product',41,'Leather Watch Band',NULL,'products/7-1.jpg',3,117.00,351.00,0.00,0.00,351.00,'[]','2024-01-08 00:28:46','2024-01-08 00:28:46'),(18,7,'Botble\\Ecommerce\\Models\\Product',44,'Apple iPhone 13 Plus',NULL,'products/8-1.jpg',2,121.00,242.00,0.00,0.00,242.00,'[]','2024-01-08 00:28:46','2024-01-08 00:28:46'),(19,7,'Botble\\Ecommerce\\Models\\Product',52,'Apple Watch Serial 7',NULL,'products/11.jpg',3,125.00,375.00,0.00,0.00,375.00,'[]','2024-01-08 00:28:46','2024-01-08 00:28:46'),(20,7,'Botble\\Ecommerce\\Models\\Product',60,'Hand playstation',NULL,'products/15.jpg',3,110.00,330.00,0.00,0.00,330.00,'[]','2024-01-08 00:28:46','2024-01-08 00:28:46'),(21,8,'Botble\\Ecommerce\\Models\\Product',74,'Leather Watch Band Serial 3',NULL,'products/19-1.jpg',1,112.00,112.00,0.00,0.00,112.00,'[]','2024-01-08 00:28:46','2024-01-08 00:28:46'),(22,8,'Botble\\Ecommerce\\Models\\Product',82,'Phillips Mouse',NULL,'products/23.jpg',2,127.00,254.00,0.00,0.00,254.00,'[]','2024-01-08 00:28:46','2024-01-08 00:28:46'),(23,8,'Botble\\Ecommerce\\Models\\Product',85,'Phillips Mouse',NULL,'products/23.jpg',3,127.00,381.00,0.00,0.00,381.00,'[]','2024-01-08 00:28:46','2024-01-08 00:28:46'),(24,9,'Botble\\Ecommerce\\Models\\Product',33,'Boxed - Bluetooth Headphone',NULL,'products/3-1.jpg',1,364.00,364.00,0.00,0.00,364.00,'[]','2024-01-08 00:28:46','2024-01-08 00:28:46'),(25,9,'Botble\\Ecommerce\\Models\\Product',64,'Apple Airpods Serial 3',NULL,'products/16.jpg',2,117.00,234.00,0.00,0.00,234.00,'[]','2024-01-08 00:28:46','2024-01-08 00:28:46'),(26,9,'Botble\\Ecommerce\\Models\\Product',77,'Historic Alarm Clock (Digital)',NULL,'products/21-1.jpg',2,128.00,256.00,0.00,0.00,256.00,'[]','2024-01-08 00:28:46','2024-01-08 00:28:46'),(27,10,'Botble\\Ecommerce\\Models\\Product',36,'Chikie - Bluetooth Speaker',NULL,'products/4-1.jpg',1,72.00,72.00,0.00,0.00,72.00,'[]','2024-01-08 00:28:46','2024-01-08 00:28:46'),(28,10,'Botble\\Ecommerce\\Models\\Product',38,'Camera Hikvision HK-35VS8 (Digital)',NULL,'products/5.jpg',3,46.00,138.00,0.00,0.00,138.00,'[]','2024-01-08 00:28:46','2024-01-08 00:28:46'),(29,10,'Botble\\Ecommerce\\Models\\Product',44,'Apple iPhone 13 Plus',NULL,'products/8-1.jpg',2,121.00,242.00,0.00,0.00,242.00,'[]','2024-01-08 00:28:46','2024-01-08 00:28:46'),(30,10,'Botble\\Ecommerce\\Models\\Product',87,'Gaming Keyboard',NULL,'products/24-1.jpg',1,122.00,122.00,0.00,0.00,122.00,'[]','2024-01-08 00:28:46','2024-01-08 00:28:46'),(31,11,'Botble\\Ecommerce\\Models\\Product',38,'Camera Hikvision HK-35VS8 (Digital)',NULL,'products/5.jpg',3,46.00,138.00,0.00,0.00,138.00,'[]','2024-01-08 00:28:47','2024-01-08 00:28:47'),(32,11,'Botble\\Ecommerce\\Models\\Product',40,'Leather Watch Band',NULL,'products/7.jpg',2,117.00,234.00,0.00,0.00,234.00,'[]','2024-01-08 00:28:47','2024-01-08 00:28:47'),(33,11,'Botble\\Ecommerce\\Models\\Product',53,'Apple Watch Serial 7',NULL,'products/11-1.jpg',1,125.00,125.00,0.00,0.00,125.00,'[]','2024-01-08 00:28:47','2024-01-08 00:28:47'),(34,11,'Botble\\Ecommerce\\Models\\Product',82,'Phillips Mouse',NULL,'products/23.jpg',3,127.00,381.00,0.00,0.00,381.00,'[]','2024-01-08 00:28:47','2024-01-08 00:28:47'),(35,12,'Botble\\Ecommerce\\Models\\Product',27,'Smart Home Speaker (Digital)',NULL,'products/1-2.jpg',1,248.00,248.00,0.00,0.00,248.00,'[]','2024-01-08 00:28:47','2024-01-08 00:28:47'),(36,12,'Botble\\Ecommerce\\Models\\Product',83,'Phillips Mouse',NULL,'products/23-1.jpg',2,127.00,254.00,0.00,0.00,254.00,'[]','2024-01-08 00:28:47','2024-01-08 00:28:47'),(37,13,'Botble\\Ecommerce\\Models\\Product',37,'Chikie - Bluetooth Speaker',NULL,'products/4-2.jpg',2,72.00,144.00,0.00,0.00,144.00,'[]','2024-01-08 00:28:47','2024-01-08 00:28:47'),(38,13,'Botble\\Ecommerce\\Models\\Product',51,'Macbook Air 12 inch',NULL,'products/10.jpg',2,340.00,680.00,0.00,0.00,680.00,'[]','2024-01-08 00:28:47','2024-01-08 00:28:47'),(39,14,'Botble\\Ecommerce\\Models\\Product',40,'Leather Watch Band',NULL,'products/7.jpg',2,117.00,234.00,0.00,0.00,234.00,'[]','2024-01-08 00:28:47','2024-01-08 00:28:47'),(40,14,'Botble\\Ecommerce\\Models\\Product',77,'Historic Alarm Clock (Digital)',NULL,'products/21-1.jpg',1,128.00,128.00,0.00,0.00,128.00,'[]','2024-01-08 00:28:47','2024-01-08 00:28:47'),(41,14,'Botble\\Ecommerce\\Models\\Product',86,'Gaming Keyboard',NULL,'products/24.jpg',1,122.00,122.00,0.00,0.00,122.00,'[]','2024-01-08 00:28:47','2024-01-08 00:28:47'),(42,14,'Botble\\Ecommerce\\Models\\Product',87,'Gaming Keyboard',NULL,'products/24-1.jpg',1,122.00,122.00,0.00,0.00,122.00,'[]','2024-01-08 00:28:47','2024-01-08 00:28:47'),(43,15,'Botble\\Ecommerce\\Models\\Product',50,'Macbook Air 12 inch',NULL,'products/10-1.jpg',2,340.00,680.00,0.00,0.00,680.00,'[]','2024-01-08 00:28:47','2024-01-08 00:28:47'),(44,15,'Botble\\Ecommerce\\Models\\Product',58,'MacSafe 80W',NULL,'products/14.jpg',2,121.00,242.00,0.00,0.00,242.00,'[]','2024-01-08 00:28:47','2024-01-08 00:28:47'),(45,15,'Botble\\Ecommerce\\Models\\Product',68,'Cool Smart Watches (Digital)',NULL,'products/17.jpg',3,114.00,342.00,0.00,0.00,342.00,'[]','2024-01-08 00:28:47','2024-01-08 00:28:47'),(46,15,'Botble\\Ecommerce\\Models\\Product',71,'Black Smart Watches',NULL,'products/18-2.jpg',3,114.00,342.00,0.00,0.00,342.00,'[]','2024-01-08 00:28:47','2024-01-08 00:28:47'),(47,16,'Botble\\Ecommerce\\Models\\Product',41,'Leather Watch Band',NULL,'products/7-1.jpg',3,117.00,351.00,0.00,0.00,351.00,'[]','2024-01-08 00:28:47','2024-01-08 00:28:47'),(48,16,'Botble\\Ecommerce\\Models\\Product',64,'Apple Airpods Serial 3',NULL,'products/16.jpg',2,117.00,234.00,0.00,0.00,234.00,'[]','2024-01-08 00:28:47','2024-01-08 00:28:47'),(49,17,'Botble\\Ecommerce\\Models\\Product',40,'Leather Watch Band',NULL,'products/7.jpg',3,117.00,351.00,0.00,0.00,351.00,'[]','2024-01-08 00:28:48','2024-01-08 00:28:48'),(50,17,'Botble\\Ecommerce\\Models\\Product',59,'MacSafe 80W',NULL,'products/14-1.jpg',3,121.00,363.00,0.00,0.00,363.00,'[]','2024-01-08 00:28:48','2024-01-08 00:28:48'),(51,17,'Botble\\Ecommerce\\Models\\Product',85,'Phillips Mouse',NULL,'products/23.jpg',3,127.00,381.00,0.00,0.00,381.00,'[]','2024-01-08 00:28:48','2024-01-08 00:28:48'),(52,18,'Botble\\Ecommerce\\Models\\Product',33,'Boxed - Bluetooth Headphone',NULL,'products/3-1.jpg',1,364.00,364.00,0.00,0.00,364.00,'[]','2024-01-08 00:28:48','2024-01-08 00:28:48'),(53,18,'Botble\\Ecommerce\\Models\\Product',65,'Cool Smart Watches (Digital)',NULL,'products/17.jpg',2,114.00,228.00,0.00,0.00,228.00,'[]','2024-01-08 00:28:48','2024-01-08 00:28:48'),(54,18,'Botble\\Ecommerce\\Models\\Product',66,'Cool Smart Watches (Digital)',NULL,'products/17.jpg',1,114.00,114.00,0.00,0.00,114.00,'[]','2024-01-08 00:28:48','2024-01-08 00:28:48'),(55,19,'Botble\\Ecommerce\\Models\\Product',75,'Macbook Pro 2015 13 inch',NULL,'products/20.jpg',1,129.00,129.00,0.00,0.00,129.00,'[]','2024-01-08 00:28:48','2024-01-08 00:28:48'),(56,19,'Botble\\Ecommerce\\Models\\Product',78,'Historic Alarm Clock (Digital)',NULL,'products/21.jpg',1,128.00,128.00,0.00,0.00,128.00,'[]','2024-01-08 00:28:48','2024-01-08 00:28:48'),(57,20,'Botble\\Ecommerce\\Models\\Product',49,'Macbook Air 12 inch',NULL,'products/10.jpg',1,340.00,340.00,0.00,0.00,340.00,'[]','2024-01-08 00:28:48','2024-01-08 00:28:48'),(58,20,'Botble\\Ecommerce\\Models\\Product',57,'Apple Keyboard (Digital)',NULL,'products/13-1.jpg',3,118.00,354.00,0.00,0.00,354.00,'[]','2024-01-08 00:28:48','2024-01-08 00:28:48');

--
-- Table structure for table `ec_invoices`
--

CREATE TABLE `ec_invoices` (
  `id` bigint unsigned NOT NULL AUTO_INCREMENT,
  `reference_type` varchar(191) COLLATE utf8mb4_unicode_ci NOT NULL,
  `reference_id` bigint unsigned NOT NULL,
  `code` varchar(191) COLLATE utf8mb4_unicode_ci NOT NULL,
  `customer_name` varchar(191) COLLATE utf8mb4_unicode_ci DEFAULT NULL,
  `company_name` varchar(191) COLLATE utf8mb4_unicode_ci DEFAULT NULL,
  `company_logo` varchar(191) COLLATE utf8mb4_unicode_ci DEFAULT NULL,
  `customer_email` varchar(191) COLLATE utf8mb4_unicode_ci DEFAULT NULL,
  `customer_phone` varchar(191) COLLATE utf8mb4_unicode_ci DEFAULT NULL,
  `customer_address` varchar(191) COLLATE utf8mb4_unicode_ci DEFAULT NULL,
  `customer_tax_id` varchar(191) COLLATE utf8mb4_unicode_ci DEFAULT NULL,
  `sub_total` decimal(15,2) unsigned NOT NULL,
  `tax_amount` decimal(15,2) unsigned NOT NULL DEFAULT '0.00',
  `shipping_amount` decimal(15,2) unsigned NOT NULL DEFAULT '0.00',
  `discount_amount` decimal(15,2) unsigned NOT NULL DEFAULT '0.00',
  `shipping_option` varchar(60) COLLATE utf8mb4_unicode_ci DEFAULT NULL,
  `shipping_method` varchar(60) COLLATE utf8mb4_unicode_ci NOT NULL DEFAULT 'default',
  `coupon_code` varchar(120) COLLATE utf8mb4_unicode_ci DEFAULT NULL,
  `discount_description` varchar(255) COLLATE utf8mb4_unicode_ci DEFAULT NULL,
  `amount` decimal(15,2) unsigned NOT NULL,
  `description` text COLLATE utf8mb4_unicode_ci,
  `payment_id` bigint unsigned DEFAULT NULL,
  `status` varchar(191) COLLATE utf8mb4_unicode_ci NOT NULL DEFAULT 'pending',
  `paid_at` timestamp NULL DEFAULT NULL,
  `created_at` timestamp NULL DEFAULT NULL,
  `updated_at` timestamp NULL DEFAULT NULL,
  PRIMARY KEY (`id`),
  UNIQUE KEY `ec_invoices_code_unique` (`code`),
  KEY `ec_invoices_reference_type_reference_id_index` (`reference_type`,`reference_id`),
  KEY `ec_invoices_payment_id_index` (`payment_id`),
  KEY `ec_invoices_status_index` (`status`)
) ENGINE=InnoDB AUTO_INCREMENT=21 DEFAULT CHARSET=utf8mb4 COLLATE=utf8mb4_unicode_ci;

--
-- Dumping data for table `ec_invoices`
--

INSERT INTO `ec_invoices` VALUES (1,'Botble\\Ecommerce\\Models\\Order',1,'INV-1','Hadley Tillman','',NULL,'barton.alba@example.net','+15182699974','28810 Annamarie Land Suite 500, Lake Lorenzoburgh, Kansas, NI',NULL,726.00,0.00,0.00,0.00,'1','default',NULL,NULL,726.00,NULL,1,'completed','2024-01-08 00:28:45','2023-12-24 00:28:45','2024-01-08 00:28:45'),(2,'Botble\\Ecommerce\\Models\\Order',2,'INV-2','Genoveva Hansen','',NULL,'customer@botble.com','+15048865217','5885 Milo Rue, Leannonburgh, New Mexico, GG',NULL,951.00,0.00,0.00,0.00,'1','default',NULL,NULL,951.00,NULL,2,'completed','2024-01-08 00:28:45','2023-12-27 22:28:45','2024-01-08 00:28:45'),(3,'Botble\\Ecommerce\\Models\\Order',3,'INV-3','Genoveva Hansen','',NULL,'customer@botble.com','+15048865217','5885 Milo Rue, Leannonburgh, New Mexico, GG',NULL,1157.00,0.00,0.00,0.00,'1','default',NULL,NULL,1157.00,NULL,3,'pending',NULL,'2024-01-05 00:28:45','2024-01-08 00:28:45'),(4,'Botble\\Ecommerce\\Models\\Order',4,'INV-4','Ms. Jeanette Ratke','',NULL,'alta08@example.com','+15209231121','9844 Louvenia Lane Suite 070, New Mohammad, North Carolina, MS',NULL,1131.00,0.00,0.00,0.00,'1','default',NULL,NULL,1131.00,NULL,4,'completed','2024-01-08 00:28:45','2023-12-31 22:28:45','2024-01-08 00:28:45'),(5,'Botble\\Ecommerce\\Models\\Order',5,'INV-5','Douglas Farrell','',NULL,'skertzmann@example.org','+13604435922','737 Bergnaum Locks Apt. 916, Watsonshire, Arizona, HT',NULL,623.00,0.00,0.00,0.00,'1','default',NULL,NULL,623.00,NULL,5,'completed','2024-01-08 00:28:45','2024-01-01 08:28:45','2024-01-08 00:28:45'),(6,'Botble\\Ecommerce\\Models\\Order',6,'INV-6','Genoveva Hansen','',NULL,'customer@botble.com','+15048865217','5885 Milo Rue, Leannonburgh, New Mexico, GG',NULL,989.00,0.00,0.00,0.00,'1','default',NULL,NULL,989.00,NULL,6,'completed','2024-01-08 00:28:46','2023-12-26 12:28:46','2024-01-08 00:28:46'),(7,'Botble\\Ecommerce\\Models\\Order',7,'INV-7','Vivianne D\'Amore','',NULL,'hsauer@example.org','+16095992295','3972 Ziemann Wall Suite 761, New Wilford, Massachusetts, NZ',NULL,1298.00,0.00,0.00,0.00,'1','default',NULL,NULL,1298.00,NULL,7,'completed','2024-01-08 00:28:46','2024-01-03 08:28:46','2024-01-08 00:28:46'),(8,'Botble\\Ecommerce\\Models\\Order',8,'INV-8','Vivianne D\'Amore','',NULL,'hsauer@example.org','+16095992295','3972 Ziemann Wall Suite 761, New Wilford, Massachusetts, NZ',NULL,747.00,0.00,0.00,0.00,'1','default',NULL,NULL,747.00,NULL,8,'completed','2024-01-08 00:28:46','2024-01-02 14:28:46','2024-01-08 00:28:46'),(9,'Botble\\Ecommerce\\Models\\Order',9,'INV-9','Lexie Tremblay','',NULL,'huel.eduardo@example.org','+16507893998','430 Brenna Street Apt. 362, West Vickie, Kentucky, CI',NULL,854.00,0.00,0.00,0.00,'1','default',NULL,NULL,854.00,NULL,9,'completed','2024-01-08 00:28:46','2023-12-29 00:28:46','2024-01-08 00:28:46'),(10,'Botble\\Ecommerce\\Models\\Order',10,'INV-10','Vivianne D\'Amore','',NULL,'hsauer@example.org','+16095992295','3972 Ziemann Wall Suite 761, New Wilford, Massachusetts, NZ',NULL,574.00,0.00,0.00,0.00,'1','default',NULL,NULL,574.00,NULL,10,'completed','2024-01-08 00:28:46','2024-01-06 04:28:46','2024-01-08 00:28:46'),(11,'Botble\\Ecommerce\\Models\\Order',11,'INV-11','Vivianne D\'Amore','',NULL,'hsauer@example.org','+16095992295','3972 Ziemann Wall Suite 761, New Wilford, Massachusetts, NZ',NULL,878.00,0.00,0.00,0.00,'1','default',NULL,NULL,878.00,NULL,11,'pending',NULL,'2024-01-03 00:28:47','2024-01-08 00:28:47'),(12,'Botble\\Ecommerce\\Models\\Order',12,'INV-12','Miss Hettie Shanahan','',NULL,'hoppe.robbie@example.com','+13233019348','383 Durgan Ville Apt. 954, McLaughlinfort, Hawaii, CM',NULL,502.00,0.00,0.00,0.00,'1','default',NULL,NULL,502.00,NULL,12,'completed','2024-01-08 00:28:47','2024-01-03 12:28:47','2024-01-08 00:28:47'),(13,'Botble\\Ecommerce\\Models\\Order',13,'INV-13','Tess Reinger','',NULL,'georgiana65@example.com','+14638663088','80817 Wanda Trail Apt. 188, Port Lorinehaven, Idaho, JM',NULL,824.00,0.00,0.00,0.00,'1','default',NULL,NULL,824.00,NULL,13,'completed','2024-01-08 00:28:47','2024-01-06 16:28:47','2024-01-08 00:28:47'),(14,'Botble\\Ecommerce\\Models\\Order',14,'INV-14','Miss Hettie Shanahan','',NULL,'hoppe.robbie@example.com','+13233019348','383 Durgan Ville Apt. 954, McLaughlinfort, Hawaii, CM',NULL,606.00,0.00,0.00,0.00,'1','default',NULL,NULL,606.00,NULL,14,'completed','2024-01-08 00:28:47','2024-01-02 18:28:47','2024-01-08 00:28:47'),(15,'Botble\\Ecommerce\\Models\\Order',15,'INV-15','Douglas Farrell','',NULL,'skertzmann@example.org','+13604435922','737 Bergnaum Locks Apt. 916, Watsonshire, Arizona, HT',NULL,1606.00,0.00,0.00,0.00,'1','default',NULL,NULL,1606.00,NULL,15,'completed','2024-01-08 00:28:47','2024-01-03 00:28:47','2024-01-08 00:28:47'),(16,'Botble\\Ecommerce\\Models\\Order',16,'INV-16','Douglas Farrell','',NULL,'skertzmann@example.org','+13604435922','737 Bergnaum Locks Apt. 916, Watsonshire, Arizona, HT',NULL,585.00,0.00,0.00,0.00,'1','default',NULL,NULL,585.00,NULL,16,'pending',NULL,'2024-01-07 04:28:47','2024-01-08 00:28:47'),(17,'Botble\\Ecommerce\\Models\\Order',17,'INV-17','Hadley Tillman','',NULL,'barton.alba@example.net','+15182699974','28810 Annamarie Land Suite 500, Lake Lorenzoburgh, Kansas, NI',NULL,1095.00,0.00,0.00,0.00,'1','default',NULL,NULL,1095.00,NULL,17,'completed','2024-01-08 00:28:48','2024-01-05 08:28:48','2024-01-08 00:28:48'),(18,'Botble\\Ecommerce\\Models\\Order',18,'INV-18','Jackie Sauer','',NULL,'john.smith@botble.com','+18608724074','680 Lisette Divide Suite 798, Tiffanyberg, Oklahoma, NF',NULL,706.00,0.00,0.00,0.00,'1','default',NULL,NULL,706.00,NULL,18,'pending',NULL,'2024-01-07 00:28:48','2024-01-08 00:28:48'),(19,'Botble\\Ecommerce\\Models\\Order',19,'INV-19','Jackie Sauer','',NULL,'john.smith@botble.com','+18608724074','680 Lisette Divide Suite 798, Tiffanyberg, Oklahoma, NF',NULL,257.00,0.00,0.00,0.00,'1','default',NULL,NULL,257.00,NULL,19,'completed','2024-01-08 00:28:48','2024-01-07 20:28:48','2024-01-08 00:28:48'),(20,'Botble\\Ecommerce\\Models\\Order',20,'INV-20','Hadley Tillman','',NULL,'barton.alba@example.net','+15182699974','28810 Annamarie Land Suite 500, Lake Lorenzoburgh, Kansas, NI',NULL,694.00,0.00,0.00,0.00,'1','default',NULL,NULL,694.00,NULL,20,'completed','2024-01-08 00:28:48','2024-01-07 18:28:48','2024-01-08 00:28:48');

--
-- Table structure for table `ec_option_value`
--

CREATE TABLE `ec_option_value` (
  `option_id` bigint unsigned NOT NULL COMMENT 'option id',
  `id` bigint unsigned NOT NULL AUTO_INCREMENT,
  `option_value` tinytext COLLATE utf8mb4_unicode_ci COMMENT 'option value',
  `affect_price` double DEFAULT NULL COMMENT 'value of price of this option affect',
  `order` int NOT NULL DEFAULT '9999',
  `affect_type` tinyint NOT NULL DEFAULT '0' COMMENT '0. fixed 1. percent',
  `created_at` timestamp NULL DEFAULT NULL,
  `updated_at` timestamp NULL DEFAULT NULL,
  PRIMARY KEY (`id`)
) ENGINE=InnoDB DEFAULT CHARSET=utf8mb4 COLLATE=utf8mb4_unicode_ci;

--
-- Dumping data for table `ec_option_value`
--


--
-- Table structure for table `ec_option_value_translations`
--

CREATE TABLE `ec_option_value_translations` (
  `lang_code` varchar(191) COLLATE utf8mb4_unicode_ci NOT NULL,
  `ec_option_value_id` bigint unsigned NOT NULL,
  `option_value` varchar(255) COLLATE utf8mb4_unicode_ci DEFAULT NULL,
  PRIMARY KEY (`lang_code`,`ec_option_value_id`)
) ENGINE=InnoDB DEFAULT CHARSET=utf8mb4 COLLATE=utf8mb4_unicode_ci;

--
-- Dumping data for table `ec_option_value_translations`
--


--
-- Table structure for table `ec_options`
--

CREATE TABLE `ec_options` (
  `id` bigint unsigned NOT NULL AUTO_INCREMENT,
  `name` varchar(191) COLLATE utf8mb4_unicode_ci NOT NULL COMMENT 'Name of options',
  `option_type` varchar(191) COLLATE utf8mb4_unicode_ci DEFAULT NULL COMMENT 'option type',
  `product_id` bigint unsigned NOT NULL DEFAULT '0',
  `order` int NOT NULL DEFAULT '9999',
  `required` tinyint(1) NOT NULL DEFAULT '0' COMMENT 'Checked if this option is required',
  `created_at` timestamp NULL DEFAULT NULL,
  `updated_at` timestamp NULL DEFAULT NULL,
  PRIMARY KEY (`id`)
) ENGINE=InnoDB DEFAULT CHARSET=utf8mb4 COLLATE=utf8mb4_unicode_ci;

--
-- Dumping data for table `ec_options`
--


--
-- Table structure for table `ec_options_translations`
--

CREATE TABLE `ec_options_translations` (
  `lang_code` varchar(191) COLLATE utf8mb4_unicode_ci NOT NULL,
  `ec_options_id` bigint unsigned NOT NULL,
  `name` varchar(255) COLLATE utf8mb4_unicode_ci DEFAULT NULL,
  PRIMARY KEY (`lang_code`,`ec_options_id`)
) ENGINE=InnoDB DEFAULT CHARSET=utf8mb4 COLLATE=utf8mb4_unicode_ci;

--
-- Dumping data for table `ec_options_translations`
--


--
-- Table structure for table `ec_order_addresses`
--

CREATE TABLE `ec_order_addresses` (
  `id` bigint unsigned NOT NULL AUTO_INCREMENT,
  `name` varchar(191) COLLATE utf8mb4_unicode_ci NOT NULL,
  `phone` varchar(20) COLLATE utf8mb4_unicode_ci DEFAULT NULL,
  `email` varchar(191) COLLATE utf8mb4_unicode_ci DEFAULT NULL,
  `country` varchar(120) COLLATE utf8mb4_unicode_ci DEFAULT NULL,
  `state` varchar(120) COLLATE utf8mb4_unicode_ci DEFAULT NULL,
  `city` varchar(120) COLLATE utf8mb4_unicode_ci DEFAULT NULL,
  `address` varchar(255) COLLATE utf8mb4_unicode_ci DEFAULT NULL,
  `order_id` bigint unsigned NOT NULL,
  `zip_code` varchar(20) COLLATE utf8mb4_unicode_ci DEFAULT NULL,
  `type` varchar(60) COLLATE utf8mb4_unicode_ci NOT NULL DEFAULT 'shipping_address',
  PRIMARY KEY (`id`)
) ENGINE=InnoDB AUTO_INCREMENT=21 DEFAULT CHARSET=utf8mb4 COLLATE=utf8mb4_unicode_ci;

--
-- Dumping data for table `ec_order_addresses`
--

INSERT INTO `ec_order_addresses` VALUES (1,'Hadley Tillman','+15182699974','barton.alba@example.net','NI','Kansas','Lake Lorenzoburgh','28810 Annamarie Land Suite 500',1,'31154-4828','shipping_address'),(2,'Genoveva Hansen','+15048865217','customer@botble.com','GG','New Mexico','Leannonburgh','5885 Milo Rue',2,'38980','shipping_address'),(3,'Genoveva Hansen','+15048865217','customer@botble.com','GG','New Mexico','Leannonburgh','5885 Milo Rue',3,'38980','shipping_address'),(4,'Ms. Jeanette Ratke','+15209231121','alta08@example.com','MS','North Carolina','New Mohammad','9844 Louvenia Lane Suite 070',4,'23882','shipping_address'),(5,'Douglas Farrell','+13604435922','skertzmann@example.org','HT','Arizona','Watsonshire','737 Bergnaum Locks Apt. 916',5,'77758-2496','shipping_address'),(6,'Genoveva Hansen','+15048865217','customer@botble.com','GG','New Mexico','Leannonburgh','5885 Milo Rue',6,'38980','shipping_address'),(7,'Vivianne D\'Amore','+16095992295','hsauer@example.org','NZ','Massachusetts','New Wilford','3972 Ziemann Wall Suite 761',7,'97241','shipping_address'),(8,'Vivianne D\'Amore','+16095992295','hsauer@example.org','NZ','Massachusetts','New Wilford','3972 Ziemann Wall Suite 761',8,'97241','shipping_address'),(9,'Lexie Tremblay','+16507893998','huel.eduardo@example.org','CI','Kentucky','West Vickie','430 Brenna Street Apt. 362',9,'23018-2788','shipping_address'),(10,'Vivianne D\'Amore','+16095992295','hsauer@example.org','NZ','Massachusetts','New Wilford','3972 Ziemann Wall Suite 761',10,'97241','shipping_address'),(11,'Vivianne D\'Amore','+16095992295','hsauer@example.org','NZ','Massachusetts','New Wilford','3972 Ziemann Wall Suite 761',11,'97241','shipping_address'),(12,'Miss Hettie Shanahan','+13233019348','hoppe.robbie@example.com','CM','Hawaii','McLaughlinfort','383 Durgan Ville Apt. 954',12,'87226-1820','shipping_address'),(13,'Tess Reinger','+14638663088','georgiana65@example.com','JM','Idaho','Port Lorinehaven','80817 Wanda Trail Apt. 188',13,'04298','shipping_address'),(14,'Miss Hettie Shanahan','+13233019348','hoppe.robbie@example.com','CM','Hawaii','McLaughlinfort','383 Durgan Ville Apt. 954',14,'87226-1820','shipping_address'),(15,'Douglas Farrell','+13604435922','skertzmann@example.org','HT','Arizona','Watsonshire','737 Bergnaum Locks Apt. 916',15,'77758-2496','shipping_address'),(16,'Douglas Farrell','+13604435922','skertzmann@example.org','HT','Arizona','Watsonshire','737 Bergnaum Locks Apt. 916',16,'77758-2496','shipping_address'),(17,'Hadley Tillman','+15182699974','barton.alba@example.net','NI','Kansas','Lake Lorenzoburgh','28810 Annamarie Land Suite 500',17,'31154-4828','shipping_address'),(18,'Jackie Sauer','+18608724074','john.smith@botble.com','NF','Oklahoma','Tiffanyberg','680 Lisette Divide Suite 798',18,'42799','shipping_address'),(19,'Jackie Sauer','+18608724074','john.smith@botble.com','NF','Oklahoma','Tiffanyberg','680 Lisette Divide Suite 798',19,'42799','shipping_address'),(20,'Hadley Tillman','+15182699974','barton.alba@example.net','NI','Kansas','Lake Lorenzoburgh','28810 Annamarie Land Suite 500',20,'31154-4828','shipping_address');

--
-- Table structure for table `ec_order_histories`
--

CREATE TABLE `ec_order_histories` (
  `id` bigint unsigned NOT NULL AUTO_INCREMENT,
  `action` varchar(120) COLLATE utf8mb4_unicode_ci NOT NULL,
  `description` varchar(255) COLLATE utf8mb4_unicode_ci NOT NULL,
  `user_id` bigint unsigned DEFAULT NULL,
  `order_id` bigint unsigned NOT NULL,
  `extras` text COLLATE utf8mb4_unicode_ci,
  `created_at` timestamp NULL DEFAULT NULL,
  `updated_at` timestamp NULL DEFAULT NULL,
  PRIMARY KEY (`id`)
) ENGINE=InnoDB AUTO_INCREMENT=97 DEFAULT CHARSET=utf8mb4 COLLATE=utf8mb4_unicode_ci;

--
-- Dumping data for table `ec_order_histories`
--

INSERT INTO `ec_order_histories` VALUES (1,'create_order_from_seeder','Order is created from the checkout page',NULL,1,NULL,'2023-12-24 00:28:45','2023-12-24 00:28:45'),(2,'confirm_order','Order was verified by %user_name%',0,1,NULL,'2023-12-24 00:28:45','2023-12-24 00:28:45'),(3,'confirm_payment','Payment was confirmed (amount $726.00) by %user_name%',0,1,NULL,'2024-01-08 00:28:45','2024-01-08 00:28:45'),(4,'create_shipment','Created shipment for order',0,1,NULL,'2024-01-08 00:28:45','2024-01-08 00:28:45'),(5,'update_status','Changed status of shipping to: Delivered. Updated by: %user_name%',0,1,NULL,'2024-01-08 00:28:45','2024-01-08 00:28:45'),(6,'create_order_from_seeder','Order is created from the checkout page',NULL,2,NULL,'2023-12-27 22:28:45','2023-12-27 22:28:45'),(7,'confirm_order','Order was verified by %user_name%',0,2,NULL,'2023-12-27 22:28:45','2023-12-27 22:28:45'),(8,'confirm_payment','Payment was confirmed (amount $951.00) by %user_name%',0,2,NULL,'2024-01-08 00:28:45','2024-01-08 00:28:45'),(9,'create_shipment','Created shipment for order',0,2,NULL,'2024-01-08 00:28:45','2024-01-08 00:28:45'),(10,'create_order_from_seeder','Order is created from the checkout page',NULL,3,NULL,'2024-01-05 00:28:45','2024-01-05 00:28:45'),(11,'confirm_order','Order was verified by %user_name%',0,3,NULL,'2024-01-05 00:28:45','2024-01-05 00:28:45'),(12,'create_shipment','Created shipment for order',0,3,NULL,'2024-01-08 00:28:45','2024-01-08 00:28:45'),(13,'create_order_from_seeder','Order is created from the checkout page',NULL,4,NULL,'2023-12-31 22:28:45','2023-12-31 22:28:45'),(14,'confirm_order','Order was verified by %user_name%',0,4,NULL,'2023-12-31 22:28:45','2023-12-31 22:28:45'),(15,'confirm_payment','Payment was confirmed (amount $1,131.00) by %user_name%',0,4,NULL,'2024-01-08 00:28:45','2024-01-08 00:28:45'),(16,'create_shipment','Created shipment for order',0,4,NULL,'2024-01-08 00:28:45','2024-01-08 00:28:45'),(17,'create_order_from_seeder','Order is created from the checkout page',NULL,5,NULL,'2024-01-01 08:28:45','2024-01-01 08:28:45'),(18,'confirm_order','Order was verified by %user_name%',0,5,NULL,'2024-01-01 08:28:45','2024-01-01 08:28:45'),(19,'confirm_payment','Payment was confirmed (amount $623.00) by %user_name%',0,5,NULL,'2024-01-08 00:28:45','2024-01-08 00:28:45'),(20,'create_shipment','Created shipment for order',0,5,NULL,'2024-01-08 00:28:46','2024-01-08 00:28:46'),(21,'update_status','Changed status of shipping to: Delivered. Updated by: %user_name%',0,5,NULL,'2024-01-08 00:28:46','2024-01-08 00:28:46'),(22,'create_order_from_seeder','Order is created from the checkout page',NULL,6,NULL,'2023-12-26 12:28:46','2023-12-26 12:28:46'),(23,'confirm_order','Order was verified by %user_name%',0,6,NULL,'2023-12-26 12:28:46','2023-12-26 12:28:46'),(24,'confirm_payment','Payment was confirmed (amount $989.00) by %user_name%',0,6,NULL,'2024-01-08 00:28:46','2024-01-08 00:28:46'),(25,'create_shipment','Created shipment for order',0,6,NULL,'2024-01-08 00:28:46','2024-01-08 00:28:46'),(26,'update_status','Changed status of shipping to: Delivered. Updated by: %user_name%',0,6,NULL,'2024-01-08 00:28:46','2024-01-08 00:28:46'),(27,'create_order_from_seeder','Order is created from the checkout page',NULL,7,NULL,'2024-01-03 08:28:46','2024-01-03 08:28:46'),(28,'confirm_order','Order was verified by %user_name%',0,7,NULL,'2024-01-03 08:28:46','2024-01-03 08:28:46'),(29,'confirm_payment','Payment was confirmed (amount $1,298.00) by %user_name%',0,7,NULL,'2024-01-08 00:28:46','2024-01-08 00:28:46'),(30,'create_shipment','Created shipment for order',0,7,NULL,'2024-01-08 00:28:46','2024-01-08 00:28:46'),(31,'create_order_from_seeder','Order is created from the checkout page',NULL,8,NULL,'2024-01-02 14:28:46','2024-01-02 14:28:46'),(32,'confirm_order','Order was verified by %user_name%',0,8,NULL,'2024-01-02 14:28:46','2024-01-02 14:28:46'),(33,'confirm_payment','Payment was confirmed (amount $747.00) by %user_name%',0,8,NULL,'2024-01-08 00:28:46','2024-01-08 00:28:46'),(34,'create_shipment','Created shipment for order',0,8,NULL,'2024-01-08 00:28:46','2024-01-08 00:28:46'),(35,'create_order_from_seeder','Order is created from the checkout page',NULL,9,NULL,'2023-12-29 00:28:46','2023-12-29 00:28:46'),(36,'confirm_order','Order was verified by %user_name%',0,9,NULL,'2023-12-29 00:28:46','2023-12-29 00:28:46'),(37,'confirm_payment','Payment was confirmed (amount $854.00) by %user_name%',0,9,NULL,'2024-01-08 00:28:46','2024-01-08 00:28:46'),(38,'create_shipment','Created shipment for order',0,9,NULL,'2024-01-08 00:28:46','2024-01-08 00:28:46'),(39,'update_status','Changed status of shipping to: Delivered. Updated by: %user_name%',0,9,NULL,'2024-01-08 00:28:46','2024-01-08 00:28:46'),(40,'create_order_from_seeder','Order is created from the checkout page',NULL,10,NULL,'2024-01-06 04:28:46','2024-01-06 04:28:46'),(41,'confirm_order','Order was verified by %user_name%',0,10,NULL,'2024-01-06 04:28:46','2024-01-06 04:28:46'),(42,'confirm_payment','Payment was confirmed (amount $574.00) by %user_name%',0,10,NULL,'2024-01-08 00:28:46','2024-01-08 00:28:46'),(43,'create_shipment','Created shipment for order',0,10,NULL,'2024-01-08 00:28:46','2024-01-08 00:28:46'),(44,'update_status','Changed status of shipping to: Delivered. Updated by: %user_name%',0,10,NULL,'2024-01-08 00:28:47','2024-01-08 00:28:47'),(45,'create_order_from_seeder','Order is created from the checkout page',NULL,11,NULL,'2024-01-03 00:28:47','2024-01-03 00:28:47'),(46,'confirm_order','Order was verified by %user_name%',0,11,NULL,'2024-01-03 00:28:47','2024-01-03 00:28:47'),(47,'create_shipment','Created shipment for order',0,11,NULL,'2024-01-08 00:28:47','2024-01-08 00:28:47'),(48,'update_status','Changed status of shipping to: Delivered. Updated by: %user_name%',0,11,NULL,'2024-01-08 00:28:47','2024-01-08 00:28:47'),(49,'create_order_from_seeder','Order is created from the checkout page',NULL,12,NULL,'2024-01-03 12:28:47','2024-01-03 12:28:47'),(50,'confirm_order','Order was verified by %user_name%',0,12,NULL,'2024-01-03 12:28:47','2024-01-03 12:28:47'),(51,'confirm_payment','Payment was confirmed (amount $502.00) by %user_name%',0,12,NULL,'2024-01-08 00:28:47','2024-01-08 00:28:47'),(52,'create_shipment','Created shipment for order',0,12,NULL,'2024-01-08 00:28:47','2024-01-08 00:28:47'),(53,'update_status','Changed status of shipping to: Delivered. Updated by: %user_name%',0,12,NULL,'2024-01-08 00:28:47','2024-01-08 00:28:47'),(54,'create_order_from_seeder','Order is created from the checkout page',NULL,13,NULL,'2024-01-06 16:28:47','2024-01-06 16:28:47'),(55,'confirm_order','Order was verified by %user_name%',0,13,NULL,'2024-01-06 16:28:47','2024-01-06 16:28:47'),(56,'confirm_payment','Payment was confirmed (amount $824.00) by %user_name%',0,13,NULL,'2024-01-08 00:28:47','2024-01-08 00:28:47'),(57,'create_shipment','Created shipment for order',0,13,NULL,'2024-01-08 00:28:47','2024-01-08 00:28:47'),(58,'create_order_from_seeder','Order is created from the checkout page',NULL,14,NULL,'2024-01-02 18:28:47','2024-01-02 18:28:47'),(59,'confirm_order','Order was verified by %user_name%',0,14,NULL,'2024-01-02 18:28:47','2024-01-02 18:28:47'),(60,'confirm_payment','Payment was confirmed (amount $606.00) by %user_name%',0,14,NULL,'2024-01-08 00:28:47','2024-01-08 00:28:47'),(61,'create_shipment','Created shipment for order',0,14,NULL,'2024-01-08 00:28:47','2024-01-08 00:28:47'),(62,'update_status','Changed status of shipping to: Delivered. Updated by: %user_name%',0,14,NULL,'2024-01-08 00:28:47','2024-01-08 00:28:47'),(63,'create_order_from_seeder','Order is created from the checkout page',NULL,15,NULL,'2024-01-03 00:28:47','2024-01-03 00:28:47'),(64,'confirm_order','Order was verified by %user_name%',0,15,NULL,'2024-01-03 00:28:47','2024-01-03 00:28:47'),(65,'confirm_payment','Payment was confirmed (amount $1,606.00) by %user_name%',0,15,NULL,'2024-01-08 00:28:47','2024-01-08 00:28:47'),(66,'create_shipment','Created shipment for order',0,15,NULL,'2024-01-08 00:28:47','2024-01-08 00:28:47'),(67,'update_status','Changed status of shipping to: Delivered. Updated by: %user_name%',0,15,NULL,'2024-01-08 00:28:47','2024-01-08 00:28:47'),(68,'create_order_from_seeder','Order is created from the checkout page',NULL,16,NULL,'2024-01-07 04:28:47','2024-01-07 04:28:47'),(69,'confirm_order','Order was verified by %user_name%',0,16,NULL,'2024-01-07 04:28:47','2024-01-07 04:28:47'),(70,'create_shipment','Created shipment for order',0,16,NULL,'2024-01-08 00:28:48','2024-01-08 00:28:48'),(71,'update_status','Changed status of shipping to: Delivered. Updated by: %user_name%',0,16,NULL,'2024-01-08 00:28:48','2024-01-08 00:28:48'),(72,'create_order_from_seeder','Order is created from the checkout page',NULL,17,NULL,'2024-01-05 08:28:48','2024-01-05 08:28:48'),(73,'confirm_order','Order was verified by %user_name%',0,17,NULL,'2024-01-05 08:28:48','2024-01-05 08:28:48'),(74,'confirm_payment','Payment was confirmed (amount $1,095.00) by %user_name%',0,17,NULL,'2024-01-08 00:28:48','2024-01-08 00:28:48'),(75,'create_shipment','Created shipment for order',0,17,NULL,'2024-01-08 00:28:48','2024-01-08 00:28:48'),(76,'create_order_from_seeder','Order is created from the checkout page',NULL,18,NULL,'2024-01-07 00:28:48','2024-01-07 00:28:48'),(77,'confirm_order','Order was verified by %user_name%',0,18,NULL,'2024-01-07 00:28:48','2024-01-07 00:28:48'),(78,'create_shipment','Created shipment for order',0,18,NULL,'2024-01-08 00:28:48','2024-01-08 00:28:48'),(79,'create_order_from_seeder','Order is created from the checkout page',NULL,19,NULL,'2024-01-07 20:28:48','2024-01-07 20:28:48'),(80,'confirm_order','Order was verified by %user_name%',0,19,NULL,'2024-01-07 20:28:48','2024-01-07 20:28:48'),(81,'confirm_payment','Payment was confirmed (amount $257.00) by %user_name%',0,19,NULL,'2024-01-08 00:28:48','2024-01-08 00:28:48'),(82,'create_shipment','Created shipment for order',0,19,NULL,'2024-01-08 00:28:48','2024-01-08 00:28:48'),(83,'update_status','Changed status of shipping to: Delivered. Updated by: %user_name%',0,19,NULL,'2024-01-08 00:28:48','2024-01-08 00:28:48'),(84,'create_order_from_seeder','Order is created from the checkout page',NULL,20,NULL,'2024-01-07 18:28:48','2024-01-07 18:28:48'),(85,'confirm_order','Order was verified by %user_name%',0,20,NULL,'2024-01-07 18:28:48','2024-01-07 18:28:48'),(86,'confirm_payment','Payment was confirmed (amount $694.00) by %user_name%',0,20,NULL,'2024-01-08 00:28:48','2024-01-08 00:28:48'),(87,'create_shipment','Created shipment for order',0,20,NULL,'2024-01-08 00:28:48','2024-01-08 00:28:48'),(88,'update_status','Order confirmed by %user_name%',0,1,NULL,'2024-01-08 00:28:48','2024-01-08 00:28:48'),(89,'update_status','Order confirmed by %user_name%',0,5,NULL,'2024-01-08 00:28:48','2024-01-08 00:28:48'),(90,'update_status','Order confirmed by %user_name%',0,6,NULL,'2024-01-08 00:28:48','2024-01-08 00:28:48'),(91,'update_status','Order confirmed by %user_name%',0,9,NULL,'2024-01-08 00:28:48','2024-01-08 00:28:48'),(92,'update_status','Order confirmed by %user_name%',0,10,NULL,'2024-01-08 00:28:48','2024-01-08 00:28:48'),(93,'update_status','Order confirmed by %user_name%',0,12,NULL,'2024-01-08 00:28:48','2024-01-08 00:28:48'),(94,'update_status','Order confirmed by %user_name%',0,14,NULL,'2024-01-08 00:28:48','2024-01-08 00:28:48'),(95,'update_status','Order confirmed by %user_name%',0,15,NULL,'2024-01-08 00:28:48','2024-01-08 00:28:48'),(96,'update_status','Order confirmed by %user_name%',0,19,NULL,'2024-01-08 00:28:48','2024-01-08 00:28:48');

--
-- Table structure for table `ec_order_product`
--

CREATE TABLE `ec_order_product` (
  `id` bigint unsigned NOT NULL AUTO_INCREMENT,
  `order_id` bigint unsigned NOT NULL,
  `qty` int NOT NULL,
  `price` decimal(15,2) NOT NULL,
  `tax_amount` decimal(15,2) NOT NULL,
  `options` text COLLATE utf8mb4_unicode_ci,
  `product_options` text COLLATE utf8mb4_unicode_ci COMMENT 'product option data',
  `product_id` bigint unsigned DEFAULT NULL,
  `product_name` varchar(191) COLLATE utf8mb4_unicode_ci NOT NULL,
  `product_image` varchar(191) COLLATE utf8mb4_unicode_ci DEFAULT NULL,
  `weight` double(8,2) DEFAULT '0.00',
  `restock_quantity` int unsigned DEFAULT '0',
  `created_at` timestamp NULL DEFAULT NULL,
  `updated_at` timestamp NULL DEFAULT NULL,
  `product_type` varchar(60) COLLATE utf8mb4_unicode_ci NOT NULL DEFAULT 'physical',
  `times_downloaded` int NOT NULL DEFAULT '0',
  `license_code` char(36) COLLATE utf8mb4_unicode_ci DEFAULT NULL,
  PRIMARY KEY (`id`)
) ENGINE=InnoDB AUTO_INCREMENT=59 DEFAULT CHARSET=utf8mb4 COLLATE=utf8mb4_unicode_ci;

--
-- Dumping data for table `ec_order_product`
--

INSERT INTO `ec_order_product` VALUES (1,1,3,117.00,0.00,'[]',NULL,42,'Leather Watch Band','products/7.jpg',1896.00,0,'2024-01-08 00:28:45','2024-01-08 00:28:45','physical',0,NULL),(2,1,3,125.00,0.00,'[]',NULL,53,'Apple Watch Serial 7','products/11-1.jpg',2343.00,0,'2024-01-08 00:28:45','2024-01-08 00:28:45','physical',0,NULL),(3,2,2,248.00,0.00,'[]',NULL,26,'Smart Home Speaker (Digital)','products/1-1.jpg',1712.00,0,'2024-01-08 00:28:45','2024-01-08 00:28:45','digital',3,NULL),(4,2,2,51.00,0.00,'[]',NULL,39,'Camera Samsung SS-24','products/6.jpg',1476.00,0,'2024-01-08 00:28:45','2024-01-08 00:28:45','physical',0,NULL),(5,2,2,118.00,0.00,'[]',NULL,56,'Apple Keyboard (Digital)','products/13.jpg',1494.00,0,'2024-01-08 00:28:45','2024-01-08 00:28:45','digital',9,NULL),(6,2,1,117.00,0.00,'[]',NULL,64,'Apple Airpods Serial 3','products/16.jpg',791.00,0,'2024-01-08 00:28:45','2024-01-08 00:28:45','physical',0,NULL),(7,3,2,391.00,0.00,'[]',NULL,29,'Headphone Ultra Bass','products/2.jpg',1222.00,0,'2024-01-08 00:28:45','2024-01-08 00:28:45','physical',0,NULL),(8,3,3,125.00,0.00,'[]',NULL,53,'Apple Watch Serial 7','products/11-1.jpg',2343.00,0,'2024-01-08 00:28:45','2024-01-08 00:28:45','physical',0,NULL),(9,4,2,248.00,0.00,'[]',NULL,26,'Smart Home Speaker (Digital)','products/1-1.jpg',1712.00,0,'2024-01-08 00:28:45','2024-01-08 00:28:45','digital',4,NULL),(10,4,1,391.00,0.00,'[]',NULL,29,'Headphone Ultra Bass','products/2.jpg',611.00,0,'2024-01-08 00:28:45','2024-01-08 00:28:45','physical',0,NULL),(11,4,2,122.00,0.00,'[]',NULL,55,'Macbook Pro 13 inch','products/12.jpg',1336.00,0,'2024-01-08 00:28:45','2024-01-08 00:28:45','physical',0,NULL),(12,5,1,248.00,0.00,'[]',NULL,28,'Smart Home Speaker (Digital)','products/1-3.jpg',856.00,0,'2024-01-08 00:28:45','2024-01-08 00:28:45','digital',10,NULL),(13,5,3,125.00,0.00,'[]',NULL,53,'Apple Watch Serial 7','products/11-1.jpg',2343.00,0,'2024-01-08 00:28:45','2024-01-08 00:28:45','physical',0,NULL),(14,6,1,364.00,0.00,'[]',NULL,32,'Boxed - Bluetooth Headphone','products/3.jpg',870.00,0,'2024-01-08 00:28:46','2024-01-08 00:28:46','physical',0,NULL),(15,6,3,125.00,0.00,'[]',NULL,52,'Apple Watch Serial 7','products/11.jpg',2343.00,0,'2024-01-08 00:28:46','2024-01-08 00:28:46','physical',0,NULL),(16,6,2,125.00,0.00,'[]',NULL,54,'Apple Watch Serial 7','products/11.jpg',1562.00,0,'2024-01-08 00:28:46','2024-01-08 00:28:46','physical',0,NULL),(17,7,3,117.00,0.00,'[]',NULL,41,'Leather Watch Band','products/7-1.jpg',1896.00,0,'2024-01-08 00:28:46','2024-01-08 00:28:46','physical',0,NULL),(18,7,2,121.00,0.00,'[]',NULL,44,'Apple iPhone 13 Plus','products/8-1.jpg',1236.00,0,'2024-01-08 00:28:46','2024-01-08 00:28:46','physical',0,NULL),(19,7,3,125.00,0.00,'[]',NULL,52,'Apple Watch Serial 7','products/11.jpg',2343.00,0,'2024-01-08 00:28:46','2024-01-08 00:28:46','physical',0,NULL),(20,7,3,110.00,0.00,'[]',NULL,60,'Hand playstation','products/15.jpg',2361.00,0,'2024-01-08 00:28:46','2024-01-08 00:28:46','physical',0,NULL),(21,8,1,112.00,0.00,'[]',NULL,74,'Leather Watch Band Serial 3','products/19-1.jpg',654.00,0,'2024-01-08 00:28:46','2024-01-08 00:28:46','physical',0,NULL),(22,8,2,127.00,0.00,'[]',NULL,82,'Phillips Mouse','products/23.jpg',1598.00,0,'2024-01-08 00:28:46','2024-01-08 00:28:46','physical',0,NULL),(23,8,3,127.00,0.00,'[]',NULL,85,'Phillips Mouse','products/23.jpg',2397.00,0,'2024-01-08 00:28:46','2024-01-08 00:28:46','physical',0,NULL),(24,9,1,364.00,0.00,'[]',NULL,33,'Boxed - Bluetooth Headphone','products/3-1.jpg',870.00,0,'2024-01-08 00:28:46','2024-01-08 00:28:46','physical',0,NULL),(25,9,2,117.00,0.00,'[]',NULL,64,'Apple Airpods Serial 3','products/16.jpg',1582.00,0,'2024-01-08 00:28:46','2024-01-08 00:28:46','physical',0,NULL),(26,9,2,128.00,0.00,'[]',NULL,77,'Historic Alarm Clock (Digital)','products/21-1.jpg',1170.00,0,'2024-01-08 00:28:46','2024-01-08 00:28:46','digital',1,NULL),(27,10,1,72.00,0.00,'[]',NULL,36,'Chikie - Bluetooth Speaker','products/4-1.jpg',772.00,0,'2024-01-08 00:28:46','2024-01-08 00:28:46','physical',0,NULL),(28,10,3,46.00,0.00,'[]',NULL,38,'Camera Hikvision HK-35VS8 (Digital)','products/5.jpg',2664.00,0,'2024-01-08 00:28:46','2024-01-08 00:28:46','digital',8,NULL),(29,10,2,121.00,0.00,'[]',NULL,44,'Apple iPhone 13 Plus','products/8-1.jpg',1236.00,0,'2024-01-08 00:28:46','2024-01-08 00:28:46','physical',0,NULL),(30,10,1,122.00,0.00,'[]',NULL,87,'Gaming Keyboard','products/24-1.jpg',628.00,0,'2024-01-08 00:28:46','2024-01-08 00:28:46','physical',0,NULL),(31,11,3,46.00,0.00,'[]',NULL,38,'Camera Hikvision HK-35VS8 (Digital)','products/5.jpg',2664.00,0,'2024-01-08 00:28:47','2024-01-08 00:28:47','digital',2,NULL),(32,11,2,117.00,0.00,'[]',NULL,40,'Leather Watch Band','products/7.jpg',1264.00,0,'2024-01-08 00:28:47','2024-01-08 00:28:47','physical',0,NULL),(33,11,1,125.00,0.00,'[]',NULL,53,'Apple Watch Serial 7','products/11-1.jpg',781.00,0,'2024-01-08 00:28:47','2024-01-08 00:28:47','physical',0,NULL),(34,11,3,127.00,0.00,'[]',NULL,82,'Phillips Mouse','products/23.jpg',2397.00,0,'2024-01-08 00:28:47','2024-01-08 00:28:47','physical',0,NULL),(35,12,1,248.00,0.00,'[]',NULL,27,'Smart Home Speaker (Digital)','products/1-2.jpg',856.00,0,'2024-01-08 00:28:47','2024-01-08 00:28:47','digital',8,NULL),(36,12,2,127.00,0.00,'[]',NULL,83,'Phillips Mouse','products/23-1.jpg',1598.00,0,'2024-01-08 00:28:47','2024-01-08 00:28:47','physical',0,NULL),(37,13,2,72.00,0.00,'[]',NULL,37,'Chikie - Bluetooth Speaker','products/4-2.jpg',1544.00,0,'2024-01-08 00:28:47','2024-01-08 00:28:47','physical',0,NULL),(38,13,2,340.00,0.00,'[]',NULL,51,'Macbook Air 12 inch','products/10.jpg',1568.00,0,'2024-01-08 00:28:47','2024-01-08 00:28:47','physical',0,NULL),(39,14,2,117.00,0.00,'[]',NULL,40,'Leather Watch Band','products/7.jpg',1264.00,0,'2024-01-08 00:28:47','2024-01-08 00:28:47','physical',0,NULL),(40,14,1,128.00,0.00,'[]',NULL,77,'Historic Alarm Clock (Digital)','products/21-1.jpg',585.00,0,'2024-01-08 00:28:47','2024-01-08 00:28:47','digital',4,NULL),(41,14,1,122.00,0.00,'[]',NULL,86,'Gaming Keyboard','products/24.jpg',628.00,0,'2024-01-08 00:28:47','2024-01-08 00:28:47','physical',0,NULL),(42,14,1,122.00,0.00,'[]',NULL,87,'Gaming Keyboard','products/24-1.jpg',628.00,0,'2024-01-08 00:28:47','2024-01-08 00:28:47','physical',0,NULL),(43,15,2,340.00,0.00,'[]',NULL,50,'Macbook Air 12 inch','products/10-1.jpg',1568.00,0,'2024-01-08 00:28:47','2024-01-08 00:28:47','physical',0,NULL),(44,15,2,121.00,0.00,'[]',NULL,58,'MacSafe 80W','products/14.jpg',1038.00,0,'2024-01-08 00:28:47','2024-01-08 00:28:47','physical',0,NULL),(45,15,3,114.00,0.00,'[]',NULL,68,'Cool Smart Watches (Digital)','products/17.jpg',2436.00,0,'2024-01-08 00:28:47','2024-01-08 00:28:47','digital',1,NULL),(46,15,3,114.00,0.00,'[]',NULL,71,'Black Smart Watches','products/18-2.jpg',2601.00,0,'2024-01-08 00:28:47','2024-01-08 00:28:47','physical',0,NULL),(47,16,3,117.00,0.00,'[]',NULL,41,'Leather Watch Band','products/7-1.jpg',1896.00,0,'2024-01-08 00:28:47','2024-01-08 00:28:47','physical',0,NULL),(48,16,2,117.00,0.00,'[]',NULL,64,'Apple Airpods Serial 3','products/16.jpg',1582.00,0,'2024-01-08 00:28:47','2024-01-08 00:28:47','physical',0,NULL),(49,17,3,117.00,0.00,'[]',NULL,40,'Leather Watch Band','products/7.jpg',1896.00,0,'2024-01-08 00:28:48','2024-01-08 00:28:48','physical',0,NULL),(50,17,3,121.00,0.00,'[]',NULL,59,'MacSafe 80W','products/14-1.jpg',1557.00,0,'2024-01-08 00:28:48','2024-01-08 00:28:48','physical',0,NULL),(51,17,3,127.00,0.00,'[]',NULL,85,'Phillips Mouse','products/23.jpg',2397.00,0,'2024-01-08 00:28:48','2024-01-08 00:28:48','physical',0,NULL),(52,18,1,364.00,0.00,'[]',NULL,33,'Boxed - Bluetooth Headphone','products/3-1.jpg',870.00,0,'2024-01-08 00:28:48','2024-01-08 00:28:48','physical',0,NULL),(53,18,2,114.00,0.00,'[]',NULL,65,'Cool Smart Watches (Digital)','products/17.jpg',1624.00,0,'2024-01-08 00:28:48','2024-01-08 00:28:48','digital',8,NULL),(54,18,1,114.00,0.00,'[]',NULL,66,'Cool Smart Watches (Digital)','products/17.jpg',812.00,0,'2024-01-08 00:28:48','2024-01-08 00:28:48','digital',4,NULL),(55,19,1,129.00,0.00,'[]',NULL,75,'Macbook Pro 2015 13 inch','products/20.jpg',810.00,0,'2024-01-08 00:28:48','2024-01-08 00:28:48','physical',0,NULL),(56,19,1,128.00,0.00,'[]',NULL,78,'Historic Alarm Clock (Digital)','products/21.jpg',585.00,0,'2024-01-08 00:28:48','2024-01-08 00:28:48','digital',8,NULL),(57,20,1,340.00,0.00,'[]',NULL,49,'Macbook Air 12 inch','products/10.jpg',784.00,0,'2024-01-08 00:28:48','2024-01-08 00:28:48','physical',0,NULL),(58,20,3,118.00,0.00,'[]',NULL,57,'Apple Keyboard (Digital)','products/13-1.jpg',2241.00,0,'2024-01-08 00:28:48','2024-01-08 00:28:48','digital',2,NULL);

--
-- Table structure for table `ec_order_referrals`
--

CREATE TABLE `ec_order_referrals` (
  `id` bigint unsigned NOT NULL AUTO_INCREMENT,
  `ip` varchar(39) COLLATE utf8mb4_unicode_ci DEFAULT NULL,
  `landing_domain` varchar(255) COLLATE utf8mb4_unicode_ci DEFAULT NULL,
  `landing_page` varchar(255) COLLATE utf8mb4_unicode_ci DEFAULT NULL,
  `landing_params` varchar(255) COLLATE utf8mb4_unicode_ci DEFAULT NULL,
  `referral` varchar(255) COLLATE utf8mb4_unicode_ci DEFAULT NULL,
  `gclid` varchar(255) COLLATE utf8mb4_unicode_ci DEFAULT NULL,
  `fclid` varchar(255) COLLATE utf8mb4_unicode_ci DEFAULT NULL,
  `utm_source` varchar(255) COLLATE utf8mb4_unicode_ci DEFAULT NULL,
  `utm_campaign` varchar(255) COLLATE utf8mb4_unicode_ci DEFAULT NULL,
  `utm_medium` varchar(255) COLLATE utf8mb4_unicode_ci DEFAULT NULL,
  `utm_term` varchar(255) COLLATE utf8mb4_unicode_ci DEFAULT NULL,
  `utm_content` varchar(255) COLLATE utf8mb4_unicode_ci DEFAULT NULL,
  `referrer_url` text COLLATE utf8mb4_unicode_ci,
  `referrer_domain` varchar(255) COLLATE utf8mb4_unicode_ci DEFAULT NULL,
  `order_id` bigint unsigned DEFAULT NULL,
  `created_at` timestamp NULL DEFAULT NULL,
  `updated_at` timestamp NULL DEFAULT NULL,
  PRIMARY KEY (`id`),
  KEY `ec_order_referrals_order_id_index` (`order_id`)
) ENGINE=InnoDB DEFAULT CHARSET=utf8mb4 COLLATE=utf8mb4_unicode_ci;

--
-- Dumping data for table `ec_order_referrals`
--


--
-- Table structure for table `ec_order_return_items`
--

CREATE TABLE `ec_order_return_items` (
  `id` bigint unsigned NOT NULL AUTO_INCREMENT,
  `order_return_id` bigint unsigned NOT NULL COMMENT 'Order return id',
  `order_product_id` bigint unsigned NOT NULL COMMENT 'Order product id',
  `product_id` bigint unsigned NOT NULL COMMENT 'Product id',
  `product_name` varchar(191) COLLATE utf8mb4_unicode_ci NOT NULL,
  `product_image` varchar(191) COLLATE utf8mb4_unicode_ci DEFAULT NULL,
  `qty` int NOT NULL COMMENT 'Quantity return',
  `price` decimal(15,2) NOT NULL COMMENT 'Price Product',
  `reason` text COLLATE utf8mb4_unicode_ci,
  `created_at` timestamp NULL DEFAULT NULL,
  `updated_at` timestamp NULL DEFAULT NULL,
  `refund_amount` decimal(12,2) DEFAULT '0.00',
  PRIMARY KEY (`id`)
) ENGINE=InnoDB DEFAULT CHARSET=utf8mb4 COLLATE=utf8mb4_unicode_ci;

--
-- Dumping data for table `ec_order_return_items`
--


--
-- Table structure for table `ec_order_returns`
--

CREATE TABLE `ec_order_returns` (
  `id` bigint unsigned NOT NULL AUTO_INCREMENT,
  `code` varchar(191) COLLATE utf8mb4_unicode_ci DEFAULT NULL,
  `order_id` bigint unsigned NOT NULL COMMENT 'Order ID',
  `store_id` bigint unsigned DEFAULT NULL COMMENT 'Store ID',
  `user_id` bigint unsigned NOT NULL COMMENT 'Customer ID',
  `reason` text COLLATE utf8mb4_unicode_ci COMMENT 'Reason return order',
  `order_status` varchar(191) COLLATE utf8mb4_unicode_ci DEFAULT NULL COMMENT 'Order current status',
  `return_status` varchar(191) COLLATE utf8mb4_unicode_ci NOT NULL COMMENT 'Return status',
  `created_at` timestamp NULL DEFAULT NULL,
  `updated_at` timestamp NULL DEFAULT NULL,
  PRIMARY KEY (`id`),
  UNIQUE KEY `ec_order_returns_code_unique` (`code`)
) ENGINE=InnoDB DEFAULT CHARSET=utf8mb4 COLLATE=utf8mb4_unicode_ci;

--
-- Dumping data for table `ec_order_returns`
--


--
-- Table structure for table `ec_order_tax_information`
--

CREATE TABLE `ec_order_tax_information` (
  `id` bigint unsigned NOT NULL AUTO_INCREMENT,
  `order_id` bigint unsigned NOT NULL,
  `company_name` varchar(120) COLLATE utf8mb4_unicode_ci NOT NULL,
  `company_address` varchar(191) COLLATE utf8mb4_unicode_ci NOT NULL,
  `company_tax_code` varchar(20) COLLATE utf8mb4_unicode_ci NOT NULL,
  `company_email` varchar(60) COLLATE utf8mb4_unicode_ci NOT NULL,
  `created_at` timestamp NULL DEFAULT NULL,
  `updated_at` timestamp NULL DEFAULT NULL,
  PRIMARY KEY (`id`),
  KEY `ec_order_tax_information_order_id_index` (`order_id`)
) ENGINE=InnoDB DEFAULT CHARSET=utf8mb4 COLLATE=utf8mb4_unicode_ci;

--
-- Dumping data for table `ec_order_tax_information`
--


--
-- Table structure for table `ec_orders`
--

CREATE TABLE `ec_orders` (
  `id` bigint unsigned NOT NULL AUTO_INCREMENT,
  `code` varchar(191) COLLATE utf8mb4_unicode_ci DEFAULT NULL,
  `user_id` bigint unsigned NOT NULL,
  `shipping_option` varchar(60) COLLATE utf8mb4_unicode_ci DEFAULT NULL,
  `shipping_method` varchar(60) COLLATE utf8mb4_unicode_ci NOT NULL DEFAULT 'default',
  `status` varchar(120) COLLATE utf8mb4_unicode_ci NOT NULL DEFAULT 'pending',
  `amount` decimal(15,2) NOT NULL,
  `tax_amount` decimal(15,2) DEFAULT NULL,
  `shipping_amount` decimal(15,2) DEFAULT NULL,
  `description` text COLLATE utf8mb4_unicode_ci,
  `coupon_code` varchar(120) COLLATE utf8mb4_unicode_ci DEFAULT NULL,
  `discount_amount` decimal(15,2) DEFAULT NULL,
  `sub_total` decimal(15,2) NOT NULL,
  `is_confirmed` tinyint(1) NOT NULL DEFAULT '0',
  `discount_description` varchar(255) COLLATE utf8mb4_unicode_ci DEFAULT NULL,
  `is_finished` tinyint(1) DEFAULT '0',
  `completed_at` timestamp NULL DEFAULT NULL,
  `token` varchar(120) COLLATE utf8mb4_unicode_ci DEFAULT NULL,
  `payment_id` bigint unsigned DEFAULT NULL,
  `created_at` timestamp NULL DEFAULT NULL,
  `updated_at` timestamp NULL DEFAULT NULL,
  PRIMARY KEY (`id`),
  UNIQUE KEY `ec_orders_code_unique` (`code`),
  KEY `ec_orders_user_id_status_created_at_index` (`user_id`,`status`,`created_at`)
) ENGINE=InnoDB AUTO_INCREMENT=21 DEFAULT CHARSET=utf8mb4 COLLATE=utf8mb4_unicode_ci;

--
-- Dumping data for table `ec_orders`
--

INSERT INTO `ec_orders` VALUES (1,'#10000001',3,'1','default','completed',726.00,0.00,0.00,NULL,NULL,0.00,726.00,1,NULL,1,'2024-01-08 00:28:48','KgFpkJPkWYQtfaOrRhuvWLbMyYQpE',1,'2023-12-24 00:28:45','2024-01-08 00:28:48'),(2,'#10000002',2,'1','default','pending',951.00,0.00,0.00,NULL,NULL,0.00,951.00,1,NULL,1,NULL,'xMNnwTnHiFEhqEXFWdiCFbcJseDvg',2,'2023-12-27 22:28:45','2024-01-08 00:28:45'),(3,'#10000003',2,'1','default','pending',1157.00,0.00,0.00,NULL,NULL,0.00,1157.00,1,NULL,1,NULL,'CqmkOBaW7QcRFQoIG0mM6fTChC0Ic',3,'2024-01-05 00:28:45','2024-01-08 00:28:45'),(4,'#10000004',5,'1','default','pending',1131.00,0.00,0.00,NULL,NULL,0.00,1131.00,1,NULL,1,NULL,'XtjIFPz1ZJMScqJdamiPgsp7I81gG',4,'2023-12-31 22:28:45','2024-01-08 00:28:45'),(5,'#10000005',9,'1','default','completed',623.00,0.00,0.00,NULL,NULL,0.00,623.00,1,NULL,1,'2024-01-08 00:28:48','kFcUng5AmJyl1XhWj5A7nlrH3csir',5,'2024-01-01 08:28:45','2024-01-08 00:28:48'),(6,'#10000006',2,'1','default','completed',989.00,0.00,0.00,NULL,NULL,0.00,989.00,1,NULL,1,'2024-01-08 00:28:48','UJo7qdaal5dWrvAJZ7g8yN7sSY0Yn',6,'2023-12-26 12:28:46','2024-01-08 00:28:48'),(7,'#10000007',8,'1','default','pending',1298.00,0.00,0.00,NULL,NULL,0.00,1298.00,1,NULL,1,NULL,'Ts7bLvsDtvPaDkR52bO2wFHnxJSHn',7,'2024-01-03 08:28:46','2024-01-08 00:28:46'),(8,'#10000008',8,'1','default','pending',747.00,0.00,0.00,NULL,NULL,0.00,747.00,1,NULL,1,NULL,'mRc9SyCRrV7KtH0GprEPw8Eigq9a8',8,'2024-01-02 14:28:46','2024-01-08 00:28:46'),(9,'#10000009',7,'1','default','completed',854.00,0.00,0.00,NULL,NULL,0.00,854.00,1,NULL,1,'2024-01-08 00:28:48','O4XorGMh0cMXicvlm9Bl5ODG8VHFO',9,'2023-12-29 00:28:46','2024-01-08 00:28:48'),(10,'#10000010',8,'1','default','completed',574.00,0.00,0.00,NULL,NULL,0.00,574.00,1,NULL,1,'2024-01-08 00:28:48','VLIaZe2syRSEt2Ogh7okKlWczLptS',10,'2024-01-06 04:28:46','2024-01-08 00:28:48'),(11,'#10000011',8,'1','default','completed',878.00,0.00,0.00,NULL,NULL,0.00,878.00,1,NULL,1,'2024-01-08 00:28:47','raT01KsR9yawraMscft4MDTg0U03V',11,'2024-01-03 00:28:47','2024-01-08 00:28:47'),(12,'#10000012',4,'1','default','completed',502.00,0.00,0.00,NULL,NULL,0.00,502.00,1,NULL,1,'2024-01-08 00:28:48','zJo3gLpwAPPY30APrG1L4anDQqugm',12,'2024-01-03 12:28:47','2024-01-08 00:28:48'),(13,'#10000013',10,'1','default','pending',824.00,0.00,0.00,NULL,NULL,0.00,824.00,1,NULL,1,NULL,'ercmCobFlBa5F6SC9pGp3LWPNNbJC',13,'2024-01-06 16:28:47','2024-01-08 00:28:47'),(14,'#10000014',4,'1','default','completed',606.00,0.00,0.00,NULL,NULL,0.00,606.00,1,NULL,1,'2024-01-08 00:28:48','5Z15QXq4oKGlhl7xu55w9dDIQrqiR',14,'2024-01-02 18:28:47','2024-01-08 00:28:48'),(15,'#10000015',9,'1','default','completed',1606.00,0.00,0.00,NULL,NULL,0.00,1606.00,1,NULL,1,'2024-01-08 00:28:48','x8HUd6RLyLZqj8hUtU2WgZKowMnKc',15,'2024-01-03 00:28:47','2024-01-08 00:28:48'),(16,'#10000016',9,'1','default','completed',585.00,0.00,0.00,NULL,NULL,0.00,585.00,1,NULL,1,'2024-01-08 00:28:48','A7NJqSpEenF5T24EIrEEjIoEhN9Nd',16,'2024-01-07 04:28:47','2024-01-08 00:28:48'),(17,'#10000017',3,'1','default','pending',1095.00,0.00,0.00,NULL,NULL,0.00,1095.00,1,NULL,1,NULL,'jl1ZWtgg5va8bCihge4P7H2IpTlax',17,'2024-01-05 08:28:48','2024-01-08 00:28:48'),(18,'#10000018',1,'1','default','pending',706.00,0.00,0.00,NULL,NULL,0.00,706.00,1,NULL,1,NULL,'GXw4gyNhiEUBmNUdkvHMlTKeLXow0',18,'2024-01-07 00:28:48','2024-01-08 00:28:48'),(19,'#10000019',1,'1','default','completed',257.00,0.00,0.00,NULL,NULL,0.00,257.00,1,NULL,1,'2024-01-08 00:28:48','7s0WkIFWLXKkSYxFe2LX3aCrfeVDI',19,'2024-01-07 20:28:48','2024-01-08 00:28:48'),(20,'#10000020',3,'1','default','pending',694.00,0.00,0.00,NULL,NULL,0.00,694.00,1,NULL,1,NULL,'xD4XoYUnyPvquCmZCcyxSz14mi9QS',20,'2024-01-07 18:28:48','2024-01-08 00:28:48');

--
-- Table structure for table `ec_product_attribute_sets`
--

CREATE TABLE `ec_product_attribute_sets` (
  `id` bigint unsigned NOT NULL AUTO_INCREMENT,
  `title` varchar(120) COLLATE utf8mb4_unicode_ci NOT NULL,
  `slug` varchar(120) COLLATE utf8mb4_unicode_ci DEFAULT NULL,
  `display_layout` varchar(191) COLLATE utf8mb4_unicode_ci NOT NULL DEFAULT 'swatch_dropdown',
  `is_searchable` tinyint unsigned NOT NULL DEFAULT '1',
  `is_comparable` tinyint unsigned NOT NULL DEFAULT '1',
  `is_use_in_product_listing` tinyint unsigned NOT NULL DEFAULT '0',
  `status` varchar(60) COLLATE utf8mb4_unicode_ci NOT NULL DEFAULT 'published',
  `order` tinyint unsigned NOT NULL DEFAULT '0',
  `created_at` timestamp NULL DEFAULT NULL,
  `updated_at` timestamp NULL DEFAULT NULL,
  `use_image_from_product_variation` tinyint unsigned NOT NULL DEFAULT '0',
  PRIMARY KEY (`id`)
) ENGINE=InnoDB AUTO_INCREMENT=3 DEFAULT CHARSET=utf8mb4 COLLATE=utf8mb4_unicode_ci;

--
-- Dumping data for table `ec_product_attribute_sets`
--

INSERT INTO `ec_product_attribute_sets` VALUES (1,'Color','color','visual',1,1,1,'published',0,'2024-01-08 00:28:35','2024-01-08 00:28:35',0),(2,'Size','size','text',1,1,1,'published',1,'2024-01-08 00:28:35','2024-01-08 00:28:35',0);

--
-- Table structure for table `ec_product_attribute_sets_translations`
--

CREATE TABLE `ec_product_attribute_sets_translations` (
  `lang_code` varchar(191) COLLATE utf8mb4_unicode_ci NOT NULL,
  `ec_product_attribute_sets_id` bigint unsigned NOT NULL,
  `title` varchar(191) COLLATE utf8mb4_unicode_ci DEFAULT NULL,
  PRIMARY KEY (`lang_code`,`ec_product_attribute_sets_id`)
) ENGINE=InnoDB DEFAULT CHARSET=utf8mb4 COLLATE=utf8mb4_unicode_ci;

--
-- Dumping data for table `ec_product_attribute_sets_translations`
--


--
-- Table structure for table `ec_product_attributes`
--

CREATE TABLE `ec_product_attributes` (
  `id` bigint unsigned NOT NULL AUTO_INCREMENT,
  `attribute_set_id` bigint unsigned NOT NULL,
  `title` varchar(120) COLLATE utf8mb4_unicode_ci NOT NULL,
  `slug` varchar(120) COLLATE utf8mb4_unicode_ci DEFAULT NULL,
  `color` varchar(50) COLLATE utf8mb4_unicode_ci DEFAULT NULL,
  `image` varchar(191) COLLATE utf8mb4_unicode_ci DEFAULT NULL,
  `is_default` tinyint unsigned NOT NULL DEFAULT '0',
  `order` tinyint unsigned NOT NULL DEFAULT '0',
  `created_at` timestamp NULL DEFAULT NULL,
  `updated_at` timestamp NULL DEFAULT NULL,
  PRIMARY KEY (`id`),
  KEY `attribute_set_status_index` (`attribute_set_id`)
) ENGINE=InnoDB AUTO_INCREMENT=11 DEFAULT CHARSET=utf8mb4 COLLATE=utf8mb4_unicode_ci;

--
-- Dumping data for table `ec_product_attributes`
--

INSERT INTO `ec_product_attributes` VALUES (1,1,'Green','green','#5FB7D4',NULL,1,1,'2024-01-08 00:28:35','2024-01-08 00:28:35'),(2,1,'Blue','blue','#333333',NULL,0,2,'2024-01-08 00:28:35','2024-01-08 00:28:35'),(3,1,'Red','red','#DA323F',NULL,0,3,'2024-01-08 00:28:35','2024-01-08 00:28:35'),(4,1,'Black','black','#2F366C',NULL,0,4,'2024-01-08 00:28:35','2024-01-08 00:28:35'),(5,1,'Brown','brown','#87554B',NULL,0,5,'2024-01-08 00:28:35','2024-01-08 00:28:35'),(6,2,'S','s',NULL,NULL,1,1,'2024-01-08 00:28:35','2024-01-08 00:28:35'),(7,2,'M','m',NULL,NULL,0,2,'2024-01-08 00:28:35','2024-01-08 00:28:35'),(8,2,'L','l',NULL,NULL,0,3,'2024-01-08 00:28:35','2024-01-08 00:28:35'),(9,2,'XL','xl',NULL,NULL,0,4,'2024-01-08 00:28:35','2024-01-08 00:28:35'),(10,2,'XXL','xxl',NULL,NULL,0,5,'2024-01-08 00:28:35','2024-01-08 00:28:35');

--
-- Table structure for table `ec_product_attributes_translations`
--

CREATE TABLE `ec_product_attributes_translations` (
  `lang_code` varchar(191) COLLATE utf8mb4_unicode_ci NOT NULL,
  `ec_product_attributes_id` bigint unsigned NOT NULL,
  `title` varchar(191) COLLATE utf8mb4_unicode_ci DEFAULT NULL,
  PRIMARY KEY (`lang_code`,`ec_product_attributes_id`)
) ENGINE=InnoDB DEFAULT CHARSET=utf8mb4 COLLATE=utf8mb4_unicode_ci;

--
-- Dumping data for table `ec_product_attributes_translations`
--


--
-- Table structure for table `ec_product_categories`
--

CREATE TABLE `ec_product_categories` (
  `id` bigint unsigned NOT NULL AUTO_INCREMENT,
  `name` varchar(191) COLLATE utf8mb4_unicode_ci NOT NULL,
  `parent_id` bigint unsigned NOT NULL DEFAULT '0',
  `description` mediumtext COLLATE utf8mb4_unicode_ci,
  `status` varchar(60) COLLATE utf8mb4_unicode_ci NOT NULL DEFAULT 'published',
  `order` int unsigned NOT NULL DEFAULT '0',
  `image` varchar(255) COLLATE utf8mb4_unicode_ci DEFAULT NULL,
  `is_featured` tinyint unsigned NOT NULL DEFAULT '0',
  `created_at` timestamp NULL DEFAULT NULL,
  `updated_at` timestamp NULL DEFAULT NULL,
  `icon` varchar(191) COLLATE utf8mb4_unicode_ci DEFAULT NULL,
  `icon_image` varchar(191) COLLATE utf8mb4_unicode_ci DEFAULT NULL,
  PRIMARY KEY (`id`),
  KEY `ec_product_categories_parent_id_status_created_at_index` (`parent_id`,`status`,`created_at`),
  KEY `ec_product_categories_parent_id_status_index` (`parent_id`,`status`)
) ENGINE=InnoDB AUTO_INCREMENT=31 DEFAULT CHARSET=utf8mb4 COLLATE=utf8mb4_unicode_ci;

--
-- Dumping data for table `ec_product_categories`
--

INSERT INTO `ec_product_categories` VALUES (1,'Hot Promotions',0,NULL,'published',0,NULL,0,'2024-01-08 00:28:35','2024-01-08 00:28:35','far fa-star',NULL),(2,'Electronics',0,NULL,'published',1,'product-categories/1.jpg',1,'2024-01-08 00:28:35','2024-01-08 00:28:35','wowy-font-cpu',NULL),(3,'Home Audio & Theaters',2,NULL,'published',0,NULL,0,'2024-01-08 00:28:35','2024-01-08 00:28:35',NULL,NULL),(4,'TV & Videos',2,NULL,'published',1,NULL,0,'2024-01-08 00:28:35','2024-01-08 00:28:35',NULL,NULL),(5,'Camera, Photos & Videos',2,NULL,'published',2,NULL,0,'2024-01-08 00:28:35','2024-01-08 00:28:35',NULL,NULL),(6,'Cellphones & Accessories',2,NULL,'published',3,NULL,0,'2024-01-08 00:28:35','2024-01-08 00:28:35',NULL,NULL),(7,'Headphones',2,NULL,'published',4,NULL,0,'2024-01-08 00:28:35','2024-01-08 00:28:35',NULL,NULL),(8,'Videos games',2,NULL,'published',5,NULL,0,'2024-01-08 00:28:35','2024-01-08 00:28:35',NULL,NULL),(9,'Wireless Speakers',2,NULL,'published',6,NULL,0,'2024-01-08 00:28:35','2024-01-08 00:28:35',NULL,NULL),(10,'Office Electronic',2,NULL,'published',7,NULL,0,'2024-01-08 00:28:35','2024-01-08 00:28:35',NULL,NULL),(11,'Clothing',0,NULL,'published',2,'product-categories/2.jpg',1,'2024-01-08 00:28:35','2024-01-08 00:28:35','wowy-font-tshirt',NULL),(12,'Computers',0,NULL,'published',3,'product-categories/3.jpg',1,'2024-01-08 00:28:35','2024-01-08 00:28:35','wowy-font-desktop',NULL),(13,'Computer & Tablets',12,NULL,'published',0,NULL,0,'2024-01-08 00:28:35','2024-01-08 00:28:35',NULL,NULL),(14,'Laptop',12,NULL,'published',1,NULL,0,'2024-01-08 00:28:35','2024-01-08 00:28:35',NULL,NULL),(15,'Monitors',12,NULL,'published',2,NULL,0,'2024-01-08 00:28:35','2024-01-08 00:28:35',NULL,NULL),(16,'Computer Components',12,NULL,'published',3,NULL,0,'2024-01-08 00:28:35','2024-01-08 00:28:35',NULL,NULL),(17,'Home & Kitchen',0,NULL,'published',4,'product-categories/4.jpg',1,'2024-01-08 00:28:35','2024-01-08 00:28:35','wowy-font-home',NULL),(18,'Health & Beauty',0,NULL,'published',5,'product-categories/5.jpg',1,'2024-01-08 00:28:35','2024-01-08 00:28:35','wowy-font-dress',NULL),(19,'Jewelry & Watch',0,NULL,'published',6,'product-categories/6.jpg',1,'2024-01-08 00:28:35','2024-01-08 00:28:35','wowy-font-diamond',NULL),(20,'Technology Toys',0,NULL,'published',7,'product-categories/7.jpg',1,'2024-01-08 00:28:35','2024-01-08 00:28:35','far fa-microchip',NULL),(21,'Drive & Storages',20,NULL,'published',0,NULL,0,'2024-01-08 00:28:35','2024-01-08 00:28:35',NULL,NULL),(22,'Gaming Laptop',20,NULL,'published',1,NULL,0,'2024-01-08 00:28:35','2024-01-08 00:28:35',NULL,NULL),(23,'Security & Protection',20,NULL,'published',2,NULL,0,'2024-01-08 00:28:35','2024-01-08 00:28:35',NULL,NULL),(24,'Accessories',20,NULL,'published',3,NULL,0,'2024-01-08 00:28:35','2024-01-08 00:28:35',NULL,NULL),(25,'Phones',0,NULL,'published',8,'product-categories/8.jpg',1,'2024-01-08 00:28:35','2024-01-08 00:28:35','wowy-font-smartphone',NULL),(26,'Babies & Moms',0,NULL,'published',9,NULL,0,'2024-01-08 00:28:35','2024-01-08 00:28:35','wowy-font-teddy-bear',NULL),(27,'Sport & Outdoor',0,NULL,'published',10,NULL,0,'2024-01-08 00:28:35','2024-01-08 00:28:35','wowy-font-kite',NULL),(28,'Books & Office',0,NULL,'published',11,NULL,0,'2024-01-08 00:28:35','2024-01-08 00:28:35','far fa-book',NULL),(29,'Cars & Motorcycles',0,NULL,'published',12,NULL,0,'2024-01-08 00:28:35','2024-01-08 00:28:35','far fa-car',NULL),(30,'Home Improvements',0,NULL,'published',13,NULL,0,'2024-01-08 00:28:35','2024-01-08 00:28:35','wowy-font-home',NULL);

--
-- Table structure for table `ec_product_categories_translations`
--

CREATE TABLE `ec_product_categories_translations` (
  `lang_code` varchar(191) COLLATE utf8mb4_unicode_ci NOT NULL,
  `ec_product_categories_id` bigint unsigned NOT NULL,
  `name` varchar(191) COLLATE utf8mb4_unicode_ci DEFAULT NULL,
  `description` text COLLATE utf8mb4_unicode_ci,
  PRIMARY KEY (`lang_code`,`ec_product_categories_id`)
) ENGINE=InnoDB DEFAULT CHARSET=utf8mb4 COLLATE=utf8mb4_unicode_ci;

--
-- Dumping data for table `ec_product_categories_translations`
--


--
-- Table structure for table `ec_product_categorizables`
--

CREATE TABLE `ec_product_categorizables` (
  `category_id` bigint unsigned NOT NULL,
  `reference_id` bigint unsigned NOT NULL,
  `reference_type` varchar(120) COLLATE utf8mb4_unicode_ci NOT NULL,
  PRIMARY KEY (`category_id`,`reference_id`,`reference_type`),
  KEY `ec_product_categorizables_category_id_index` (`category_id`),
  KEY `ec_product_categorizables_reference_id_index` (`reference_id`),
  KEY `ec_product_categorizables_reference_type_index` (`reference_type`)
) ENGINE=InnoDB DEFAULT CHARSET=utf8mb4 COLLATE=utf8mb4_unicode_ci;

--
-- Dumping data for table `ec_product_categorizables`
--


--
-- Table structure for table `ec_product_category_product`
--

CREATE TABLE `ec_product_category_product` (
  `category_id` bigint unsigned NOT NULL,
  `product_id` bigint unsigned NOT NULL,
  PRIMARY KEY (`product_id`,`category_id`),
  KEY `ec_product_category_product_category_id_index` (`category_id`),
  KEY `ec_product_category_product_product_id_index` (`product_id`)
) ENGINE=InnoDB DEFAULT CHARSET=utf8mb4 COLLATE=utf8mb4_unicode_ci;

--
-- Dumping data for table `ec_product_category_product`
--

INSERT INTO `ec_product_category_product` VALUES (2,18),(3,7),(4,22),(5,16),(6,10),(10,24),(12,11),(13,14),(14,6),(17,9),(17,15),(19,4),(22,5),(22,20),(22,23),(24,8),(30,19),(31,2),(31,3),(33,17),(35,13),(36,1),(36,12),(36,21);

--
-- Table structure for table `ec_product_collection_products`
--

CREATE TABLE `ec_product_collection_products` (
  `product_collection_id` bigint unsigned NOT NULL,
  `product_id` bigint unsigned NOT NULL,
  PRIMARY KEY (`product_id`,`product_collection_id`),
  KEY `ec_product_collection_products_product_collection_id_index` (`product_collection_id`),
  KEY `ec_product_collection_products_product_id_index` (`product_id`)
) ENGINE=InnoDB DEFAULT CHARSET=utf8mb4 COLLATE=utf8mb4_unicode_ci;

--
-- Dumping data for table `ec_product_collection_products`
--

INSERT INTO `ec_product_collection_products` VALUES (1,2),(1,4),(1,8),(1,9),(1,11),(1,12),(1,16),(1,17),(1,18),(1,19),(2,1),(2,7),(2,10),(2,13),(2,15),(2,21),(2,23),(2,24),(3,3),(3,5),(3,6),(3,14),(3,20),(3,22);

--
-- Table structure for table `ec_product_collections`
--

CREATE TABLE `ec_product_collections` (
  `id` bigint unsigned NOT NULL AUTO_INCREMENT,
  `name` varchar(191) COLLATE utf8mb4_unicode_ci NOT NULL,
  `slug` varchar(191) COLLATE utf8mb4_unicode_ci NOT NULL,
  `description` varchar(400) COLLATE utf8mb4_unicode_ci DEFAULT NULL,
  `image` varchar(255) COLLATE utf8mb4_unicode_ci DEFAULT NULL,
  `status` varchar(60) COLLATE utf8mb4_unicode_ci NOT NULL DEFAULT 'published',
  `created_at` timestamp NULL DEFAULT NULL,
  `updated_at` timestamp NULL DEFAULT NULL,
  `is_featured` tinyint unsigned NOT NULL DEFAULT '0',
  PRIMARY KEY (`id`)
) ENGINE=InnoDB AUTO_INCREMENT=4 DEFAULT CHARSET=utf8mb4 COLLATE=utf8mb4_unicode_ci;

--
-- Dumping data for table `ec_product_collections`
--

INSERT INTO `ec_product_collections` VALUES (1,'New Arrival','new-arrival',NULL,NULL,'published','2024-01-08 00:28:35','2024-01-08 00:28:35',0),(2,'Best Sellers','best-sellers',NULL,NULL,'published','2024-01-08 00:28:35','2024-01-08 00:28:35',0),(3,'Special Offer','special-offer',NULL,NULL,'published','2024-01-08 00:28:35','2024-01-08 00:28:35',0);

--
-- Table structure for table `ec_product_collections_translations`
--

CREATE TABLE `ec_product_collections_translations` (
  `lang_code` varchar(191) COLLATE utf8mb4_unicode_ci NOT NULL,
  `ec_product_collections_id` bigint unsigned NOT NULL,
  `name` varchar(191) COLLATE utf8mb4_unicode_ci DEFAULT NULL,
  `description` varchar(191) COLLATE utf8mb4_unicode_ci DEFAULT NULL,
  PRIMARY KEY (`lang_code`,`ec_product_collections_id`)
) ENGINE=InnoDB DEFAULT CHARSET=utf8mb4 COLLATE=utf8mb4_unicode_ci;

--
-- Dumping data for table `ec_product_collections_translations`
--


--
-- Table structure for table `ec_product_cross_sale_relations`
--

CREATE TABLE `ec_product_cross_sale_relations` (
  `from_product_id` bigint unsigned NOT NULL,
  `to_product_id` bigint unsigned NOT NULL,
  `is_variant` tinyint(1) NOT NULL DEFAULT '0',
  `price` decimal(15,2) DEFAULT '0.00',
  `price_type` varchar(191) COLLATE utf8mb4_unicode_ci NOT NULL DEFAULT 'fixed',
  `apply_to_all_variations` tinyint(1) NOT NULL DEFAULT '1',
  PRIMARY KEY (`from_product_id`,`to_product_id`),
  KEY `ec_product_cross_sale_relations_from_product_id_index` (`from_product_id`),
  KEY `ec_product_cross_sale_relations_to_product_id_index` (`to_product_id`)
) ENGINE=InnoDB DEFAULT CHARSET=utf8mb4 COLLATE=utf8mb4_unicode_ci;

--
-- Dumping data for table `ec_product_cross_sale_relations`
--

INSERT INTO `ec_product_cross_sale_relations` VALUES (1,6,0,0.00,'fixed',1),(1,9,0,0.00,'fixed',1),(1,12,0,0.00,'fixed',1),(1,21,0,0.00,'fixed',1),(2,13,0,0.00,'fixed',1),(2,15,0,0.00,'fixed',1),(2,19,0,0.00,'fixed',1),(2,22,0,0.00,'fixed',1),(3,2,0,0.00,'fixed',1),(3,6,0,0.00,'fixed',1),(3,7,0,0.00,'fixed',1),(3,10,0,0.00,'fixed',1),(4,15,0,0.00,'fixed',1),(4,16,0,0.00,'fixed',1),(4,17,0,0.00,'fixed',1),(4,22,0,0.00,'fixed',1),(5,9,0,0.00,'fixed',1),(5,11,0,0.00,'fixed',1),(5,17,0,0.00,'fixed',1),(5,21,0,0.00,'fixed',1),(6,2,0,0.00,'fixed',1),(6,4,0,0.00,'fixed',1),(6,22,0,0.00,'fixed',1),(7,1,0,0.00,'fixed',1),(7,12,0,0.00,'fixed',1),(7,20,0,0.00,'fixed',1),(7,21,0,0.00,'fixed',1),(8,2,0,0.00,'fixed',1),(8,12,0,0.00,'fixed',1),(8,17,0,0.00,'fixed',1),(8,19,0,0.00,'fixed',1),(9,5,0,0.00,'fixed',1),(9,10,0,0.00,'fixed',1),(9,13,0,0.00,'fixed',1),(9,23,0,0.00,'fixed',1),(10,1,0,0.00,'fixed',1),(10,12,0,0.00,'fixed',1),(10,14,0,0.00,'fixed',1),(10,21,0,0.00,'fixed',1),(11,5,0,0.00,'fixed',1),(11,9,0,0.00,'fixed',1),(11,12,0,0.00,'fixed',1),(11,18,0,0.00,'fixed',1),(12,3,0,0.00,'fixed',1),(12,7,0,0.00,'fixed',1),(12,14,0,0.00,'fixed',1),(12,15,0,0.00,'fixed',1),(13,6,0,0.00,'fixed',1),(13,8,0,0.00,'fixed',1),(13,11,0,0.00,'fixed',1),(13,18,0,0.00,'fixed',1),(14,2,0,0.00,'fixed',1),(14,6,0,0.00,'fixed',1),(14,7,0,0.00,'fixed',1),(14,11,0,0.00,'fixed',1),(15,5,0,0.00,'fixed',1),(15,10,0,0.00,'fixed',1),(15,17,0,0.00,'fixed',1),(15,18,0,0.00,'fixed',1),(16,11,0,0.00,'fixed',1),(16,12,0,0.00,'fixed',1),(16,18,0,0.00,'fixed',1),(16,21,0,0.00,'fixed',1),(17,1,0,0.00,'fixed',1),(17,9,0,0.00,'fixed',1),(17,10,0,0.00,'fixed',1),(17,13,0,0.00,'fixed',1),(18,2,0,0.00,'fixed',1),(18,12,0,0.00,'fixed',1),(18,17,0,0.00,'fixed',1),(19,7,0,0.00,'fixed',1),(19,13,0,0.00,'fixed',1),(19,16,0,0.00,'fixed',1),(19,18,0,0.00,'fixed',1),(20,9,0,0.00,'fixed',1),(20,12,0,0.00,'fixed',1),(20,16,0,0.00,'fixed',1),(20,19,0,0.00,'fixed',1),(21,4,0,0.00,'fixed',1),(21,12,0,0.00,'fixed',1),(21,23,0,0.00,'fixed',1),(21,24,0,0.00,'fixed',1),(22,9,0,0.00,'fixed',1),(22,13,0,0.00,'fixed',1),(22,18,0,0.00,'fixed',1),(22,23,0,0.00,'fixed',1),(23,7,0,0.00,'fixed',1),(23,8,0,0.00,'fixed',1),(23,19,0,0.00,'fixed',1),(23,24,0,0.00,'fixed',1),(24,2,0,0.00,'fixed',1),(24,6,0,0.00,'fixed',1),(24,15,0,0.00,'fixed',1),(24,17,0,0.00,'fixed',1);

--
-- Table structure for table `ec_product_files`
--

CREATE TABLE `ec_product_files` (
  `id` bigint unsigned NOT NULL AUTO_INCREMENT,
  `product_id` bigint unsigned DEFAULT NULL,
  `url` varchar(400) COLLATE utf8mb4_unicode_ci DEFAULT NULL,
  `extras` mediumtext COLLATE utf8mb4_unicode_ci,
  `created_at` timestamp NULL DEFAULT NULL,
  `updated_at` timestamp NULL DEFAULT NULL,
  PRIMARY KEY (`id`),
  KEY `ec_product_files_product_id_index` (`product_id`)
) ENGINE=InnoDB AUTO_INCREMENT=43 DEFAULT CHARSET=utf8mb4 COLLATE=utf8mb4_unicode_ci;

--
-- Dumping data for table `ec_product_files`
--

INSERT INTO `ec_product_files` VALUES (1,25,'product-files/1.jpg','{\"filename\":\"1.jpg\",\"url\":\"product-files\\/1.jpg\",\"mime_type\":\"image\\/jpeg\",\"size\":9730,\"modified\":\"2024-01-08 07:28:40\",\"name\":\"1\",\"extension\":\"jpg\"}','2024-01-08 00:28:40','2024-01-08 00:28:40'),(2,25,'product-files/1-1.jpg','{\"filename\":\"1-1.jpg\",\"url\":\"product-files\\/1-1.jpg\",\"mime_type\":\"image\\/jpeg\",\"size\":9730,\"modified\":\"2024-01-08 07:28:40\",\"name\":\"1-1\",\"extension\":\"jpg\"}','2024-01-08 00:28:40','2024-01-08 00:28:40'),(3,25,'product-files/1-2.jpg','{\"filename\":\"1-2.jpg\",\"url\":\"product-files\\/1-2.jpg\",\"mime_type\":\"image\\/jpeg\",\"size\":9730,\"modified\":\"2024-01-08 07:28:40\",\"name\":\"1-2\",\"extension\":\"jpg\"}','2024-01-08 00:28:40','2024-01-08 00:28:40'),(4,25,'product-files/1-3.jpg','{\"filename\":\"1-3.jpg\",\"url\":\"product-files\\/1-3.jpg\",\"mime_type\":\"image\\/jpeg\",\"size\":9730,\"modified\":\"2024-01-08 07:28:40\",\"name\":\"1-3\",\"extension\":\"jpg\"}','2024-01-08 00:28:40','2024-01-08 00:28:40'),(5,26,'product-files/1.jpg','{\"filename\":\"1.jpg\",\"url\":\"product-files\\/1.jpg\",\"mime_type\":\"image\\/jpeg\",\"size\":9730,\"modified\":\"2024-01-08 07:28:40\",\"name\":\"1\",\"extension\":\"jpg\"}','2024-01-08 00:28:40','2024-01-08 00:28:40'),(6,26,'product-files/1-1.jpg','{\"filename\":\"1-1.jpg\",\"url\":\"product-files\\/1-1.jpg\",\"mime_type\":\"image\\/jpeg\",\"size\":9730,\"modified\":\"2024-01-08 07:28:40\",\"name\":\"1-1\",\"extension\":\"jpg\"}','2024-01-08 00:28:40','2024-01-08 00:28:40'),(7,26,'product-files/1-2.jpg','{\"filename\":\"1-2.jpg\",\"url\":\"product-files\\/1-2.jpg\",\"mime_type\":\"image\\/jpeg\",\"size\":9730,\"modified\":\"2024-01-08 07:28:40\",\"name\":\"1-2\",\"extension\":\"jpg\"}','2024-01-08 00:28:40','2024-01-08 00:28:40'),(8,26,'product-files/1-3.jpg','{\"filename\":\"1-3.jpg\",\"url\":\"product-files\\/1-3.jpg\",\"mime_type\":\"image\\/jpeg\",\"size\":9730,\"modified\":\"2024-01-08 07:28:40\",\"name\":\"1-3\",\"extension\":\"jpg\"}','2024-01-08 00:28:40','2024-01-08 00:28:40'),(9,27,'product-files/1.jpg','{\"filename\":\"1.jpg\",\"url\":\"product-files\\/1.jpg\",\"mime_type\":\"image\\/jpeg\",\"size\":9730,\"modified\":\"2024-01-08 07:28:40\",\"name\":\"1\",\"extension\":\"jpg\"}','2024-01-08 00:28:40','2024-01-08 00:28:40'),(10,27,'product-files/1-1.jpg','{\"filename\":\"1-1.jpg\",\"url\":\"product-files\\/1-1.jpg\",\"mime_type\":\"image\\/jpeg\",\"size\":9730,\"modified\":\"2024-01-08 07:28:40\",\"name\":\"1-1\",\"extension\":\"jpg\"}','2024-01-08 00:28:40','2024-01-08 00:28:40'),(11,27,'product-files/1-2.jpg','{\"filename\":\"1-2.jpg\",\"url\":\"product-files\\/1-2.jpg\",\"mime_type\":\"image\\/jpeg\",\"size\":9730,\"modified\":\"2024-01-08 07:28:40\",\"name\":\"1-2\",\"extension\":\"jpg\"}','2024-01-08 00:28:40','2024-01-08 00:28:40'),(12,27,'product-files/1-3.jpg','{\"filename\":\"1-3.jpg\",\"url\":\"product-files\\/1-3.jpg\",\"mime_type\":\"image\\/jpeg\",\"size\":9730,\"modified\":\"2024-01-08 07:28:40\",\"name\":\"1-3\",\"extension\":\"jpg\"}','2024-01-08 00:28:40','2024-01-08 00:28:40'),(13,28,'product-files/1.jpg','{\"filename\":\"1.jpg\",\"url\":\"product-files\\/1.jpg\",\"mime_type\":\"image\\/jpeg\",\"size\":9730,\"modified\":\"2024-01-08 07:28:40\",\"name\":\"1\",\"extension\":\"jpg\"}','2024-01-08 00:28:40','2024-01-08 00:28:40'),(14,28,'product-files/1-1.jpg','{\"filename\":\"1-1.jpg\",\"url\":\"product-files\\/1-1.jpg\",\"mime_type\":\"image\\/jpeg\",\"size\":9730,\"modified\":\"2024-01-08 07:28:40\",\"name\":\"1-1\",\"extension\":\"jpg\"}','2024-01-08 00:28:40','2024-01-08 00:28:40'),(15,28,'product-files/1-2.jpg','{\"filename\":\"1-2.jpg\",\"url\":\"product-files\\/1-2.jpg\",\"mime_type\":\"image\\/jpeg\",\"size\":9730,\"modified\":\"2024-01-08 07:28:40\",\"name\":\"1-2\",\"extension\":\"jpg\"}','2024-01-08 00:28:40','2024-01-08 00:28:40'),(16,28,'product-files/1-3.jpg','{\"filename\":\"1-3.jpg\",\"url\":\"product-files\\/1-3.jpg\",\"mime_type\":\"image\\/jpeg\",\"size\":9730,\"modified\":\"2024-01-08 07:28:40\",\"name\":\"1-3\",\"extension\":\"jpg\"}','2024-01-08 00:28:40','2024-01-08 00:28:40'),(17,38,'product-files/5.jpg','{\"filename\":\"5.jpg\",\"url\":\"product-files\\/5.jpg\",\"mime_type\":\"image\\/jpeg\",\"size\":9730,\"modified\":\"2024-01-08 07:28:40\",\"name\":\"5\",\"extension\":\"jpg\"}','2024-01-08 00:28:40','2024-01-08 00:28:40'),(18,38,'product-files/5-1.jpg','{\"filename\":\"5-1.jpg\",\"url\":\"product-files\\/5-1.jpg\",\"mime_type\":\"image\\/jpeg\",\"size\":9730,\"modified\":\"2024-01-08 07:28:40\",\"name\":\"5-1\",\"extension\":\"jpg\"}','2024-01-08 00:28:40','2024-01-08 00:28:40'),(19,38,'product-files/5-2.jpg','{\"filename\":\"5-2.jpg\",\"url\":\"product-files\\/5-2.jpg\",\"mime_type\":\"image\\/jpeg\",\"size\":9730,\"modified\":\"2024-01-08 07:28:40\",\"name\":\"5-2\",\"extension\":\"jpg\"}','2024-01-08 00:28:40','2024-01-08 00:28:40'),(20,38,'product-files/5-3.jpg','{\"filename\":\"5-3.jpg\",\"url\":\"product-files\\/5-3.jpg\",\"mime_type\":\"image\\/jpeg\",\"size\":9730,\"modified\":\"2024-01-08 07:28:40\",\"name\":\"5-3\",\"extension\":\"jpg\"}','2024-01-08 00:28:40','2024-01-08 00:28:40'),(21,45,'product-files/9.jpg','{\"filename\":\"9.jpg\",\"url\":\"product-files\\/9.jpg\",\"mime_type\":\"image\\/jpeg\",\"size\":9730,\"modified\":\"2024-01-08 07:28:40\",\"name\":\"9\",\"extension\":\"jpg\"}','2024-01-08 00:28:40','2024-01-08 00:28:40'),(22,45,'product-files/9-1.jpg','{\"filename\":\"9-1.jpg\",\"url\":\"product-files\\/9-1.jpg\",\"mime_type\":\"image\\/jpeg\",\"size\":9730,\"modified\":\"2024-01-08 07:28:40\",\"name\":\"9-1\",\"extension\":\"jpg\"}','2024-01-08 00:28:40','2024-01-08 00:28:40'),(23,46,'product-files/9.jpg','{\"filename\":\"9.jpg\",\"url\":\"product-files\\/9.jpg\",\"mime_type\":\"image\\/jpeg\",\"size\":9730,\"modified\":\"2024-01-08 07:28:40\",\"name\":\"9\",\"extension\":\"jpg\"}','2024-01-08 00:28:40','2024-01-08 00:28:40'),(24,46,'product-files/9-1.jpg','{\"filename\":\"9-1.jpg\",\"url\":\"product-files\\/9-1.jpg\",\"mime_type\":\"image\\/jpeg\",\"size\":9730,\"modified\":\"2024-01-08 07:28:40\",\"name\":\"9-1\",\"extension\":\"jpg\"}','2024-01-08 00:28:40','2024-01-08 00:28:40'),(25,47,'product-files/9.jpg','{\"filename\":\"9.jpg\",\"url\":\"product-files\\/9.jpg\",\"mime_type\":\"image\\/jpeg\",\"size\":9730,\"modified\":\"2024-01-08 07:28:40\",\"name\":\"9\",\"extension\":\"jpg\"}','2024-01-08 00:28:40','2024-01-08 00:28:40'),(26,47,'product-files/9-1.jpg','{\"filename\":\"9-1.jpg\",\"url\":\"product-files\\/9-1.jpg\",\"mime_type\":\"image\\/jpeg\",\"size\":9730,\"modified\":\"2024-01-08 07:28:40\",\"name\":\"9-1\",\"extension\":\"jpg\"}','2024-01-08 00:28:40','2024-01-08 00:28:40'),(27,48,'product-files/9.jpg','{\"filename\":\"9.jpg\",\"url\":\"product-files\\/9.jpg\",\"mime_type\":\"image\\/jpeg\",\"size\":9730,\"modified\":\"2024-01-08 07:28:40\",\"name\":\"9\",\"extension\":\"jpg\"}','2024-01-08 00:28:40','2024-01-08 00:28:40'),(28,48,'product-files/9-1.jpg','{\"filename\":\"9-1.jpg\",\"url\":\"product-files\\/9-1.jpg\",\"mime_type\":\"image\\/jpeg\",\"size\":9730,\"modified\":\"2024-01-08 07:28:40\",\"name\":\"9-1\",\"extension\":\"jpg\"}','2024-01-08 00:28:40','2024-01-08 00:28:40'),(29,56,'product-files/13.jpg','{\"filename\":\"13.jpg\",\"url\":\"product-files\\/13.jpg\",\"mime_type\":\"image\\/jpeg\",\"size\":9730,\"modified\":\"2024-01-08 07:28:40\",\"name\":\"13\",\"extension\":\"jpg\"}','2024-01-08 00:28:40','2024-01-08 00:28:40'),(30,56,'product-files/13-1.jpg','{\"filename\":\"13-1.jpg\",\"url\":\"product-files\\/13-1.jpg\",\"mime_type\":\"image\\/jpeg\",\"size\":9730,\"modified\":\"2024-01-08 07:28:40\",\"name\":\"13-1\",\"extension\":\"jpg\"}','2024-01-08 00:28:40','2024-01-08 00:28:40'),(31,57,'product-files/13.jpg','{\"filename\":\"13.jpg\",\"url\":\"product-files\\/13.jpg\",\"mime_type\":\"image\\/jpeg\",\"size\":9730,\"modified\":\"2024-01-08 07:28:40\",\"name\":\"13\",\"extension\":\"jpg\"}','2024-01-08 00:28:40','2024-01-08 00:28:40'),(32,57,'product-files/13-1.jpg','{\"filename\":\"13-1.jpg\",\"url\":\"product-files\\/13-1.jpg\",\"mime_type\":\"image\\/jpeg\",\"size\":9730,\"modified\":\"2024-01-08 07:28:40\",\"name\":\"13-1\",\"extension\":\"jpg\"}','2024-01-08 00:28:40','2024-01-08 00:28:40'),(33,65,'product-files/17.jpg','{\"filename\":\"17.jpg\",\"url\":\"product-files\\/17.jpg\",\"mime_type\":\"image\\/jpeg\",\"size\":9730,\"modified\":\"2024-01-08 07:28:41\",\"name\":\"17\",\"extension\":\"jpg\"}','2024-01-08 00:28:41','2024-01-08 00:28:41'),(34,66,'product-files/17.jpg','{\"filename\":\"17.jpg\",\"url\":\"product-files\\/17.jpg\",\"mime_type\":\"image\\/jpeg\",\"size\":9730,\"modified\":\"2024-01-08 07:28:41\",\"name\":\"17\",\"extension\":\"jpg\"}','2024-01-08 00:28:41','2024-01-08 00:28:41'),(35,67,'product-files/17.jpg','{\"filename\":\"17.jpg\",\"url\":\"product-files\\/17.jpg\",\"mime_type\":\"image\\/jpeg\",\"size\":9730,\"modified\":\"2024-01-08 07:28:41\",\"name\":\"17\",\"extension\":\"jpg\"}','2024-01-08 00:28:41','2024-01-08 00:28:41'),(36,68,'product-files/17.jpg','{\"filename\":\"17.jpg\",\"url\":\"product-files\\/17.jpg\",\"mime_type\":\"image\\/jpeg\",\"size\":9730,\"modified\":\"2024-01-08 07:28:41\",\"name\":\"17\",\"extension\":\"jpg\"}','2024-01-08 00:28:41','2024-01-08 00:28:41'),(37,76,'product-files/21.jpg','{\"filename\":\"21.jpg\",\"url\":\"product-files\\/21.jpg\",\"mime_type\":\"image\\/jpeg\",\"size\":9730,\"modified\":\"2024-01-08 07:28:41\",\"name\":\"21\",\"extension\":\"jpg\"}','2024-01-08 00:28:41','2024-01-08 00:28:41'),(38,76,'product-files/21-1.jpg','{\"filename\":\"21-1.jpg\",\"url\":\"product-files\\/21-1.jpg\",\"mime_type\":\"image\\/jpeg\",\"size\":9730,\"modified\":\"2024-01-08 07:28:41\",\"name\":\"21-1\",\"extension\":\"jpg\"}','2024-01-08 00:28:41','2024-01-08 00:28:41'),(39,77,'product-files/21.jpg','{\"filename\":\"21.jpg\",\"url\":\"product-files\\/21.jpg\",\"mime_type\":\"image\\/jpeg\",\"size\":9730,\"modified\":\"2024-01-08 07:28:41\",\"name\":\"21\",\"extension\":\"jpg\"}','2024-01-08 00:28:41','2024-01-08 00:28:41'),(40,77,'product-files/21-1.jpg','{\"filename\":\"21-1.jpg\",\"url\":\"product-files\\/21-1.jpg\",\"mime_type\":\"image\\/jpeg\",\"size\":9730,\"modified\":\"2024-01-08 07:28:41\",\"name\":\"21-1\",\"extension\":\"jpg\"}','2024-01-08 00:28:41','2024-01-08 00:28:41'),(41,78,'product-files/21.jpg','{\"filename\":\"21.jpg\",\"url\":\"product-files\\/21.jpg\",\"mime_type\":\"image\\/jpeg\",\"size\":9730,\"modified\":\"2024-01-08 07:28:41\",\"name\":\"21\",\"extension\":\"jpg\"}','2024-01-08 00:28:41','2024-01-08 00:28:41'),(42,78,'product-files/21-1.jpg','{\"filename\":\"21-1.jpg\",\"url\":\"product-files\\/21-1.jpg\",\"mime_type\":\"image\\/jpeg\",\"size\":9730,\"modified\":\"2024-01-08 07:28:41\",\"name\":\"21-1\",\"extension\":\"jpg\"}','2024-01-08 00:28:41','2024-01-08 00:28:41');

--
-- Table structure for table `ec_product_label_products`
--

CREATE TABLE `ec_product_label_products` (
  `product_label_id` bigint unsigned NOT NULL,
  `product_id` bigint unsigned NOT NULL,
  PRIMARY KEY (`product_label_id`,`product_id`),
  KEY `ec_product_label_products_product_label_id_index` (`product_label_id`),
  KEY `ec_product_label_products_product_id_index` (`product_id`)
) ENGINE=InnoDB DEFAULT CHARSET=utf8mb4 COLLATE=utf8mb4_unicode_ci;

--
-- Dumping data for table `ec_product_label_products`
--

INSERT INTO `ec_product_label_products` VALUES (1,7),(1,21),(2,14);

--
-- Table structure for table `ec_product_labels`
--

CREATE TABLE `ec_product_labels` (
  `id` bigint unsigned NOT NULL AUTO_INCREMENT,
  `name` varchar(255) COLLATE utf8mb4_unicode_ci NOT NULL,
  `color` varchar(120) COLLATE utf8mb4_unicode_ci DEFAULT NULL,
  `status` varchar(60) COLLATE utf8mb4_unicode_ci NOT NULL DEFAULT 'published',
  `created_at` timestamp NULL DEFAULT NULL,
  `updated_at` timestamp NULL DEFAULT NULL,
  PRIMARY KEY (`id`)
) ENGINE=InnoDB AUTO_INCREMENT=4 DEFAULT CHARSET=utf8mb4 COLLATE=utf8mb4_unicode_ci;

--
-- Dumping data for table `ec_product_labels`
--

INSERT INTO `ec_product_labels` VALUES (1,'Hot','#ec2434','published','2024-01-08 00:28:35','2024-01-08 00:28:35'),(2,'New','#00c9a7','published','2024-01-08 00:28:35','2024-01-08 00:28:35'),(3,'Sale','#fe9931','published','2024-01-08 00:28:35','2024-01-08 00:28:35');

--
-- Table structure for table `ec_product_labels_translations`
--

CREATE TABLE `ec_product_labels_translations` (
  `lang_code` varchar(191) COLLATE utf8mb4_unicode_ci NOT NULL,
  `ec_product_labels_id` bigint unsigned NOT NULL,
  `name` varchar(191) COLLATE utf8mb4_unicode_ci DEFAULT NULL,
  `description` varchar(191) COLLATE utf8mb4_unicode_ci DEFAULT NULL,
  PRIMARY KEY (`lang_code`,`ec_product_labels_id`)
) ENGINE=InnoDB DEFAULT CHARSET=utf8mb4 COLLATE=utf8mb4_unicode_ci;

--
-- Dumping data for table `ec_product_labels_translations`
--


--
-- Table structure for table `ec_product_related_relations`
--

CREATE TABLE `ec_product_related_relations` (
  `from_product_id` bigint unsigned NOT NULL,
  `to_product_id` bigint unsigned NOT NULL,
  PRIMARY KEY (`from_product_id`,`to_product_id`),
  KEY `ec_product_related_relations_from_product_id_index` (`from_product_id`),
  KEY `ec_product_related_relations_to_product_id_index` (`to_product_id`)
) ENGINE=InnoDB DEFAULT CHARSET=utf8mb4 COLLATE=utf8mb4_unicode_ci;

--
-- Dumping data for table `ec_product_related_relations`
--


--
-- Table structure for table `ec_product_tag_product`
--

CREATE TABLE `ec_product_tag_product` (
  `product_id` bigint unsigned NOT NULL,
  `tag_id` bigint unsigned NOT NULL,
  PRIMARY KEY (`product_id`,`tag_id`),
  KEY `ec_product_tag_product_product_id_index` (`product_id`),
  KEY `ec_product_tag_product_tag_id_index` (`tag_id`)
) ENGINE=InnoDB DEFAULT CHARSET=utf8mb4 COLLATE=utf8mb4_unicode_ci;

--
-- Dumping data for table `ec_product_tag_product`
--

INSERT INTO `ec_product_tag_product` VALUES (1,1),(1,4),(1,6),(2,1),(2,2),(3,4),(3,5),(3,6),(4,2),(4,3),(4,6),(5,4),(5,6),(6,2),(6,3),(6,5),(7,3),(7,5),(8,1),(8,2),(8,3),(9,3),(9,4),(10,3),(10,5),(10,6),(11,2),(11,5),(12,2),(12,3),(12,6),(13,1),(13,4),(13,6),(14,1),(14,5),(15,1),(15,4),(15,5),(16,1),(16,2),(16,6),(17,5),(18,5),(18,6),(19,2),(19,4),(19,6),(20,1),(20,3),(21,1),(21,3),(21,5),(22,6),(23,1),(23,2),(23,4),(24,4),(24,5),(24,6);

--
-- Table structure for table `ec_product_tags`
--

CREATE TABLE `ec_product_tags` (
  `id` bigint unsigned NOT NULL AUTO_INCREMENT,
  `name` varchar(120) COLLATE utf8mb4_unicode_ci NOT NULL,
  `description` varchar(400) COLLATE utf8mb4_unicode_ci DEFAULT NULL,
  `status` varchar(60) COLLATE utf8mb4_unicode_ci NOT NULL DEFAULT 'published',
  `created_at` timestamp NULL DEFAULT NULL,
  `updated_at` timestamp NULL DEFAULT NULL,
  PRIMARY KEY (`id`)
) ENGINE=InnoDB AUTO_INCREMENT=6 DEFAULT CHARSET=utf8mb4 COLLATE=utf8mb4_unicode_ci;

--
-- Dumping data for table `ec_product_tags`
--

INSERT INTO `ec_product_tags` VALUES (1,'Wallet',NULL,'published','2024-01-08 00:28:35','2024-01-08 00:28:35'),(2,'Bags',NULL,'published','2024-01-08 00:28:35','2024-01-08 00:28:35'),(3,'Shoes',NULL,'published','2024-01-08 00:28:35','2024-01-08 00:28:35'),(4,'Clothes',NULL,'published','2024-01-08 00:28:35','2024-01-08 00:28:35'),(5,'Hand bag',NULL,'published','2024-01-08 00:28:35','2024-01-08 00:28:35');

--
-- Table structure for table `ec_product_tags_translations`
--

CREATE TABLE `ec_product_tags_translations` (
  `lang_code` varchar(191) COLLATE utf8mb4_unicode_ci NOT NULL,
  `ec_product_tags_id` bigint unsigned NOT NULL,
  `name` varchar(191) COLLATE utf8mb4_unicode_ci DEFAULT NULL,
  PRIMARY KEY (`lang_code`,`ec_product_tags_id`)
) ENGINE=InnoDB DEFAULT CHARSET=utf8mb4 COLLATE=utf8mb4_unicode_ci;

--
-- Dumping data for table `ec_product_tags_translations`
--


--
-- Table structure for table `ec_product_up_sale_relations`
--

CREATE TABLE `ec_product_up_sale_relations` (
  `from_product_id` bigint unsigned NOT NULL,
  `to_product_id` bigint unsigned NOT NULL,
  PRIMARY KEY (`from_product_id`,`to_product_id`),
  KEY `ec_product_up_sale_relations_from_product_id_index` (`from_product_id`),
  KEY `ec_product_up_sale_relations_to_product_id_index` (`to_product_id`)
) ENGINE=InnoDB DEFAULT CHARSET=utf8mb4 COLLATE=utf8mb4_unicode_ci;

--
-- Dumping data for table `ec_product_up_sale_relations`
--


--
-- Table structure for table `ec_product_variation_items`
--

CREATE TABLE `ec_product_variation_items` (
  `id` bigint unsigned NOT NULL AUTO_INCREMENT,
  `attribute_id` bigint unsigned NOT NULL,
  `variation_id` bigint unsigned NOT NULL,
  PRIMARY KEY (`id`),
  KEY `attribute_variation_index` (`attribute_id`,`variation_id`)
) ENGINE=InnoDB AUTO_INCREMENT=129 DEFAULT CHARSET=utf8mb4 COLLATE=utf8mb4_unicode_ci;

--
-- Dumping data for table `ec_product_variation_items`
--

INSERT INTO `ec_product_variation_items` VALUES (3,1,2),(21,1,11),(31,1,16),(61,1,31),(67,1,34),(69,1,35),(73,1,37),(79,1,40),(91,1,46),(101,1,51),(109,1,55),(115,1,58),(117,1,59),(121,1,61),(5,2,3),(11,2,6),(17,2,9),(19,2,10),(33,2,17),(35,2,18),(41,2,21),(43,2,22),(53,2,27),(57,2,29),(71,2,36),(111,2,56),(125,2,63),(127,2,64),(23,3,12),(29,3,15),(49,3,25),(85,3,43),(107,3,54),(113,3,57),(9,4,5),(13,4,7),(15,4,8),(27,4,14),(37,4,19),(45,4,23),(59,4,30),(63,4,32),(65,4,33),(75,4,38),(89,4,45),(95,4,48),(99,4,50),(105,4,53),(119,4,60),(1,5,1),(7,5,4),(25,5,13),(39,5,20),(47,5,24),(51,5,26),(55,5,28),(77,5,39),(81,5,41),(83,5,42),(87,5,44),(93,5,47),(97,5,49),(103,5,52),(123,5,62),(4,6,2),(8,6,4),(10,6,5),(20,6,10),(24,6,12),(26,6,13),(46,6,23),(50,6,25),(58,6,29),(62,6,31),(66,6,33),(90,6,45),(92,6,46),(98,6,49),(106,6,53),(118,6,59),(124,6,62),(36,7,18),(48,7,24),(56,7,28),(70,7,35),(76,7,38),(84,7,42),(86,7,43),(88,7,44),(110,7,55),(114,7,57),(6,8,3),(12,8,6),(16,8,8),(18,8,9),(28,8,14),(30,8,15),(42,8,21),(54,8,27),(60,8,30),(68,8,34),(72,8,36),(78,8,39),(80,8,40),(102,8,51),(104,8,52),(108,8,54),(116,8,58),(120,8,60),(126,8,63),(14,9,7),(22,9,11),(32,9,16),(38,9,19),(40,9,20),(52,9,26),(100,9,50),(112,9,56),(2,10,1),(34,10,17),(44,10,22),(64,10,32),(74,10,37),(82,10,41),(94,10,47),(96,10,48),(122,10,61),(128,10,64);

--
-- Table structure for table `ec_product_variations`
--

CREATE TABLE `ec_product_variations` (
  `id` bigint unsigned NOT NULL AUTO_INCREMENT,
  `product_id` bigint unsigned DEFAULT NULL,
  `configurable_product_id` bigint unsigned NOT NULL,
  `is_default` tinyint NOT NULL DEFAULT '0',
  PRIMARY KEY (`id`),
  UNIQUE KEY `ec_product_variations_product_id_configurable_product_id_unique` (`product_id`,`configurable_product_id`),
  KEY `configurable_product_index` (`product_id`,`configurable_product_id`)
) ENGINE=InnoDB AUTO_INCREMENT=65 DEFAULT CHARSET=utf8mb4 COLLATE=utf8mb4_unicode_ci;

--
-- Dumping data for table `ec_product_variations`
--

INSERT INTO `ec_product_variations` VALUES (1,25,1,1),(2,26,1,0),(3,27,1,0),(4,28,1,0),(5,29,2,1),(6,30,2,0),(7,31,2,0),(8,32,3,1),(9,33,3,0),(10,34,3,0),(11,35,4,1),(12,36,4,0),(13,37,4,0),(14,38,5,1),(15,39,6,1),(16,40,7,1),(17,41,7,0),(18,42,7,0),(19,43,8,1),(20,44,8,0),(21,45,9,1),(22,46,9,0),(23,47,9,0),(24,48,9,0),(25,49,10,1),(26,50,10,0),(27,51,10,0),(28,52,11,1),(29,53,11,0),(30,54,11,0),(31,55,12,1),(32,56,13,1),(33,57,13,0),(34,58,14,1),(35,59,14,0),(36,60,15,1),(37,61,15,0),(38,62,15,0),(39,63,16,1),(40,64,16,0),(41,65,17,1),(42,66,17,0),(43,67,17,0),(44,68,17,0),(45,69,18,1),(46,70,18,0),(47,71,18,0),(48,72,18,0),(49,73,19,1),(50,74,19,0),(51,75,20,1),(52,76,21,1),(53,77,21,0),(54,78,21,0),(55,79,22,1),(56,80,22,0),(57,81,22,0),(58,82,23,1),(59,83,23,0),(60,84,23,0),(61,85,23,0),(62,86,24,1),(63,87,24,0),(64,88,24,0);

--
-- Table structure for table `ec_product_views`
--

CREATE TABLE `ec_product_views` (
  `id` bigint unsigned NOT NULL AUTO_INCREMENT,
  `product_id` bigint unsigned NOT NULL,
  `views` int NOT NULL DEFAULT '1',
  `date` date NOT NULL DEFAULT '2024-01-08',
  PRIMARY KEY (`id`),
  UNIQUE KEY `ec_product_views_product_id_date_unique` (`product_id`,`date`),
  KEY `ec_product_views_product_id_index` (`product_id`)
) ENGINE=InnoDB DEFAULT CHARSET=utf8mb4 COLLATE=utf8mb4_unicode_ci;

--
-- Dumping data for table `ec_product_views`
--


--
-- Table structure for table `ec_product_with_attribute_set`
--

CREATE TABLE `ec_product_with_attribute_set` (
  `attribute_set_id` bigint unsigned NOT NULL,
  `product_id` bigint unsigned NOT NULL,
  `order` tinyint unsigned NOT NULL DEFAULT '0',
  PRIMARY KEY (`product_id`,`attribute_set_id`)
) ENGINE=InnoDB DEFAULT CHARSET=utf8mb4 COLLATE=utf8mb4_unicode_ci;

--
-- Dumping data for table `ec_product_with_attribute_set`
--

INSERT INTO `ec_product_with_attribute_set` VALUES (1,1,0),(2,1,0),(1,2,0),(2,2,0),(1,3,0),(2,3,0),(1,4,0),(2,4,0),(1,5,0),(2,5,0),(1,6,0),(2,6,0),(1,7,0),(2,7,0),(1,8,0),(2,8,0),(1,9,0),(2,9,0),(1,10,0),(2,10,0),(1,11,0),(2,11,0),(1,12,0),(2,12,0),(1,13,0),(2,13,0),(1,14,0),(2,14,0),(1,15,0),(2,15,0),(1,16,0),(2,16,0),(1,17,0),(2,17,0),(1,18,0),(2,18,0),(1,19,0),(2,19,0),(1,20,0),(2,20,0),(1,21,0),(2,21,0),(1,22,0),(2,22,0),(1,23,0),(2,23,0),(1,24,0),(2,24,0);

--
-- Table structure for table `ec_products`
--

CREATE TABLE `ec_products` (
  `id` bigint unsigned NOT NULL AUTO_INCREMENT,
  `name` varchar(191) COLLATE utf8mb4_unicode_ci NOT NULL,
  `description` text COLLATE utf8mb4_unicode_ci,
  `content` longtext COLLATE utf8mb4_unicode_ci,
  `status` varchar(60) COLLATE utf8mb4_unicode_ci NOT NULL DEFAULT 'published',
  `images` text COLLATE utf8mb4_unicode_ci,
  `sku` varchar(191) COLLATE utf8mb4_unicode_ci DEFAULT NULL,
  `order` int unsigned NOT NULL DEFAULT '0',
  `quantity` int unsigned DEFAULT NULL,
  `allow_checkout_when_out_of_stock` tinyint unsigned NOT NULL DEFAULT '0',
  `with_storehouse_management` tinyint unsigned NOT NULL DEFAULT '0',
  `is_featured` tinyint unsigned NOT NULL DEFAULT '0',
  `brand_id` bigint unsigned DEFAULT NULL,
  `is_variation` tinyint NOT NULL DEFAULT '0',
  `sale_type` tinyint NOT NULL DEFAULT '0',
  `price` double unsigned DEFAULT NULL,
  `sale_price` double unsigned DEFAULT NULL,
  `start_date` timestamp NULL DEFAULT NULL,
  `end_date` timestamp NULL DEFAULT NULL,
  `length` double(8,2) DEFAULT NULL,
  `wide` double(8,2) DEFAULT NULL,
  `height` double(8,2) DEFAULT NULL,
  `weight` double(8,2) DEFAULT NULL,
  `tax_id` bigint unsigned DEFAULT NULL,
  `views` bigint NOT NULL DEFAULT '0',
  `created_at` timestamp NULL DEFAULT NULL,
  `updated_at` timestamp NULL DEFAULT NULL,
  `stock_status` varchar(191) COLLATE utf8mb4_unicode_ci DEFAULT 'in_stock',
  `created_by_id` bigint unsigned DEFAULT '0',
  `created_by_type` varchar(255) COLLATE utf8mb4_unicode_ci NOT NULL DEFAULT 'Botble\\ACL\\Models\\User',
  `image` varchar(255) COLLATE utf8mb4_unicode_ci DEFAULT NULL,
  `product_type` varchar(60) COLLATE utf8mb4_unicode_ci DEFAULT 'physical',
  `barcode` varchar(50) COLLATE utf8mb4_unicode_ci DEFAULT NULL,
  `cost_per_item` double DEFAULT NULL,
  `generate_license_code` tinyint(1) NOT NULL DEFAULT '0',
  PRIMARY KEY (`id`),
  KEY `ec_products_brand_id_status_is_variation_created_at_index` (`brand_id`,`status`,`is_variation`,`created_at`),
  KEY `sale_type_index` (`sale_type`),
  KEY `start_date_index` (`start_date`),
  KEY `end_date_index` (`end_date`),
  KEY `sale_price_index` (`sale_price`),
  KEY `is_variation_index` (`is_variation`),
  KEY `ec_products_sku_index` (`sku`)
) ENGINE=InnoDB AUTO_INCREMENT=89 DEFAULT CHARSET=utf8mb4 COLLATE=utf8mb4_unicode_ci;

--
-- Dumping data for table `ec_products`
--

INSERT INTO `ec_products` VALUES (1,'Smart Home Speaker (Digital)','<p>Short Hooded Coat features a straight body, large pockets with button flaps, ventilation air holes, and a string\n    detail along the hemline.</p>\n<p><img alt=\"icon\" src=\"/storage/general/clock.png\" style=\"height:15px;\">  1 Year AL Jazeera Brand Warranty\n</p>\n<p><img alt=\"icon\" src=\"/storage/general/paper-plane.png\" style=\"height:15px;\">   30 Day Return Policy</p>\n<p><img alt=\"icon\" src=\"/storage/general/credit-card.png\" style=\"height:15px;\">  Cash on Delivery available\n</p>\n','<p>Short Hooded Coat features a straight body, large pockets with button flaps, ventilation air holes, and a string\n    detail along the hemline. The style is completed with a drawstring hood, featuring Rains’ signature built-in\n    cap. Made from waterproof, matte PU, this lightweight unisex rain jacket is an ode to nostalgia through its classic\n    silhouette and utilitarian design details.</p>\n<p>- Casual unisex fit</p>\n\n<p>- 64% polyester, 36% polyurethane</p>\n\n<p>- Water column pressure: 4000 mm</p>\n\n<p>- Model is 187cm tall and wearing a size S / M</p>\n\n<p>- Unisex fit</p>\n\n<p>- Drawstring hood with built-in cap</p>\n\n<p>- Front placket with snap buttons</p>\n\n<p>- Ventilation under armpit</p>\n\n<p>- Adjustable cuffs</p>\n\n<p>- Double welted front pockets</p>\n\n<p>- Adjustable elastic string at hempen</p>\n\n<p>- Ultrasonically welded seams</p>\n\n<p>This is a unisex item, please check our clothing &amp; footwear sizing guide for specific Rains jacket sizing\n    information. RAINS comes from the rainy nation of Denmark at the edge of the European continent, close to the ocean\n    and with prevailing westerly winds; all factors that contribute to an average of 121 rain days each year. Arising\n    from these rainy weather conditions comes the attitude that a quick rain shower may be beautiful, as well as moody-\n    but first and foremost requires the right outfit. Rains focus on the whole experience of going outside on rainy\n    days, issuing an invitation to explore even in the most mercurial weather.</p>\n','published','[\"products\\/1.jpg\",\"products\\/1-1.jpg\",\"products\\/1-2.jpg\",\"products\\/1-3.jpg\"]','HS-181-A0',0,12,0,1,1,7,0,0,248,NULL,NULL,NULL,14.00,15.00,16.00,856.00,NULL,37845,'2024-01-08 00:28:39','2024-01-08 00:28:40','in_stock',0,'Botble\\ACL\\Models\\User',NULL,'digital',NULL,NULL,0),(2,'Headphone Ultra Bass','<p>Short Hooded Coat features a straight body, large pockets with button flaps, ventilation air holes, and a string\n    detail along the hemline.</p>\n<p><img alt=\"icon\" src=\"/storage/general/clock.png\" style=\"height:15px;\">  1 Year AL Jazeera Brand Warranty\n</p>\n<p><img alt=\"icon\" src=\"/storage/general/paper-plane.png\" style=\"height:15px;\">   30 Day Return Policy</p>\n<p><img alt=\"icon\" src=\"/storage/general/credit-card.png\" style=\"height:15px;\">  Cash on Delivery available\n</p>\n','<p>Short Hooded Coat features a straight body, large pockets with button flaps, ventilation air holes, and a string\n    detail along the hemline. The style is completed with a drawstring hood, featuring Rains’ signature built-in\n    cap. Made from waterproof, matte PU, this lightweight unisex rain jacket is an ode to nostalgia through its classic\n    silhouette and utilitarian design details.</p>\n<p>- Casual unisex fit</p>\n\n<p>- 64% polyester, 36% polyurethane</p>\n\n<p>- Water column pressure: 4000 mm</p>\n\n<p>- Model is 187cm tall and wearing a size S / M</p>\n\n<p>- Unisex fit</p>\n\n<p>- Drawstring hood with built-in cap</p>\n\n<p>- Front placket with snap buttons</p>\n\n<p>- Ventilation under armpit</p>\n\n<p>- Adjustable cuffs</p>\n\n<p>- Double welted front pockets</p>\n\n<p>- Adjustable elastic string at hempen</p>\n\n<p>- Ultrasonically welded seams</p>\n\n<p>This is a unisex item, please check our clothing &amp; footwear sizing guide for specific Rains jacket sizing\n    information. RAINS comes from the rainy nation of Denmark at the edge of the European continent, close to the ocean\n    and with prevailing westerly winds; all factors that contribute to an average of 121 rain days each year. Arising\n    from these rainy weather conditions comes the attitude that a quick rain shower may be beautiful, as well as moody-\n    but first and foremost requires the right outfit. Rains focus on the whole experience of going outside on rainy\n    days, issuing an invitation to explore even in the most mercurial weather.</p>\n','published','[\"products\\/2.jpg\",\"products\\/2-1.jpg\",\"products\\/2-2.jpg\",\"products\\/2-3.jpg\"]','HS-149-A0',0,10,0,1,1,4,0,0,391,NULL,NULL,NULL,17.00,15.00,14.00,611.00,NULL,174053,'2024-01-08 00:28:39','2024-01-08 00:28:40','in_stock',0,'Botble\\ACL\\Models\\User',NULL,'physical',NULL,NULL,0),(3,'Boxed - Bluetooth Headphone','<p>Short Hooded Coat features a straight body, large pockets with button flaps, ventilation air holes, and a string\n    detail along the hemline.</p>\n<p><img alt=\"icon\" src=\"/storage/general/clock.png\" style=\"height:15px;\">  1 Year AL Jazeera Brand Warranty\n</p>\n<p><img alt=\"icon\" src=\"/storage/general/paper-plane.png\" style=\"height:15px;\">   30 Day Return Policy</p>\n<p><img alt=\"icon\" src=\"/storage/general/credit-card.png\" style=\"height:15px;\">  Cash on Delivery available\n</p>\n','<p>Short Hooded Coat features a straight body, large pockets with button flaps, ventilation air holes, and a string\n    detail along the hemline. The style is completed with a drawstring hood, featuring Rains’ signature built-in\n    cap. Made from waterproof, matte PU, this lightweight unisex rain jacket is an ode to nostalgia through its classic\n    silhouette and utilitarian design details.</p>\n<p>- Casual unisex fit</p>\n\n<p>- 64% polyester, 36% polyurethane</p>\n\n<p>- Water column pressure: 4000 mm</p>\n\n<p>- Model is 187cm tall and wearing a size S / M</p>\n\n<p>- Unisex fit</p>\n\n<p>- Drawstring hood with built-in cap</p>\n\n<p>- Front placket with snap buttons</p>\n\n<p>- Ventilation under armpit</p>\n\n<p>- Adjustable cuffs</p>\n\n<p>- Double welted front pockets</p>\n\n<p>- Adjustable elastic string at hempen</p>\n\n<p>- Ultrasonically welded seams</p>\n\n<p>This is a unisex item, please check our clothing &amp; footwear sizing guide for specific Rains jacket sizing\n    information. RAINS comes from the rainy nation of Denmark at the edge of the European continent, close to the ocean\n    and with prevailing westerly winds; all factors that contribute to an average of 121 rain days each year. Arising\n    from these rainy weather conditions comes the attitude that a quick rain shower may be beautiful, as well as moody-\n    but first and foremost requires the right outfit. Rains focus on the whole experience of going outside on rainy\n    days, issuing an invitation to explore even in the most mercurial weather.</p>\n','published','[\"products\\/3.jpg\",\"products\\/3-1.jpg\",\"products\\/3-2.jpg\",\"products\\/3-3.jpg\"]','HS-114-A0',0,12,0,1,1,3,0,0,364,NULL,NULL,NULL,18.00,10.00,15.00,870.00,NULL,159104,'2024-01-08 00:28:39','2024-01-08 00:28:40','in_stock',0,'Botble\\ACL\\Models\\User',NULL,'physical',NULL,NULL,0),(4,'Chikie - Bluetooth Speaker','<p>Short Hooded Coat features a straight body, large pockets with button flaps, ventilation air holes, and a string\n    detail along the hemline.</p>\n<p><img alt=\"icon\" src=\"/storage/general/clock.png\" style=\"height:15px;\">  1 Year AL Jazeera Brand Warranty\n</p>\n<p><img alt=\"icon\" src=\"/storage/general/paper-plane.png\" style=\"height:15px;\">   30 Day Return Policy</p>\n<p><img alt=\"icon\" src=\"/storage/general/credit-card.png\" style=\"height:15px;\">  Cash on Delivery available\n</p>\n','<p>Short Hooded Coat features a straight body, large pockets with button flaps, ventilation air holes, and a string\n    detail along the hemline. The style is completed with a drawstring hood, featuring Rains’ signature built-in\n    cap. Made from waterproof, matte PU, this lightweight unisex rain jacket is an ode to nostalgia through its classic\n    silhouette and utilitarian design details.</p>\n<p>- Casual unisex fit</p>\n\n<p>- 64% polyester, 36% polyurethane</p>\n\n<p>- Water column pressure: 4000 mm</p>\n\n<p>- Model is 187cm tall and wearing a size S / M</p>\n\n<p>- Unisex fit</p>\n\n<p>- Drawstring hood with built-in cap</p>\n\n<p>- Front placket with snap buttons</p>\n\n<p>- Ventilation under armpit</p>\n\n<p>- Adjustable cuffs</p>\n\n<p>- Double welted front pockets</p>\n\n<p>- Adjustable elastic string at hempen</p>\n\n<p>- Ultrasonically welded seams</p>\n\n<p>This is a unisex item, please check our clothing &amp; footwear sizing guide for specific Rains jacket sizing\n    information. RAINS comes from the rainy nation of Denmark at the edge of the European continent, close to the ocean\n    and with prevailing westerly winds; all factors that contribute to an average of 121 rain days each year. Arising\n    from these rainy weather conditions comes the attitude that a quick rain shower may be beautiful, as well as moody-\n    but first and foremost requires the right outfit. Rains focus on the whole experience of going outside on rainy\n    days, issuing an invitation to explore even in the most mercurial weather.</p>\n','published','[\"products\\/4.jpg\",\"products\\/4-1.jpg\",\"products\\/4-2.jpg\",\"products\\/4-3.jpg\"]','HS-126-A0',0,12,0,1,1,1,0,0,72,54.72,NULL,NULL,10.00,11.00,11.00,772.00,NULL,80696,'2024-01-08 00:28:39','2024-01-08 00:28:40','in_stock',0,'Botble\\ACL\\Models\\User',NULL,'physical',NULL,NULL,0),(5,'Camera Hikvision HK-35VS8 (Digital)','<p>Short Hooded Coat features a straight body, large pockets with button flaps, ventilation air holes, and a string\n    detail along the hemline.</p>\n<p><img alt=\"icon\" src=\"/storage/general/clock.png\" style=\"height:15px;\">  1 Year AL Jazeera Brand Warranty\n</p>\n<p><img alt=\"icon\" src=\"/storage/general/paper-plane.png\" style=\"height:15px;\">   30 Day Return Policy</p>\n<p><img alt=\"icon\" src=\"/storage/general/credit-card.png\" style=\"height:15px;\">  Cash on Delivery available\n</p>\n','<p>Short Hooded Coat features a straight body, large pockets with button flaps, ventilation air holes, and a string\n    detail along the hemline. The style is completed with a drawstring hood, featuring Rains’ signature built-in\n    cap. Made from waterproof, matte PU, this lightweight unisex rain jacket is an ode to nostalgia through its classic\n    silhouette and utilitarian design details.</p>\n<p>- Casual unisex fit</p>\n\n<p>- 64% polyester, 36% polyurethane</p>\n\n<p>- Water column pressure: 4000 mm</p>\n\n<p>- Model is 187cm tall and wearing a size S / M</p>\n\n<p>- Unisex fit</p>\n\n<p>- Drawstring hood with built-in cap</p>\n\n<p>- Front placket with snap buttons</p>\n\n<p>- Ventilation under armpit</p>\n\n<p>- Adjustable cuffs</p>\n\n<p>- Double welted front pockets</p>\n\n<p>- Adjustable elastic string at hempen</p>\n\n<p>- Ultrasonically welded seams</p>\n\n<p>This is a unisex item, please check our clothing &amp; footwear sizing guide for specific Rains jacket sizing\n    information. RAINS comes from the rainy nation of Denmark at the edge of the European continent, close to the ocean\n    and with prevailing westerly winds; all factors that contribute to an average of 121 rain days each year. Arising\n    from these rainy weather conditions comes the attitude that a quick rain shower may be beautiful, as well as moody-\n    but first and foremost requires the right outfit. Rains focus on the whole experience of going outside on rainy\n    days, issuing an invitation to explore even in the most mercurial weather.</p>\n','published','[\"products\\/5.jpg\",\"products\\/5-1.jpg\",\"products\\/5-2.jpg\",\"products\\/5-3.jpg\"]','HS-109-A0',0,18,0,1,1,5,0,0,46,NULL,NULL,NULL,20.00,18.00,18.00,888.00,NULL,113753,'2024-01-08 00:28:39','2024-01-08 00:28:40','in_stock',0,'Botble\\ACL\\Models\\User',NULL,'digital',NULL,NULL,0),(6,'Camera Samsung SS-24','<p>Short Hooded Coat features a straight body, large pockets with button flaps, ventilation air holes, and a string\n    detail along the hemline.</p>\n<p><img alt=\"icon\" src=\"/storage/general/clock.png\" style=\"height:15px;\">  1 Year AL Jazeera Brand Warranty\n</p>\n<p><img alt=\"icon\" src=\"/storage/general/paper-plane.png\" style=\"height:15px;\">   30 Day Return Policy</p>\n<p><img alt=\"icon\" src=\"/storage/general/credit-card.png\" style=\"height:15px;\">  Cash on Delivery available\n</p>\n','<p>Short Hooded Coat features a straight body, large pockets with button flaps, ventilation air holes, and a string\n    detail along the hemline. The style is completed with a drawstring hood, featuring Rains’ signature built-in\n    cap. Made from waterproof, matte PU, this lightweight unisex rain jacket is an ode to nostalgia through its classic\n    silhouette and utilitarian design details.</p>\n<p>- Casual unisex fit</p>\n\n<p>- 64% polyester, 36% polyurethane</p>\n\n<p>- Water column pressure: 4000 mm</p>\n\n<p>- Model is 187cm tall and wearing a size S / M</p>\n\n<p>- Unisex fit</p>\n\n<p>- Drawstring hood with built-in cap</p>\n\n<p>- Front placket with snap buttons</p>\n\n<p>- Ventilation under armpit</p>\n\n<p>- Adjustable cuffs</p>\n\n<p>- Double welted front pockets</p>\n\n<p>- Adjustable elastic string at hempen</p>\n\n<p>- Ultrasonically welded seams</p>\n\n<p>This is a unisex item, please check our clothing &amp; footwear sizing guide for specific Rains jacket sizing\n    information. RAINS comes from the rainy nation of Denmark at the edge of the European continent, close to the ocean\n    and with prevailing westerly winds; all factors that contribute to an average of 121 rain days each year. Arising\n    from these rainy weather conditions comes the attitude that a quick rain shower may be beautiful, as well as moody-\n    but first and foremost requires the right outfit. Rains focus on the whole experience of going outside on rainy\n    days, issuing an invitation to explore even in the most mercurial weather.</p>\n','published','[\"products\\/6.jpg\",\"products\\/6-1.jpg\"]','HS-118-A0',0,20,0,1,1,6,0,0,51,NULL,NULL,NULL,10.00,17.00,14.00,738.00,NULL,76048,'2024-01-08 00:28:39','2024-01-08 00:28:40','in_stock',0,'Botble\\ACL\\Models\\User',NULL,'physical',NULL,NULL,0),(7,'Leather Watch Band','<p>Short Hooded Coat features a straight body, large pockets with button flaps, ventilation air holes, and a string\n    detail along the hemline.</p>\n<p><img alt=\"icon\" src=\"/storage/general/clock.png\" style=\"height:15px;\">  1 Year AL Jazeera Brand Warranty\n</p>\n<p><img alt=\"icon\" src=\"/storage/general/paper-plane.png\" style=\"height:15px;\">   30 Day Return Policy</p>\n<p><img alt=\"icon\" src=\"/storage/general/credit-card.png\" style=\"height:15px;\">  Cash on Delivery available\n</p>\n','<p>Short Hooded Coat features a straight body, large pockets with button flaps, ventilation air holes, and a string\n    detail along the hemline. The style is completed with a drawstring hood, featuring Rains’ signature built-in\n    cap. Made from waterproof, matte PU, this lightweight unisex rain jacket is an ode to nostalgia through its classic\n    silhouette and utilitarian design details.</p>\n<p>- Casual unisex fit</p>\n\n<p>- 64% polyester, 36% polyurethane</p>\n\n<p>- Water column pressure: 4000 mm</p>\n\n<p>- Model is 187cm tall and wearing a size S / M</p>\n\n<p>- Unisex fit</p>\n\n<p>- Drawstring hood with built-in cap</p>\n\n<p>- Front placket with snap buttons</p>\n\n<p>- Ventilation under armpit</p>\n\n<p>- Adjustable cuffs</p>\n\n<p>- Double welted front pockets</p>\n\n<p>- Adjustable elastic string at hempen</p>\n\n<p>- Ultrasonically welded seams</p>\n\n<p>This is a unisex item, please check our clothing &amp; footwear sizing guide for specific Rains jacket sizing\n    information. RAINS comes from the rainy nation of Denmark at the edge of the European continent, close to the ocean\n    and with prevailing westerly winds; all factors that contribute to an average of 121 rain days each year. Arising\n    from these rainy weather conditions comes the attitude that a quick rain shower may be beautiful, as well as moody-\n    but first and foremost requires the right outfit. Rains focus on the whole experience of going outside on rainy\n    days, issuing an invitation to explore even in the most mercurial weather.</p>\n','published','[\"products\\/7.jpg\",\"products\\/7-1.jpg\"]','HS-101-A0',0,17,0,1,1,7,0,0,117,NULL,NULL,NULL,12.00,10.00,14.00,632.00,NULL,98879,'2024-01-08 00:28:39','2024-01-08 00:28:40','in_stock',0,'Botble\\ACL\\Models\\User',NULL,'physical',NULL,NULL,0),(8,'Apple iPhone 13 Plus','<p>Short Hooded Coat features a straight body, large pockets with button flaps, ventilation air holes, and a string\n    detail along the hemline.</p>\n<p><img alt=\"icon\" src=\"/storage/general/clock.png\" style=\"height:15px;\">  1 Year AL Jazeera Brand Warranty\n</p>\n<p><img alt=\"icon\" src=\"/storage/general/paper-plane.png\" style=\"height:15px;\">   30 Day Return Policy</p>\n<p><img alt=\"icon\" src=\"/storage/general/credit-card.png\" style=\"height:15px;\">  Cash on Delivery available\n</p>\n','<p>Short Hooded Coat features a straight body, large pockets with button flaps, ventilation air holes, and a string\n    detail along the hemline. The style is completed with a drawstring hood, featuring Rains’ signature built-in\n    cap. Made from waterproof, matte PU, this lightweight unisex rain jacket is an ode to nostalgia through its classic\n    silhouette and utilitarian design details.</p>\n<p>- Casual unisex fit</p>\n\n<p>- 64% polyester, 36% polyurethane</p>\n\n<p>- Water column pressure: 4000 mm</p>\n\n<p>- Model is 187cm tall and wearing a size S / M</p>\n\n<p>- Unisex fit</p>\n\n<p>- Drawstring hood with built-in cap</p>\n\n<p>- Front placket with snap buttons</p>\n\n<p>- Ventilation under armpit</p>\n\n<p>- Adjustable cuffs</p>\n\n<p>- Double welted front pockets</p>\n\n<p>- Adjustable elastic string at hempen</p>\n\n<p>- Ultrasonically welded seams</p>\n\n<p>This is a unisex item, please check our clothing &amp; footwear sizing guide for specific Rains jacket sizing\n    information. RAINS comes from the rainy nation of Denmark at the edge of the European continent, close to the ocean\n    and with prevailing westerly winds; all factors that contribute to an average of 121 rain days each year. Arising\n    from these rainy weather conditions comes the attitude that a quick rain shower may be beautiful, as well as moody-\n    but first and foremost requires the right outfit. Rains focus on the whole experience of going outside on rainy\n    days, issuing an invitation to explore even in the most mercurial weather.</p>\n','published','[\"products\\/8.jpg\",\"products\\/8-1.jpg\"]','HS-154-A0',0,20,0,1,1,1,0,0,121,88.33,NULL,NULL,20.00,10.00,10.00,618.00,NULL,95290,'2024-01-08 00:28:39','2024-01-08 00:28:40','in_stock',0,'Botble\\ACL\\Models\\User',NULL,'physical',NULL,NULL,0),(9,'Macbook Pro 2015 (Digital)','<p>Short Hooded Coat features a straight body, large pockets with button flaps, ventilation air holes, and a string\n    detail along the hemline.</p>\n<p><img alt=\"icon\" src=\"/storage/general/clock.png\" style=\"height:15px;\">  1 Year AL Jazeera Brand Warranty\n</p>\n<p><img alt=\"icon\" src=\"/storage/general/paper-plane.png\" style=\"height:15px;\">   30 Day Return Policy</p>\n<p><img alt=\"icon\" src=\"/storage/general/credit-card.png\" style=\"height:15px;\">  Cash on Delivery available\n</p>\n','<p>Short Hooded Coat features a straight body, large pockets with button flaps, ventilation air holes, and a string\n    detail along the hemline. The style is completed with a drawstring hood, featuring Rains’ signature built-in\n    cap. Made from waterproof, matte PU, this lightweight unisex rain jacket is an ode to nostalgia through its classic\n    silhouette and utilitarian design details.</p>\n<p>- Casual unisex fit</p>\n\n<p>- 64% polyester, 36% polyurethane</p>\n\n<p>- Water column pressure: 4000 mm</p>\n\n<p>- Model is 187cm tall and wearing a size S / M</p>\n\n<p>- Unisex fit</p>\n\n<p>- Drawstring hood with built-in cap</p>\n\n<p>- Front placket with snap buttons</p>\n\n<p>- Ventilation under armpit</p>\n\n<p>- Adjustable cuffs</p>\n\n<p>- Double welted front pockets</p>\n\n<p>- Adjustable elastic string at hempen</p>\n\n<p>- Ultrasonically welded seams</p>\n\n<p>This is a unisex item, please check our clothing &amp; footwear sizing guide for specific Rains jacket sizing\n    information. RAINS comes from the rainy nation of Denmark at the edge of the European continent, close to the ocean\n    and with prevailing westerly winds; all factors that contribute to an average of 121 rain days each year. Arising\n    from these rainy weather conditions comes the attitude that a quick rain shower may be beautiful, as well as moody-\n    but first and foremost requires the right outfit. Rains focus on the whole experience of going outside on rainy\n    days, issuing an invitation to explore even in the most mercurial weather.</p>\n','published','[\"products\\/9.jpg\",\"products\\/9-1.jpg\"]','HS-193-A0',0,11,0,1,1,3,0,0,125,NULL,NULL,NULL,11.00,19.00,20.00,577.00,NULL,114006,'2024-01-08 00:28:39','2024-01-08 00:28:40','in_stock',0,'Botble\\ACL\\Models\\User',NULL,'digital',NULL,NULL,0),(10,'Macbook Air 12 inch','<p>Short Hooded Coat features a straight body, large pockets with button flaps, ventilation air holes, and a string\n    detail along the hemline.</p>\n<p><img alt=\"icon\" src=\"/storage/general/clock.png\" style=\"height:15px;\">  1 Year AL Jazeera Brand Warranty\n</p>\n<p><img alt=\"icon\" src=\"/storage/general/paper-plane.png\" style=\"height:15px;\">   30 Day Return Policy</p>\n<p><img alt=\"icon\" src=\"/storage/general/credit-card.png\" style=\"height:15px;\">  Cash on Delivery available\n</p>\n','<p>Short Hooded Coat features a straight body, large pockets with button flaps, ventilation air holes, and a string\n    detail along the hemline. The style is completed with a drawstring hood, featuring Rains’ signature built-in\n    cap. Made from waterproof, matte PU, this lightweight unisex rain jacket is an ode to nostalgia through its classic\n    silhouette and utilitarian design details.</p>\n<p>- Casual unisex fit</p>\n\n<p>- 64% polyester, 36% polyurethane</p>\n\n<p>- Water column pressure: 4000 mm</p>\n\n<p>- Model is 187cm tall and wearing a size S / M</p>\n\n<p>- Unisex fit</p>\n\n<p>- Drawstring hood with built-in cap</p>\n\n<p>- Front placket with snap buttons</p>\n\n<p>- Ventilation under armpit</p>\n\n<p>- Adjustable cuffs</p>\n\n<p>- Double welted front pockets</p>\n\n<p>- Adjustable elastic string at hempen</p>\n\n<p>- Ultrasonically welded seams</p>\n\n<p>This is a unisex item, please check our clothing &amp; footwear sizing guide for specific Rains jacket sizing\n    information. RAINS comes from the rainy nation of Denmark at the edge of the European continent, close to the ocean\n    and with prevailing westerly winds; all factors that contribute to an average of 121 rain days each year. Arising\n    from these rainy weather conditions comes the attitude that a quick rain shower may be beautiful, as well as moody-\n    but first and foremost requires the right outfit. Rains focus on the whole experience of going outside on rainy\n    days, issuing an invitation to explore even in the most mercurial weather.</p>\n','published','[\"products\\/10.jpg\",\"products\\/10-1.jpg\"]','HS-177-A0',0,19,0,1,1,3,0,0,340,NULL,NULL,NULL,18.00,17.00,12.00,784.00,NULL,137033,'2024-01-08 00:28:39','2024-01-08 00:28:40','in_stock',0,'Botble\\ACL\\Models\\User',NULL,'physical',NULL,NULL,0),(11,'Apple Watch Serial 7','<p>Short Hooded Coat features a straight body, large pockets with button flaps, ventilation air holes, and a string\n    detail along the hemline.</p>\n<p><img alt=\"icon\" src=\"/storage/general/clock.png\" style=\"height:15px;\">  1 Year AL Jazeera Brand Warranty\n</p>\n<p><img alt=\"icon\" src=\"/storage/general/paper-plane.png\" style=\"height:15px;\">   30 Day Return Policy</p>\n<p><img alt=\"icon\" src=\"/storage/general/credit-card.png\" style=\"height:15px;\">  Cash on Delivery available\n</p>\n','<p>Short Hooded Coat features a straight body, large pockets with button flaps, ventilation air holes, and a string\n    detail along the hemline. The style is completed with a drawstring hood, featuring Rains’ signature built-in\n    cap. Made from waterproof, matte PU, this lightweight unisex rain jacket is an ode to nostalgia through its classic\n    silhouette and utilitarian design details.</p>\n<p>- Casual unisex fit</p>\n\n<p>- 64% polyester, 36% polyurethane</p>\n\n<p>- Water column pressure: 4000 mm</p>\n\n<p>- Model is 187cm tall and wearing a size S / M</p>\n\n<p>- Unisex fit</p>\n\n<p>- Drawstring hood with built-in cap</p>\n\n<p>- Front placket with snap buttons</p>\n\n<p>- Ventilation under armpit</p>\n\n<p>- Adjustable cuffs</p>\n\n<p>- Double welted front pockets</p>\n\n<p>- Adjustable elastic string at hempen</p>\n\n<p>- Ultrasonically welded seams</p>\n\n<p>This is a unisex item, please check our clothing &amp; footwear sizing guide for specific Rains jacket sizing\n    information. RAINS comes from the rainy nation of Denmark at the edge of the European continent, close to the ocean\n    and with prevailing westerly winds; all factors that contribute to an average of 121 rain days each year. Arising\n    from these rainy weather conditions comes the attitude that a quick rain shower may be beautiful, as well as moody-\n    but first and foremost requires the right outfit. Rains focus on the whole experience of going outside on rainy\n    days, issuing an invitation to explore even in the most mercurial weather.</p>\n','published','[\"products\\/11.jpg\",\"products\\/11-1.jpg\"]','HS-141-A0',0,10,0,1,1,7,0,0,125,NULL,NULL,NULL,17.00,18.00,13.00,781.00,NULL,3118,'2024-01-08 00:28:39','2024-01-08 00:28:40','in_stock',0,'Botble\\ACL\\Models\\User',NULL,'physical',NULL,NULL,0),(12,'Macbook Pro 13 inch','<p>Short Hooded Coat features a straight body, large pockets with button flaps, ventilation air holes, and a string\n    detail along the hemline.</p>\n<p><img alt=\"icon\" src=\"/storage/general/clock.png\" style=\"height:15px;\">  1 Year AL Jazeera Brand Warranty\n</p>\n<p><img alt=\"icon\" src=\"/storage/general/paper-plane.png\" style=\"height:15px;\">   30 Day Return Policy</p>\n<p><img alt=\"icon\" src=\"/storage/general/credit-card.png\" style=\"height:15px;\">  Cash on Delivery available\n</p>\n','<p>Short Hooded Coat features a straight body, large pockets with button flaps, ventilation air holes, and a string\n    detail along the hemline. The style is completed with a drawstring hood, featuring Rains’ signature built-in\n    cap. Made from waterproof, matte PU, this lightweight unisex rain jacket is an ode to nostalgia through its classic\n    silhouette and utilitarian design details.</p>\n<p>- Casual unisex fit</p>\n\n<p>- 64% polyester, 36% polyurethane</p>\n\n<p>- Water column pressure: 4000 mm</p>\n\n<p>- Model is 187cm tall and wearing a size S / M</p>\n\n<p>- Unisex fit</p>\n\n<p>- Drawstring hood with built-in cap</p>\n\n<p>- Front placket with snap buttons</p>\n\n<p>- Ventilation under armpit</p>\n\n<p>- Adjustable cuffs</p>\n\n<p>- Double welted front pockets</p>\n\n<p>- Adjustable elastic string at hempen</p>\n\n<p>- Ultrasonically welded seams</p>\n\n<p>This is a unisex item, please check our clothing &amp; footwear sizing guide for specific Rains jacket sizing\n    information. RAINS comes from the rainy nation of Denmark at the edge of the European continent, close to the ocean\n    and with prevailing westerly winds; all factors that contribute to an average of 121 rain days each year. Arising\n    from these rainy weather conditions comes the attitude that a quick rain shower may be beautiful, as well as moody-\n    but first and foremost requires the right outfit. Rains focus on the whole experience of going outside on rainy\n    days, issuing an invitation to explore even in the most mercurial weather.</p>\n','published','[\"products\\/12.jpg\",\"products\\/12-1.jpg\"]','HS-150-A0',0,20,0,1,1,5,0,0,122,101.26,NULL,NULL,20.00,20.00,11.00,668.00,NULL,86737,'2024-01-08 00:28:39','2024-01-08 00:28:40','in_stock',0,'Botble\\ACL\\Models\\User',NULL,'physical',NULL,NULL,0),(13,'Apple Keyboard (Digital)','<p>Short Hooded Coat features a straight body, large pockets with button flaps, ventilation air holes, and a string\n    detail along the hemline.</p>\n<p><img alt=\"icon\" src=\"/storage/general/clock.png\" style=\"height:15px;\">  1 Year AL Jazeera Brand Warranty\n</p>\n<p><img alt=\"icon\" src=\"/storage/general/paper-plane.png\" style=\"height:15px;\">   30 Day Return Policy</p>\n<p><img alt=\"icon\" src=\"/storage/general/credit-card.png\" style=\"height:15px;\">  Cash on Delivery available\n</p>\n','<p>Short Hooded Coat features a straight body, large pockets with button flaps, ventilation air holes, and a string\n    detail along the hemline. The style is completed with a drawstring hood, featuring Rains’ signature built-in\n    cap. Made from waterproof, matte PU, this lightweight unisex rain jacket is an ode to nostalgia through its classic\n    silhouette and utilitarian design details.</p>\n<p>- Casual unisex fit</p>\n\n<p>- 64% polyester, 36% polyurethane</p>\n\n<p>- Water column pressure: 4000 mm</p>\n\n<p>- Model is 187cm tall and wearing a size S / M</p>\n\n<p>- Unisex fit</p>\n\n<p>- Drawstring hood with built-in cap</p>\n\n<p>- Front placket with snap buttons</p>\n\n<p>- Ventilation under armpit</p>\n\n<p>- Adjustable cuffs</p>\n\n<p>- Double welted front pockets</p>\n\n<p>- Adjustable elastic string at hempen</p>\n\n<p>- Ultrasonically welded seams</p>\n\n<p>This is a unisex item, please check our clothing &amp; footwear sizing guide for specific Rains jacket sizing\n    information. RAINS comes from the rainy nation of Denmark at the edge of the European continent, close to the ocean\n    and with prevailing westerly winds; all factors that contribute to an average of 121 rain days each year. Arising\n    from these rainy weather conditions comes the attitude that a quick rain shower may be beautiful, as well as moody-\n    but first and foremost requires the right outfit. Rains focus on the whole experience of going outside on rainy\n    days, issuing an invitation to explore even in the most mercurial weather.</p>\n','published','[\"products\\/13.jpg\",\"products\\/13-1.jpg\"]','HS-157-A0',0,16,0,1,1,4,0,0,118,NULL,NULL,NULL,14.00,18.00,19.00,747.00,NULL,70798,'2024-01-08 00:28:39','2024-01-08 00:28:40','in_stock',0,'Botble\\ACL\\Models\\User',NULL,'digital',NULL,NULL,0),(14,'MacSafe 80W','<p>Short Hooded Coat features a straight body, large pockets with button flaps, ventilation air holes, and a string\n    detail along the hemline.</p>\n<p><img alt=\"icon\" src=\"/storage/general/clock.png\" style=\"height:15px;\">  1 Year AL Jazeera Brand Warranty\n</p>\n<p><img alt=\"icon\" src=\"/storage/general/paper-plane.png\" style=\"height:15px;\">   30 Day Return Policy</p>\n<p><img alt=\"icon\" src=\"/storage/general/credit-card.png\" style=\"height:15px;\">  Cash on Delivery available\n</p>\n','<p>Short Hooded Coat features a straight body, large pockets with button flaps, ventilation air holes, and a string\n    detail along the hemline. The style is completed with a drawstring hood, featuring Rains’ signature built-in\n    cap. Made from waterproof, matte PU, this lightweight unisex rain jacket is an ode to nostalgia through its classic\n    silhouette and utilitarian design details.</p>\n<p>- Casual unisex fit</p>\n\n<p>- 64% polyester, 36% polyurethane</p>\n\n<p>- Water column pressure: 4000 mm</p>\n\n<p>- Model is 187cm tall and wearing a size S / M</p>\n\n<p>- Unisex fit</p>\n\n<p>- Drawstring hood with built-in cap</p>\n\n<p>- Front placket with snap buttons</p>\n\n<p>- Ventilation under armpit</p>\n\n<p>- Adjustable cuffs</p>\n\n<p>- Double welted front pockets</p>\n\n<p>- Adjustable elastic string at hempen</p>\n\n<p>- Ultrasonically welded seams</p>\n\n<p>This is a unisex item, please check our clothing &amp; footwear sizing guide for specific Rains jacket sizing\n    information. RAINS comes from the rainy nation of Denmark at the edge of the European continent, close to the ocean\n    and with prevailing westerly winds; all factors that contribute to an average of 121 rain days each year. Arising\n    from these rainy weather conditions comes the attitude that a quick rain shower may be beautiful, as well as moody-\n    but first and foremost requires the right outfit. Rains focus on the whole experience of going outside on rainy\n    days, issuing an invitation to explore even in the most mercurial weather.</p>\n','published','[\"products\\/14.jpg\",\"products\\/14-1.jpg\"]','HS-133-A0',0,14,0,1,1,7,0,0,121,NULL,NULL,NULL,11.00,11.00,19.00,519.00,NULL,131301,'2024-01-08 00:28:39','2024-01-08 00:28:40','in_stock',0,'Botble\\ACL\\Models\\User',NULL,'physical',NULL,NULL,0),(15,'Hand playstation','<p>Short Hooded Coat features a straight body, large pockets with button flaps, ventilation air holes, and a string\n    detail along the hemline.</p>\n<p><img alt=\"icon\" src=\"/storage/general/clock.png\" style=\"height:15px;\">  1 Year AL Jazeera Brand Warranty\n</p>\n<p><img alt=\"icon\" src=\"/storage/general/paper-plane.png\" style=\"height:15px;\">   30 Day Return Policy</p>\n<p><img alt=\"icon\" src=\"/storage/general/credit-card.png\" style=\"height:15px;\">  Cash on Delivery available\n</p>\n','<p>Short Hooded Coat features a straight body, large pockets with button flaps, ventilation air holes, and a string\n    detail along the hemline. The style is completed with a drawstring hood, featuring Rains’ signature built-in\n    cap. Made from waterproof, matte PU, this lightweight unisex rain jacket is an ode to nostalgia through its classic\n    silhouette and utilitarian design details.</p>\n<p>- Casual unisex fit</p>\n\n<p>- 64% polyester, 36% polyurethane</p>\n\n<p>- Water column pressure: 4000 mm</p>\n\n<p>- Model is 187cm tall and wearing a size S / M</p>\n\n<p>- Unisex fit</p>\n\n<p>- Drawstring hood with built-in cap</p>\n\n<p>- Front placket with snap buttons</p>\n\n<p>- Ventilation under armpit</p>\n\n<p>- Adjustable cuffs</p>\n\n<p>- Double welted front pockets</p>\n\n<p>- Adjustable elastic string at hempen</p>\n\n<p>- Ultrasonically welded seams</p>\n\n<p>This is a unisex item, please check our clothing &amp; footwear sizing guide for specific Rains jacket sizing\n    information. RAINS comes from the rainy nation of Denmark at the edge of the European continent, close to the ocean\n    and with prevailing westerly winds; all factors that contribute to an average of 121 rain days each year. Arising\n    from these rainy weather conditions comes the attitude that a quick rain shower may be beautiful, as well as moody-\n    but first and foremost requires the right outfit. Rains focus on the whole experience of going outside on rainy\n    days, issuing an invitation to explore even in the most mercurial weather.</p>\n','published','[\"products\\/15.jpg\",\"products\\/15-1.jpg\"]','HS-128-A0',0,11,0,1,1,1,0,0,110,NULL,NULL,NULL,17.00,14.00,13.00,787.00,NULL,35606,'2024-01-08 00:28:39','2024-01-08 00:28:40','in_stock',0,'Botble\\ACL\\Models\\User',NULL,'physical',NULL,NULL,0),(16,'Apple Airpods Serial 3','<p>Short Hooded Coat features a straight body, large pockets with button flaps, ventilation air holes, and a string\n    detail along the hemline.</p>\n<p><img alt=\"icon\" src=\"/storage/general/clock.png\" style=\"height:15px;\">  1 Year AL Jazeera Brand Warranty\n</p>\n<p><img alt=\"icon\" src=\"/storage/general/paper-plane.png\" style=\"height:15px;\">   30 Day Return Policy</p>\n<p><img alt=\"icon\" src=\"/storage/general/credit-card.png\" style=\"height:15px;\">  Cash on Delivery available\n</p>\n','<p>Short Hooded Coat features a straight body, large pockets with button flaps, ventilation air holes, and a string\n    detail along the hemline. The style is completed with a drawstring hood, featuring Rains’ signature built-in\n    cap. Made from waterproof, matte PU, this lightweight unisex rain jacket is an ode to nostalgia through its classic\n    silhouette and utilitarian design details.</p>\n<p>- Casual unisex fit</p>\n\n<p>- 64% polyester, 36% polyurethane</p>\n\n<p>- Water column pressure: 4000 mm</p>\n\n<p>- Model is 187cm tall and wearing a size S / M</p>\n\n<p>- Unisex fit</p>\n\n<p>- Drawstring hood with built-in cap</p>\n\n<p>- Front placket with snap buttons</p>\n\n<p>- Ventilation under armpit</p>\n\n<p>- Adjustable cuffs</p>\n\n<p>- Double welted front pockets</p>\n\n<p>- Adjustable elastic string at hempen</p>\n\n<p>- Ultrasonically welded seams</p>\n\n<p>This is a unisex item, please check our clothing &amp; footwear sizing guide for specific Rains jacket sizing\n    information. RAINS comes from the rainy nation of Denmark at the edge of the European continent, close to the ocean\n    and with prevailing westerly winds; all factors that contribute to an average of 121 rain days each year. Arising\n    from these rainy weather conditions comes the attitude that a quick rain shower may be beautiful, as well as moody-\n    but first and foremost requires the right outfit. Rains focus on the whole experience of going outside on rainy\n    days, issuing an invitation to explore even in the most mercurial weather.</p>\n','published','[\"products\\/16.jpg\"]','HS-162-A0',0,20,0,1,1,5,0,0,117,87.75,NULL,NULL,15.00,13.00,16.00,791.00,NULL,152533,'2024-01-08 00:28:39','2024-01-08 00:28:41','in_stock',0,'Botble\\ACL\\Models\\User',NULL,'physical',NULL,NULL,0),(17,'Cool Smart Watches (Digital)','<p>Short Hooded Coat features a straight body, large pockets with button flaps, ventilation air holes, and a string\n    detail along the hemline.</p>\n<p><img alt=\"icon\" src=\"/storage/general/clock.png\" style=\"height:15px;\">  1 Year AL Jazeera Brand Warranty\n</p>\n<p><img alt=\"icon\" src=\"/storage/general/paper-plane.png\" style=\"height:15px;\">   30 Day Return Policy</p>\n<p><img alt=\"icon\" src=\"/storage/general/credit-card.png\" style=\"height:15px;\">  Cash on Delivery available\n</p>\n','<p>Short Hooded Coat features a straight body, large pockets with button flaps, ventilation air holes, and a string\n    detail along the hemline. The style is completed with a drawstring hood, featuring Rains’ signature built-in\n    cap. Made from waterproof, matte PU, this lightweight unisex rain jacket is an ode to nostalgia through its classic\n    silhouette and utilitarian design details.</p>\n<p>- Casual unisex fit</p>\n\n<p>- 64% polyester, 36% polyurethane</p>\n\n<p>- Water column pressure: 4000 mm</p>\n\n<p>- Model is 187cm tall and wearing a size S / M</p>\n\n<p>- Unisex fit</p>\n\n<p>- Drawstring hood with built-in cap</p>\n\n<p>- Front placket with snap buttons</p>\n\n<p>- Ventilation under armpit</p>\n\n<p>- Adjustable cuffs</p>\n\n<p>- Double welted front pockets</p>\n\n<p>- Adjustable elastic string at hempen</p>\n\n<p>- Ultrasonically welded seams</p>\n\n<p>This is a unisex item, please check our clothing &amp; footwear sizing guide for specific Rains jacket sizing\n    information. RAINS comes from the rainy nation of Denmark at the edge of the European continent, close to the ocean\n    and with prevailing westerly winds; all factors that contribute to an average of 121 rain days each year. Arising\n    from these rainy weather conditions comes the attitude that a quick rain shower may be beautiful, as well as moody-\n    but first and foremost requires the right outfit. Rains focus on the whole experience of going outside on rainy\n    days, issuing an invitation to explore even in the most mercurial weather.</p>\n','published','[\"products\\/17.jpg\"]','HS-174-A0',0,16,0,1,1,1,0,0,114,NULL,NULL,NULL,13.00,19.00,15.00,812.00,NULL,97696,'2024-01-08 00:28:39','2024-01-08 00:28:41','in_stock',0,'Botble\\ACL\\Models\\User',NULL,'digital',NULL,NULL,0),(18,'Black Smart Watches','<p>Short Hooded Coat features a straight body, large pockets with button flaps, ventilation air holes, and a string\n    detail along the hemline.</p>\n<p><img alt=\"icon\" src=\"/storage/general/clock.png\" style=\"height:15px;\">  1 Year AL Jazeera Brand Warranty\n</p>\n<p><img alt=\"icon\" src=\"/storage/general/paper-plane.png\" style=\"height:15px;\">   30 Day Return Policy</p>\n<p><img alt=\"icon\" src=\"/storage/general/credit-card.png\" style=\"height:15px;\">  Cash on Delivery available\n</p>\n','<p>Short Hooded Coat features a straight body, large pockets with button flaps, ventilation air holes, and a string\n    detail along the hemline. The style is completed with a drawstring hood, featuring Rains’ signature built-in\n    cap. Made from waterproof, matte PU, this lightweight unisex rain jacket is an ode to nostalgia through its classic\n    silhouette and utilitarian design details.</p>\n<p>- Casual unisex fit</p>\n\n<p>- 64% polyester, 36% polyurethane</p>\n\n<p>- Water column pressure: 4000 mm</p>\n\n<p>- Model is 187cm tall and wearing a size S / M</p>\n\n<p>- Unisex fit</p>\n\n<p>- Drawstring hood with built-in cap</p>\n\n<p>- Front placket with snap buttons</p>\n\n<p>- Ventilation under armpit</p>\n\n<p>- Adjustable cuffs</p>\n\n<p>- Double welted front pockets</p>\n\n<p>- Adjustable elastic string at hempen</p>\n\n<p>- Ultrasonically welded seams</p>\n\n<p>This is a unisex item, please check our clothing &amp; footwear sizing guide for specific Rains jacket sizing\n    information. RAINS comes from the rainy nation of Denmark at the edge of the European continent, close to the ocean\n    and with prevailing westerly winds; all factors that contribute to an average of 121 rain days each year. Arising\n    from these rainy weather conditions comes the attitude that a quick rain shower may be beautiful, as well as moody-\n    but first and foremost requires the right outfit. Rains focus on the whole experience of going outside on rainy\n    days, issuing an invitation to explore even in the most mercurial weather.</p>\n','published','[\"products\\/18.jpg\",\"products\\/18-1.jpg\",\"products\\/18-2.jpg\"]','HS-165-A0',0,15,0,1,1,6,0,0,114,NULL,NULL,NULL,17.00,17.00,17.00,867.00,NULL,59584,'2024-01-08 00:28:39','2024-01-08 00:28:41','in_stock',0,'Botble\\ACL\\Models\\User',NULL,'physical',NULL,NULL,0),(19,'Leather Watch Band Serial 3','<p>Short Hooded Coat features a straight body, large pockets with button flaps, ventilation air holes, and a string\n    detail along the hemline.</p>\n<p><img alt=\"icon\" src=\"/storage/general/clock.png\" style=\"height:15px;\">  1 Year AL Jazeera Brand Warranty\n</p>\n<p><img alt=\"icon\" src=\"/storage/general/paper-plane.png\" style=\"height:15px;\">   30 Day Return Policy</p>\n<p><img alt=\"icon\" src=\"/storage/general/credit-card.png\" style=\"height:15px;\">  Cash on Delivery available\n</p>\n','<p>Short Hooded Coat features a straight body, large pockets with button flaps, ventilation air holes, and a string\n    detail along the hemline. The style is completed with a drawstring hood, featuring Rains’ signature built-in\n    cap. Made from waterproof, matte PU, this lightweight unisex rain jacket is an ode to nostalgia through its classic\n    silhouette and utilitarian design details.</p>\n<p>- Casual unisex fit</p>\n\n<p>- 64% polyester, 36% polyurethane</p>\n\n<p>- Water column pressure: 4000 mm</p>\n\n<p>- Model is 187cm tall and wearing a size S / M</p>\n\n<p>- Unisex fit</p>\n\n<p>- Drawstring hood with built-in cap</p>\n\n<p>- Front placket with snap buttons</p>\n\n<p>- Ventilation under armpit</p>\n\n<p>- Adjustable cuffs</p>\n\n<p>- Double welted front pockets</p>\n\n<p>- Adjustable elastic string at hempen</p>\n\n<p>- Ultrasonically welded seams</p>\n\n<p>This is a unisex item, please check our clothing &amp; footwear sizing guide for specific Rains jacket sizing\n    information. RAINS comes from the rainy nation of Denmark at the edge of the European continent, close to the ocean\n    and with prevailing westerly winds; all factors that contribute to an average of 121 rain days each year. Arising\n    from these rainy weather conditions comes the attitude that a quick rain shower may be beautiful, as well as moody-\n    but first and foremost requires the right outfit. Rains focus on the whole experience of going outside on rainy\n    days, issuing an invitation to explore even in the most mercurial weather.</p>\n','published','[\"products\\/19.jpg\",\"products\\/19-1.jpg\"]','HS-114-A0',0,15,0,1,1,5,0,0,112,NULL,NULL,NULL,15.00,13.00,17.00,654.00,NULL,148592,'2024-01-08 00:28:39','2024-01-08 00:28:41','in_stock',0,'Botble\\ACL\\Models\\User',NULL,'physical',NULL,NULL,0),(20,'Macbook Pro 2015 13 inch','<p>Short Hooded Coat features a straight body, large pockets with button flaps, ventilation air holes, and a string\n    detail along the hemline.</p>\n<p><img alt=\"icon\" src=\"/storage/general/clock.png\" style=\"height:15px;\">  1 Year AL Jazeera Brand Warranty\n</p>\n<p><img alt=\"icon\" src=\"/storage/general/paper-plane.png\" style=\"height:15px;\">   30 Day Return Policy</p>\n<p><img alt=\"icon\" src=\"/storage/general/credit-card.png\" style=\"height:15px;\">  Cash on Delivery available\n</p>\n','<p>Short Hooded Coat features a straight body, large pockets with button flaps, ventilation air holes, and a string\n    detail along the hemline. The style is completed with a drawstring hood, featuring Rains’ signature built-in\n    cap. Made from waterproof, matte PU, this lightweight unisex rain jacket is an ode to nostalgia through its classic\n    silhouette and utilitarian design details.</p>\n<p>- Casual unisex fit</p>\n\n<p>- 64% polyester, 36% polyurethane</p>\n\n<p>- Water column pressure: 4000 mm</p>\n\n<p>- Model is 187cm tall and wearing a size S / M</p>\n\n<p>- Unisex fit</p>\n\n<p>- Drawstring hood with built-in cap</p>\n\n<p>- Front placket with snap buttons</p>\n\n<p>- Ventilation under armpit</p>\n\n<p>- Adjustable cuffs</p>\n\n<p>- Double welted front pockets</p>\n\n<p>- Adjustable elastic string at hempen</p>\n\n<p>- Ultrasonically welded seams</p>\n\n<p>This is a unisex item, please check our clothing &amp; footwear sizing guide for specific Rains jacket sizing\n    information. RAINS comes from the rainy nation of Denmark at the edge of the European continent, close to the ocean\n    and with prevailing westerly winds; all factors that contribute to an average of 121 rain days each year. Arising\n    from these rainy weather conditions comes the attitude that a quick rain shower may be beautiful, as well as moody-\n    but first and foremost requires the right outfit. Rains focus on the whole experience of going outside on rainy\n    days, issuing an invitation to explore even in the most mercurial weather.</p>\n','published','[\"products\\/20.jpg\",\"products\\/20-1.jpg\"]','HS-151-A0',0,15,0,1,1,3,0,0,129,99.33,NULL,NULL,12.00,15.00,15.00,810.00,NULL,164610,'2024-01-08 00:28:39','2024-01-08 00:28:41','in_stock',0,'Botble\\ACL\\Models\\User',NULL,'physical',NULL,NULL,0),(21,'Historic Alarm Clock (Digital)','<p>Short Hooded Coat features a straight body, large pockets with button flaps, ventilation air holes, and a string\n    detail along the hemline.</p>\n<p><img alt=\"icon\" src=\"/storage/general/clock.png\" style=\"height:15px;\">  1 Year AL Jazeera Brand Warranty\n</p>\n<p><img alt=\"icon\" src=\"/storage/general/paper-plane.png\" style=\"height:15px;\">   30 Day Return Policy</p>\n<p><img alt=\"icon\" src=\"/storage/general/credit-card.png\" style=\"height:15px;\">  Cash on Delivery available\n</p>\n','<p>Short Hooded Coat features a straight body, large pockets with button flaps, ventilation air holes, and a string\n    detail along the hemline. The style is completed with a drawstring hood, featuring Rains’ signature built-in\n    cap. Made from waterproof, matte PU, this lightweight unisex rain jacket is an ode to nostalgia through its classic\n    silhouette and utilitarian design details.</p>\n<p>- Casual unisex fit</p>\n\n<p>- 64% polyester, 36% polyurethane</p>\n\n<p>- Water column pressure: 4000 mm</p>\n\n<p>- Model is 187cm tall and wearing a size S / M</p>\n\n<p>- Unisex fit</p>\n\n<p>- Drawstring hood with built-in cap</p>\n\n<p>- Front placket with snap buttons</p>\n\n<p>- Ventilation under armpit</p>\n\n<p>- Adjustable cuffs</p>\n\n<p>- Double welted front pockets</p>\n\n<p>- Adjustable elastic string at hempen</p>\n\n<p>- Ultrasonically welded seams</p>\n\n<p>This is a unisex item, please check our clothing &amp; footwear sizing guide for specific Rains jacket sizing\n    information. RAINS comes from the rainy nation of Denmark at the edge of the European continent, close to the ocean\n    and with prevailing westerly winds; all factors that contribute to an average of 121 rain days each year. Arising\n    from these rainy weather conditions comes the attitude that a quick rain shower may be beautiful, as well as moody-\n    but first and foremost requires the right outfit. Rains focus on the whole experience of going outside on rainy\n    days, issuing an invitation to explore even in the most mercurial weather.</p>\n','published','[\"products\\/21.jpg\",\"products\\/21-1.jpg\"]','HS-119-A0',0,14,0,1,1,6,0,0,128,NULL,NULL,NULL,11.00,13.00,16.00,585.00,NULL,154789,'2024-01-08 00:28:39','2024-01-08 00:28:41','in_stock',0,'Botble\\ACL\\Models\\User',NULL,'digital',NULL,NULL,0),(22,'Black Glasses','<p>Short Hooded Coat features a straight body, large pockets with button flaps, ventilation air holes, and a string\n    detail along the hemline.</p>\n<p><img alt=\"icon\" src=\"/storage/general/clock.png\" style=\"height:15px;\">  1 Year AL Jazeera Brand Warranty\n</p>\n<p><img alt=\"icon\" src=\"/storage/general/paper-plane.png\" style=\"height:15px;\">   30 Day Return Policy</p>\n<p><img alt=\"icon\" src=\"/storage/general/credit-card.png\" style=\"height:15px;\">  Cash on Delivery available\n</p>\n','<p>Short Hooded Coat features a straight body, large pockets with button flaps, ventilation air holes, and a string\n    detail along the hemline. The style is completed with a drawstring hood, featuring Rains’ signature built-in\n    cap. Made from waterproof, matte PU, this lightweight unisex rain jacket is an ode to nostalgia through its classic\n    silhouette and utilitarian design details.</p>\n<p>- Casual unisex fit</p>\n\n<p>- 64% polyester, 36% polyurethane</p>\n\n<p>- Water column pressure: 4000 mm</p>\n\n<p>- Model is 187cm tall and wearing a size S / M</p>\n\n<p>- Unisex fit</p>\n\n<p>- Drawstring hood with built-in cap</p>\n\n<p>- Front placket with snap buttons</p>\n\n<p>- Ventilation under armpit</p>\n\n<p>- Adjustable cuffs</p>\n\n<p>- Double welted front pockets</p>\n\n<p>- Adjustable elastic string at hempen</p>\n\n<p>- Ultrasonically welded seams</p>\n\n<p>This is a unisex item, please check our clothing &amp; footwear sizing guide for specific Rains jacket sizing\n    information. RAINS comes from the rainy nation of Denmark at the edge of the European continent, close to the ocean\n    and with prevailing westerly winds; all factors that contribute to an average of 121 rain days each year. Arising\n    from these rainy weather conditions comes the attitude that a quick rain shower may be beautiful, as well as moody-\n    but first and foremost requires the right outfit. Rains focus on the whole experience of going outside on rainy\n    days, issuing an invitation to explore even in the most mercurial weather.</p>\n','published','[\"products\\/22.jpg\",\"products\\/22-1.jpg\"]','HS-149-A0',0,19,0,1,1,1,0,0,116,NULL,NULL,NULL,13.00,17.00,14.00,505.00,NULL,65371,'2024-01-08 00:28:39','2024-01-08 00:28:41','in_stock',0,'Botble\\ACL\\Models\\User',NULL,'physical',NULL,NULL,0),(23,'Phillips Mouse','<p>Short Hooded Coat features a straight body, large pockets with button flaps, ventilation air holes, and a string\n    detail along the hemline.</p>\n<p><img alt=\"icon\" src=\"/storage/general/clock.png\" style=\"height:15px;\">  1 Year AL Jazeera Brand Warranty\n</p>\n<p><img alt=\"icon\" src=\"/storage/general/paper-plane.png\" style=\"height:15px;\">   30 Day Return Policy</p>\n<p><img alt=\"icon\" src=\"/storage/general/credit-card.png\" style=\"height:15px;\">  Cash on Delivery available\n</p>\n','<p>Short Hooded Coat features a straight body, large pockets with button flaps, ventilation air holes, and a string\n    detail along the hemline. The style is completed with a drawstring hood, featuring Rains’ signature built-in\n    cap. Made from waterproof, matte PU, this lightweight unisex rain jacket is an ode to nostalgia through its classic\n    silhouette and utilitarian design details.</p>\n<p>- Casual unisex fit</p>\n\n<p>- 64% polyester, 36% polyurethane</p>\n\n<p>- Water column pressure: 4000 mm</p>\n\n<p>- Model is 187cm tall and wearing a size S / M</p>\n\n<p>- Unisex fit</p>\n\n<p>- Drawstring hood with built-in cap</p>\n\n<p>- Front placket with snap buttons</p>\n\n<p>- Ventilation under armpit</p>\n\n<p>- Adjustable cuffs</p>\n\n<p>- Double welted front pockets</p>\n\n<p>- Adjustable elastic string at hempen</p>\n\n<p>- Ultrasonically welded seams</p>\n\n<p>This is a unisex item, please check our clothing &amp; footwear sizing guide for specific Rains jacket sizing\n    information. RAINS comes from the rainy nation of Denmark at the edge of the European continent, close to the ocean\n    and with prevailing westerly winds; all factors that contribute to an average of 121 rain days each year. Arising\n    from these rainy weather conditions comes the attitude that a quick rain shower may be beautiful, as well as moody-\n    but first and foremost requires the right outfit. Rains focus on the whole experience of going outside on rainy\n    days, issuing an invitation to explore even in the most mercurial weather.</p>\n','published','[\"products\\/23.jpg\",\"products\\/23-1.jpg\"]','HS-156-A0',0,11,0,1,1,3,0,0,127,NULL,NULL,NULL,14.00,14.00,15.00,799.00,NULL,173438,'2024-01-08 00:28:39','2024-01-08 00:28:41','in_stock',0,'Botble\\ACL\\Models\\User',NULL,'physical',NULL,NULL,0),(24,'Gaming Keyboard','<p>Short Hooded Coat features a straight body, large pockets with button flaps, ventilation air holes, and a string\n    detail along the hemline.</p>\n<p><img alt=\"icon\" src=\"/storage/general/clock.png\" style=\"height:15px;\">  1 Year AL Jazeera Brand Warranty\n</p>\n<p><img alt=\"icon\" src=\"/storage/general/paper-plane.png\" style=\"height:15px;\">   30 Day Return Policy</p>\n<p><img alt=\"icon\" src=\"/storage/general/credit-card.png\" style=\"height:15px;\">  Cash on Delivery available\n</p>\n','<p>Short Hooded Coat features a straight body, large pockets with button flaps, ventilation air holes, and a string\n    detail along the hemline. The style is completed with a drawstring hood, featuring Rains’ signature built-in\n    cap. Made from waterproof, matte PU, this lightweight unisex rain jacket is an ode to nostalgia through its classic\n    silhouette and utilitarian design details.</p>\n<p>- Casual unisex fit</p>\n\n<p>- 64% polyester, 36% polyurethane</p>\n\n<p>- Water column pressure: 4000 mm</p>\n\n<p>- Model is 187cm tall and wearing a size S / M</p>\n\n<p>- Unisex fit</p>\n\n<p>- Drawstring hood with built-in cap</p>\n\n<p>- Front placket with snap buttons</p>\n\n<p>- Ventilation under armpit</p>\n\n<p>- Adjustable cuffs</p>\n\n<p>- Double welted front pockets</p>\n\n<p>- Adjustable elastic string at hempen</p>\n\n<p>- Ultrasonically welded seams</p>\n\n<p>This is a unisex item, please check our clothing &amp; footwear sizing guide for specific Rains jacket sizing\n    information. RAINS comes from the rainy nation of Denmark at the edge of the European continent, close to the ocean\n    and with prevailing westerly winds; all factors that contribute to an average of 121 rain days each year. Arising\n    from these rainy weather conditions comes the attitude that a quick rain shower may be beautiful, as well as moody-\n    but first and foremost requires the right outfit. Rains focus on the whole experience of going outside on rainy\n    days, issuing an invitation to explore even in the most mercurial weather.</p>\n','published','[\"products\\/24.jpg\",\"products\\/24-1.jpg\"]','HS-183-A0',0,12,0,1,1,5,0,0,122,107.36,NULL,NULL,13.00,12.00,10.00,628.00,NULL,150552,'2024-01-08 00:28:39','2024-01-08 00:28:41','in_stock',0,'Botble\\ACL\\Models\\User',NULL,'physical',NULL,NULL,0),(25,'Smart Home Speaker (Digital)',NULL,NULL,'published','[\"products\\/1.jpg\"]','HS-181-A0',0,12,0,1,0,7,1,0,248,NULL,NULL,NULL,14.00,15.00,16.00,856.00,NULL,0,'2024-01-08 00:28:40','2024-01-08 00:28:40','in_stock',0,'Botble\\ACL\\Models\\User',NULL,'digital',NULL,NULL,0),(26,'Smart Home Speaker (Digital)',NULL,NULL,'published','[\"products\\/1-1.jpg\"]','HS-181-A0-A1',0,12,0,1,0,7,1,0,248,NULL,NULL,NULL,14.00,15.00,16.00,856.00,NULL,0,'2024-01-08 00:28:40','2024-01-08 00:28:40','in_stock',0,'Botble\\ACL\\Models\\User',NULL,'digital',NULL,NULL,0),(27,'Smart Home Speaker (Digital)',NULL,NULL,'published','[\"products\\/1-2.jpg\"]','HS-181-A0-A2',0,12,0,1,0,7,1,0,248,NULL,NULL,NULL,14.00,15.00,16.00,856.00,NULL,0,'2024-01-08 00:28:40','2024-01-08 00:28:40','in_stock',0,'Botble\\ACL\\Models\\User',NULL,'digital',NULL,NULL,0),(28,'Smart Home Speaker (Digital)',NULL,NULL,'published','[\"products\\/1-3.jpg\"]','HS-181-A0-A3',0,12,0,1,0,7,1,0,248,NULL,NULL,NULL,14.00,15.00,16.00,856.00,NULL,0,'2024-01-08 00:28:40','2024-01-08 00:28:40','in_stock',0,'Botble\\ACL\\Models\\User',NULL,'digital',NULL,NULL,0),(29,'Headphone Ultra Bass',NULL,NULL,'published','[\"products\\/2.jpg\"]','HS-149-A0',0,10,0,1,0,4,1,0,391,NULL,NULL,NULL,17.00,15.00,14.00,611.00,NULL,0,'2024-01-08 00:28:40','2024-01-08 00:28:40','in_stock',0,'Botble\\ACL\\Models\\User',NULL,'physical',NULL,NULL,0),(30,'Headphone Ultra Bass',NULL,NULL,'published','[\"products\\/2-1.jpg\"]','HS-149-A0-A1',0,10,0,1,0,4,1,0,391,NULL,NULL,NULL,17.00,15.00,14.00,611.00,NULL,0,'2024-01-08 00:28:40','2024-01-08 00:28:40','in_stock',0,'Botble\\ACL\\Models\\User',NULL,'physical',NULL,NULL,0),(31,'Headphone Ultra Bass',NULL,NULL,'published','[\"products\\/2-2.jpg\"]','HS-149-A0-A2',0,10,0,1,0,4,1,0,391,NULL,NULL,NULL,17.00,15.00,14.00,611.00,NULL,0,'2024-01-08 00:28:40','2024-01-08 00:28:40','in_stock',0,'Botble\\ACL\\Models\\User',NULL,'physical',NULL,NULL,0),(32,'Boxed - Bluetooth Headphone',NULL,NULL,'published','[\"products\\/3.jpg\"]','HS-114-A0',0,12,0,1,0,3,1,0,364,NULL,NULL,NULL,18.00,10.00,15.00,870.00,NULL,0,'2024-01-08 00:28:40','2024-01-08 00:28:40','in_stock',0,'Botble\\ACL\\Models\\User',NULL,'physical',NULL,NULL,0),(33,'Boxed - Bluetooth Headphone',NULL,NULL,'published','[\"products\\/3-1.jpg\"]','HS-114-A0-A1',0,12,0,1,0,3,1,0,364,NULL,NULL,NULL,18.00,10.00,15.00,870.00,NULL,0,'2024-01-08 00:28:40','2024-01-08 00:28:40','in_stock',0,'Botble\\ACL\\Models\\User',NULL,'physical',NULL,NULL,0),(34,'Boxed - Bluetooth Headphone',NULL,NULL,'published','[\"products\\/3-2.jpg\"]','HS-114-A0-A2',0,12,0,1,0,3,1,0,364,NULL,NULL,NULL,18.00,10.00,15.00,870.00,NULL,0,'2024-01-08 00:28:40','2024-01-08 00:28:40','in_stock',0,'Botble\\ACL\\Models\\User',NULL,'physical',NULL,NULL,0),(35,'Chikie - Bluetooth Speaker',NULL,NULL,'published','[\"products\\/4.jpg\"]','HS-126-A0',0,12,0,1,0,1,1,0,72,54.72,NULL,NULL,10.00,11.00,11.00,772.00,NULL,0,'2024-01-08 00:28:40','2024-01-08 00:28:40','in_stock',0,'Botble\\ACL\\Models\\User',NULL,'physical',NULL,NULL,0),(36,'Chikie - Bluetooth Speaker',NULL,NULL,'published','[\"products\\/4-1.jpg\"]','HS-126-A0-A1',0,12,0,1,0,1,1,0,72,61.92,NULL,NULL,10.00,11.00,11.00,772.00,NULL,0,'2024-01-08 00:28:40','2024-01-08 00:28:40','in_stock',0,'Botble\\ACL\\Models\\User',NULL,'physical',NULL,NULL,0),(37,'Chikie - Bluetooth Speaker',NULL,NULL,'published','[\"products\\/4-2.jpg\"]','HS-126-A0-A2',0,12,0,1,0,1,1,0,72,59.76,NULL,NULL,10.00,11.00,11.00,772.00,NULL,0,'2024-01-08 00:28:40','2024-01-08 00:28:40','in_stock',0,'Botble\\ACL\\Models\\User',NULL,'physical',NULL,NULL,0),(38,'Camera Hikvision HK-35VS8 (Digital)',NULL,NULL,'published','[\"products\\/5.jpg\"]','HS-109-A0',0,18,0,1,0,5,1,0,46,NULL,NULL,NULL,20.00,18.00,18.00,888.00,NULL,0,'2024-01-08 00:28:40','2024-01-08 00:28:40','in_stock',0,'Botble\\ACL\\Models\\User',NULL,'digital',NULL,NULL,0),(39,'Camera Samsung SS-24',NULL,NULL,'published','[\"products\\/6.jpg\"]','HS-118-A0',0,20,0,1,0,6,1,0,51,NULL,NULL,NULL,10.00,17.00,14.00,738.00,NULL,0,'2024-01-08 00:28:40','2024-01-08 00:28:40','in_stock',0,'Botble\\ACL\\Models\\User',NULL,'physical',NULL,NULL,0),(40,'Leather Watch Band',NULL,NULL,'published','[\"products\\/7.jpg\"]','HS-101-A0',0,17,0,1,0,7,1,0,117,NULL,NULL,NULL,12.00,10.00,14.00,632.00,NULL,0,'2024-01-08 00:28:40','2024-01-08 00:28:40','in_stock',0,'Botble\\ACL\\Models\\User',NULL,'physical',NULL,NULL,0),(41,'Leather Watch Band',NULL,NULL,'published','[\"products\\/7-1.jpg\"]','HS-101-A0-A1',0,17,0,1,0,7,1,0,117,NULL,NULL,NULL,12.00,10.00,14.00,632.00,NULL,0,'2024-01-08 00:28:40','2024-01-08 00:28:40','in_stock',0,'Botble\\ACL\\Models\\User',NULL,'physical',NULL,NULL,0),(42,'Leather Watch Band',NULL,NULL,'published','[\"products\\/7.jpg\"]','HS-101-A0-A2',0,17,0,1,0,7,1,0,117,NULL,NULL,NULL,12.00,10.00,14.00,632.00,NULL,0,'2024-01-08 00:28:40','2024-01-08 00:28:40','in_stock',0,'Botble\\ACL\\Models\\User',NULL,'physical',NULL,NULL,0),(43,'Apple iPhone 13 Plus',NULL,NULL,'published','[\"products\\/8.jpg\"]','HS-154-A0',0,20,0,1,0,1,1,0,121,88.33,NULL,NULL,20.00,10.00,10.00,618.00,NULL,0,'2024-01-08 00:28:40','2024-01-08 00:28:40','in_stock',0,'Botble\\ACL\\Models\\User',NULL,'physical',NULL,NULL,0),(44,'Apple iPhone 13 Plus',NULL,NULL,'published','[\"products\\/8-1.jpg\"]','HS-154-A0-A1',0,20,0,1,0,1,1,0,121,88.33,NULL,NULL,20.00,10.00,10.00,618.00,NULL,0,'2024-01-08 00:28:40','2024-01-08 00:28:40','in_stock',0,'Botble\\ACL\\Models\\User',NULL,'physical',NULL,NULL,0),(45,'Macbook Pro 2015 (Digital)',NULL,NULL,'published','[\"products\\/9.jpg\"]','HS-193-A0',0,11,0,1,0,3,1,0,125,NULL,NULL,NULL,11.00,19.00,20.00,577.00,NULL,0,'2024-01-08 00:28:40','2024-01-08 00:28:40','in_stock',0,'Botble\\ACL\\Models\\User',NULL,'digital',NULL,NULL,0),(46,'Macbook Pro 2015 (Digital)',NULL,NULL,'published','[\"products\\/9-1.jpg\"]','HS-193-A0-A1',0,11,0,1,0,3,1,0,125,NULL,NULL,NULL,11.00,19.00,20.00,577.00,NULL,0,'2024-01-08 00:28:40','2024-01-08 00:28:40','in_stock',0,'Botble\\ACL\\Models\\User',NULL,'digital',NULL,NULL,0),(47,'Macbook Pro 2015 (Digital)',NULL,NULL,'published','[\"products\\/9.jpg\"]','HS-193-A0-A2',0,11,0,1,0,3,1,0,125,NULL,NULL,NULL,11.00,19.00,20.00,577.00,NULL,0,'2024-01-08 00:28:40','2024-01-08 00:28:40','in_stock',0,'Botble\\ACL\\Models\\User',NULL,'digital',NULL,NULL,0),(48,'Macbook Pro 2015 (Digital)',NULL,NULL,'published','[\"products\\/9.jpg\"]','HS-193-A0-A3',0,11,0,1,0,3,1,0,125,NULL,NULL,NULL,11.00,19.00,20.00,577.00,NULL,0,'2024-01-08 00:28:40','2024-01-08 00:28:40','in_stock',0,'Botble\\ACL\\Models\\User',NULL,'digital',NULL,NULL,0),(49,'Macbook Air 12 inch',NULL,NULL,'published','[\"products\\/10.jpg\"]','HS-177-A0',0,19,0,1,0,3,1,0,340,NULL,NULL,NULL,18.00,17.00,12.00,784.00,NULL,0,'2024-01-08 00:28:40','2024-01-08 00:28:40','in_stock',0,'Botble\\ACL\\Models\\User',NULL,'physical',NULL,NULL,0),(50,'Macbook Air 12 inch',NULL,NULL,'published','[\"products\\/10-1.jpg\"]','HS-177-A0-A1',0,19,0,1,0,3,1,0,340,NULL,NULL,NULL,18.00,17.00,12.00,784.00,NULL,0,'2024-01-08 00:28:40','2024-01-08 00:28:40','in_stock',0,'Botble\\ACL\\Models\\User',NULL,'physical',NULL,NULL,0),(51,'Macbook Air 12 inch',NULL,NULL,'published','[\"products\\/10.jpg\"]','HS-177-A0-A2',0,19,0,1,0,3,1,0,340,NULL,NULL,NULL,18.00,17.00,12.00,784.00,NULL,0,'2024-01-08 00:28:40','2024-01-08 00:28:40','in_stock',0,'Botble\\ACL\\Models\\User',NULL,'physical',NULL,NULL,0),(52,'Apple Watch Serial 7',NULL,NULL,'published','[\"products\\/11.jpg\"]','HS-141-A0',0,10,0,1,0,7,1,0,125,NULL,NULL,NULL,17.00,18.00,13.00,781.00,NULL,0,'2024-01-08 00:28:40','2024-01-08 00:28:40','in_stock',0,'Botble\\ACL\\Models\\User',NULL,'physical',NULL,NULL,0),(53,'Apple Watch Serial 7',NULL,NULL,'published','[\"products\\/11-1.jpg\"]','HS-141-A0-A1',0,10,0,1,0,7,1,0,125,NULL,NULL,NULL,17.00,18.00,13.00,781.00,NULL,0,'2024-01-08 00:28:40','2024-01-08 00:28:40','in_stock',0,'Botble\\ACL\\Models\\User',NULL,'physical',NULL,NULL,0),(54,'Apple Watch Serial 7',NULL,NULL,'published','[\"products\\/11.jpg\"]','HS-141-A0-A2',0,10,0,1,0,7,1,0,125,NULL,NULL,NULL,17.00,18.00,13.00,781.00,NULL,0,'2024-01-08 00:28:40','2024-01-08 00:28:40','in_stock',0,'Botble\\ACL\\Models\\User',NULL,'physical',NULL,NULL,0),(55,'Macbook Pro 13 inch',NULL,NULL,'published','[\"products\\/12.jpg\"]','HS-150-A0',0,20,0,1,0,5,1,0,122,101.26,NULL,NULL,20.00,20.00,11.00,668.00,NULL,0,'2024-01-08 00:28:40','2024-01-08 00:28:40','in_stock',0,'Botble\\ACL\\Models\\User',NULL,'physical',NULL,NULL,0),(56,'Apple Keyboard (Digital)',NULL,NULL,'published','[\"products\\/13.jpg\"]','HS-157-A0',0,16,0,1,0,4,1,0,118,NULL,NULL,NULL,14.00,18.00,19.00,747.00,NULL,0,'2024-01-08 00:28:40','2024-01-08 00:28:40','in_stock',0,'Botble\\ACL\\Models\\User',NULL,'digital',NULL,NULL,0),(57,'Apple Keyboard (Digital)',NULL,NULL,'published','[\"products\\/13-1.jpg\"]','HS-157-A0-A1',0,16,0,1,0,4,1,0,118,NULL,NULL,NULL,14.00,18.00,19.00,747.00,NULL,0,'2024-01-08 00:28:40','2024-01-08 00:28:40','in_stock',0,'Botble\\ACL\\Models\\User',NULL,'digital',NULL,NULL,0),(58,'MacSafe 80W',NULL,NULL,'published','[\"products\\/14.jpg\"]','HS-133-A0',0,14,0,1,0,7,1,0,121,NULL,NULL,NULL,11.00,11.00,19.00,519.00,NULL,0,'2024-01-08 00:28:40','2024-01-08 00:28:40','in_stock',0,'Botble\\ACL\\Models\\User',NULL,'physical',NULL,NULL,0),(59,'MacSafe 80W',NULL,NULL,'published','[\"products\\/14-1.jpg\"]','HS-133-A0-A1',0,14,0,1,0,7,1,0,121,NULL,NULL,NULL,11.00,11.00,19.00,519.00,NULL,0,'2024-01-08 00:28:40','2024-01-08 00:28:40','in_stock',0,'Botble\\ACL\\Models\\User',NULL,'physical',NULL,NULL,0),(60,'Hand playstation',NULL,NULL,'published','[\"products\\/15.jpg\"]','HS-128-A0',0,11,0,1,0,1,1,0,110,NULL,NULL,NULL,17.00,14.00,13.00,787.00,NULL,0,'2024-01-08 00:28:40','2024-01-08 00:28:40','in_stock',0,'Botble\\ACL\\Models\\User',NULL,'physical',NULL,NULL,0),(61,'Hand playstation',NULL,NULL,'published','[\"products\\/15-1.jpg\"]','HS-128-A0-A1',0,11,0,1,0,1,1,0,110,NULL,NULL,NULL,17.00,14.00,13.00,787.00,NULL,0,'2024-01-08 00:28:41','2024-01-08 00:28:41','in_stock',0,'Botble\\ACL\\Models\\User',NULL,'physical',NULL,NULL,0),(62,'Hand playstation',NULL,NULL,'published','[\"products\\/15.jpg\"]','HS-128-A0-A2',0,11,0,1,0,1,1,0,110,NULL,NULL,NULL,17.00,14.00,13.00,787.00,NULL,0,'2024-01-08 00:28:41','2024-01-08 00:28:41','in_stock',0,'Botble\\ACL\\Models\\User',NULL,'physical',NULL,NULL,0),(63,'Apple Airpods Serial 3',NULL,NULL,'published','[\"products\\/16.jpg\"]','HS-162-A0',0,20,0,1,0,5,1,0,117,87.75,NULL,NULL,15.00,13.00,16.00,791.00,NULL,0,'2024-01-08 00:28:41','2024-01-08 00:28:41','in_stock',0,'Botble\\ACL\\Models\\User',NULL,'physical',NULL,NULL,0),(64,'Apple Airpods Serial 3',NULL,NULL,'published','[\"products\\/16.jpg\"]','HS-162-A0-A1',0,20,0,1,0,5,1,0,117,94.77,NULL,NULL,15.00,13.00,16.00,791.00,NULL,0,'2024-01-08 00:28:41','2024-01-08 00:28:41','in_stock',0,'Botble\\ACL\\Models\\User',NULL,'physical',NULL,NULL,0),(65,'Cool Smart Watches (Digital)',NULL,NULL,'published','[\"products\\/17.jpg\"]','HS-174-A0',0,16,0,1,0,1,1,0,114,NULL,NULL,NULL,13.00,19.00,15.00,812.00,NULL,0,'2024-01-08 00:28:41','2024-01-08 00:28:41','in_stock',0,'Botble\\ACL\\Models\\User',NULL,'digital',NULL,NULL,0),(66,'Cool Smart Watches (Digital)',NULL,NULL,'published','[\"products\\/17.jpg\"]','HS-174-A0-A1',0,16,0,1,0,1,1,0,114,NULL,NULL,NULL,13.00,19.00,15.00,812.00,NULL,0,'2024-01-08 00:28:41','2024-01-08 00:28:41','in_stock',0,'Botble\\ACL\\Models\\User',NULL,'digital',NULL,NULL,0),(67,'Cool Smart Watches (Digital)',NULL,NULL,'published','[\"products\\/17.jpg\"]','HS-174-A0-A2',0,16,0,1,0,1,1,0,114,NULL,NULL,NULL,13.00,19.00,15.00,812.00,NULL,0,'2024-01-08 00:28:41','2024-01-08 00:28:41','in_stock',0,'Botble\\ACL\\Models\\User',NULL,'digital',NULL,NULL,0),(68,'Cool Smart Watches (Digital)',NULL,NULL,'published','[\"products\\/17.jpg\"]','HS-174-A0-A3',0,16,0,1,0,1,1,0,114,NULL,NULL,NULL,13.00,19.00,15.00,812.00,NULL,0,'2024-01-08 00:28:41','2024-01-08 00:28:41','in_stock',0,'Botble\\ACL\\Models\\User',NULL,'digital',NULL,NULL,0),(69,'Black Smart Watches',NULL,NULL,'published','[\"products\\/18.jpg\"]','HS-165-A0',0,15,0,1,0,6,1,0,114,NULL,NULL,NULL,17.00,17.00,17.00,867.00,NULL,0,'2024-01-08 00:28:41','2024-01-08 00:28:41','in_stock',0,'Botble\\ACL\\Models\\User',NULL,'physical',NULL,NULL,0),(70,'Black Smart Watches',NULL,NULL,'published','[\"products\\/18-1.jpg\"]','HS-165-A0-A1',0,15,0,1,0,6,1,0,114,NULL,NULL,NULL,17.00,17.00,17.00,867.00,NULL,0,'2024-01-08 00:28:41','2024-01-08 00:28:41','in_stock',0,'Botble\\ACL\\Models\\User',NULL,'physical',NULL,NULL,0),(71,'Black Smart Watches',NULL,NULL,'published','[\"products\\/18-2.jpg\"]','HS-165-A0-A2',0,15,0,1,0,6,1,0,114,NULL,NULL,NULL,17.00,17.00,17.00,867.00,NULL,0,'2024-01-08 00:28:41','2024-01-08 00:28:41','in_stock',0,'Botble\\ACL\\Models\\User',NULL,'physical',NULL,NULL,0),(72,'Black Smart Watches',NULL,NULL,'published','[\"products\\/18.jpg\"]','HS-165-A0-A3',0,15,0,1,0,6,1,0,114,NULL,NULL,NULL,17.00,17.00,17.00,867.00,NULL,0,'2024-01-08 00:28:41','2024-01-08 00:28:41','in_stock',0,'Botble\\ACL\\Models\\User',NULL,'physical',NULL,NULL,0),(73,'Leather Watch Band Serial 3',NULL,NULL,'published','[\"products\\/19.jpg\"]','HS-114-A0',0,15,0,1,0,5,1,0,112,NULL,NULL,NULL,15.00,13.00,17.00,654.00,NULL,0,'2024-01-08 00:28:41','2024-01-08 00:28:41','in_stock',0,'Botble\\ACL\\Models\\User',NULL,'physical',NULL,NULL,0),(74,'Leather Watch Band Serial 3',NULL,NULL,'published','[\"products\\/19-1.jpg\"]','HS-114-A0-A1',0,15,0,1,0,5,1,0,112,NULL,NULL,NULL,15.00,13.00,17.00,654.00,NULL,0,'2024-01-08 00:28:41','2024-01-08 00:28:41','in_stock',0,'Botble\\ACL\\Models\\User',NULL,'physical',NULL,NULL,0),(75,'Macbook Pro 2015 13 inch',NULL,NULL,'published','[\"products\\/20.jpg\"]','HS-151-A0',0,15,0,1,0,3,1,0,129,99.33,NULL,NULL,12.00,15.00,15.00,810.00,NULL,0,'2024-01-08 00:28:41','2024-01-08 00:28:41','in_stock',0,'Botble\\ACL\\Models\\User',NULL,'physical',NULL,NULL,0),(76,'Historic Alarm Clock (Digital)',NULL,NULL,'published','[\"products\\/21.jpg\"]','HS-119-A0',0,14,0,1,0,6,1,0,128,NULL,NULL,NULL,11.00,13.00,16.00,585.00,NULL,0,'2024-01-08 00:28:41','2024-01-08 00:28:41','in_stock',0,'Botble\\ACL\\Models\\User',NULL,'digital',NULL,NULL,0),(77,'Historic Alarm Clock (Digital)',NULL,NULL,'published','[\"products\\/21-1.jpg\"]','HS-119-A0-A1',0,14,0,1,0,6,1,0,128,NULL,NULL,NULL,11.00,13.00,16.00,585.00,NULL,0,'2024-01-08 00:28:41','2024-01-08 00:28:41','in_stock',0,'Botble\\ACL\\Models\\User',NULL,'digital',NULL,NULL,0),(78,'Historic Alarm Clock (Digital)',NULL,NULL,'published','[\"products\\/21.jpg\"]','HS-119-A0-A2',0,14,0,1,0,6,1,0,128,NULL,NULL,NULL,11.00,13.00,16.00,585.00,NULL,0,'2024-01-08 00:28:41','2024-01-08 00:28:41','in_stock',0,'Botble\\ACL\\Models\\User',NULL,'digital',NULL,NULL,0),(79,'Black Glasses',NULL,NULL,'published','[\"products\\/22.jpg\"]','HS-149-A0',0,19,0,1,0,1,1,0,116,NULL,NULL,NULL,13.00,17.00,14.00,505.00,NULL,0,'2024-01-08 00:28:41','2024-01-08 00:28:41','in_stock',0,'Botble\\ACL\\Models\\User',NULL,'physical',NULL,NULL,0),(80,'Black Glasses',NULL,NULL,'published','[\"products\\/22-1.jpg\"]','HS-149-A0-A1',0,19,0,1,0,1,1,0,116,NULL,NULL,NULL,13.00,17.00,14.00,505.00,NULL,0,'2024-01-08 00:28:41','2024-01-08 00:28:41','in_stock',0,'Botble\\ACL\\Models\\User',NULL,'physical',NULL,NULL,0),(81,'Black Glasses',NULL,NULL,'published','[\"products\\/22.jpg\"]','HS-149-A0-A2',0,19,0,1,0,1,1,0,116,NULL,NULL,NULL,13.00,17.00,14.00,505.00,NULL,0,'2024-01-08 00:28:41','2024-01-08 00:28:41','in_stock',0,'Botble\\ACL\\Models\\User',NULL,'physical',NULL,NULL,0),(82,'Phillips Mouse',NULL,NULL,'published','[\"products\\/23.jpg\"]','HS-156-A0',0,11,0,1,0,3,1,0,127,NULL,NULL,NULL,14.00,14.00,15.00,799.00,NULL,0,'2024-01-08 00:28:41','2024-01-08 00:28:41','in_stock',0,'Botble\\ACL\\Models\\User',NULL,'physical',NULL,NULL,0),(83,'Phillips Mouse',NULL,NULL,'published','[\"products\\/23-1.jpg\"]','HS-156-A0-A1',0,11,0,1,0,3,1,0,127,NULL,NULL,NULL,14.00,14.00,15.00,799.00,NULL,0,'2024-01-08 00:28:41','2024-01-08 00:28:41','in_stock',0,'Botble\\ACL\\Models\\User',NULL,'physical',NULL,NULL,0),(84,'Phillips Mouse',NULL,NULL,'published','[\"products\\/23.jpg\"]','HS-156-A0-A2',0,11,0,1,0,3,1,0,127,NULL,NULL,NULL,14.00,14.00,15.00,799.00,NULL,0,'2024-01-08 00:28:41','2024-01-08 00:28:41','in_stock',0,'Botble\\ACL\\Models\\User',NULL,'physical',NULL,NULL,0),(85,'Phillips Mouse',NULL,NULL,'published','[\"products\\/23.jpg\"]','HS-156-A0-A3',0,11,0,1,0,3,1,0,127,NULL,NULL,NULL,14.00,14.00,15.00,799.00,NULL,0,'2024-01-08 00:28:41','2024-01-08 00:28:41','in_stock',0,'Botble\\ACL\\Models\\User',NULL,'physical',NULL,NULL,0),(86,'Gaming Keyboard',NULL,NULL,'published','[\"products\\/24.jpg\"]','HS-183-A0',0,12,0,1,0,5,1,0,122,107.36,NULL,NULL,13.00,12.00,10.00,628.00,NULL,0,'2024-01-08 00:28:41','2024-01-08 00:28:41','in_stock',0,'Botble\\ACL\\Models\\User',NULL,'physical',NULL,NULL,0),(87,'Gaming Keyboard',NULL,NULL,'published','[\"products\\/24-1.jpg\"]','HS-183-A0-A1',0,12,0,1,0,5,1,0,122,96.38,NULL,NULL,13.00,12.00,10.00,628.00,NULL,0,'2024-01-08 00:28:41','2024-01-08 00:28:41','in_stock',0,'Botble\\ACL\\Models\\User',NULL,'physical',NULL,NULL,0),(88,'Gaming Keyboard',NULL,NULL,'published','[\"products\\/24.jpg\"]','HS-183-A0-A2',0,12,0,1,0,5,1,0,122,108.58,NULL,NULL,13.00,12.00,10.00,628.00,NULL,0,'2024-01-08 00:28:41','2024-01-08 00:28:41','in_stock',0,'Botble\\ACL\\Models\\User',NULL,'physical',NULL,NULL,0);

--
-- Table structure for table `ec_products_translations`
--

CREATE TABLE `ec_products_translations` (
  `lang_code` varchar(191) COLLATE utf8mb4_unicode_ci NOT NULL,
  `ec_products_id` bigint unsigned NOT NULL,
  `name` varchar(191) COLLATE utf8mb4_unicode_ci DEFAULT NULL,
  `description` text COLLATE utf8mb4_unicode_ci,
  `content` text COLLATE utf8mb4_unicode_ci,
  PRIMARY KEY (`lang_code`,`ec_products_id`)
) ENGINE=InnoDB DEFAULT CHARSET=utf8mb4 COLLATE=utf8mb4_unicode_ci;

--
-- Dumping data for table `ec_products_translations`
--


--
-- Table structure for table `ec_review_replies`
--

CREATE TABLE `ec_review_replies` (
  `id` bigint unsigned NOT NULL AUTO_INCREMENT,
  `user_id` bigint unsigned NOT NULL,
  `review_id` bigint unsigned NOT NULL,
  `message` text COLLATE utf8mb4_unicode_ci NOT NULL,
  `created_at` timestamp NULL DEFAULT NULL,
  `updated_at` timestamp NULL DEFAULT NULL,
  PRIMARY KEY (`id`),
  UNIQUE KEY `ec_review_replies_review_id_user_id_unique` (`review_id`,`user_id`)
) ENGINE=InnoDB DEFAULT CHARSET=utf8mb4 COLLATE=utf8mb4_unicode_ci;

--
-- Dumping data for table `ec_review_replies`
--


--
-- Table structure for table `ec_reviews`
--

CREATE TABLE `ec_reviews` (
  `id` bigint unsigned NOT NULL AUTO_INCREMENT,
  `customer_id` bigint unsigned NOT NULL,
  `product_id` bigint unsigned NOT NULL,
  `star` double(8,2) NOT NULL,
  `comment` text COLLATE utf8mb4_unicode_ci NOT NULL,
  `status` varchar(60) COLLATE utf8mb4_unicode_ci NOT NULL DEFAULT 'published',
  `created_at` timestamp NULL DEFAULT NULL,
  `updated_at` timestamp NULL DEFAULT NULL,
  `images` text COLLATE utf8mb4_unicode_ci,
  PRIMARY KEY (`id`),
  UNIQUE KEY `ec_reviews_product_id_customer_id_unique` (`product_id`,`customer_id`),
  KEY `ec_reviews_product_id_customer_id_status_created_at_index` (`product_id`,`customer_id`,`status`,`created_at`),
  KEY `review_relation_index` (`product_id`,`customer_id`,`status`)
) ENGINE=InnoDB AUTO_INCREMENT=1001 DEFAULT CHARSET=utf8mb4 COLLATE=utf8mb4_unicode_ci;

--
-- Dumping data for table `ec_reviews`
--

INSERT INTO `ec_reviews` VALUES (1,9,15,5.00,'Perfect +++++++++ i love it really also i get to fast ticket answers... Thanks Lot BOTBLE Teams','published','2024-01-08 00:28:44','2024-01-08 00:28:44','[\"products\\/7.jpg\",\"products\\/13.jpg\"]'),(2,6,15,5.00,'The script is the best of its class, fast, easy to implement and work with , and the most important thing is the great support team , Recommend with no doubt.','published','2024-01-08 00:28:44','2024-01-08 00:28:44','[\"products\\/1.jpg\",\"products\\/4-1.jpg\",\"products\\/13-1.jpg\",\"products\\/23.jpg\"]'),(3,6,16,4.00,'For me the best eCommerce script on Envato at this moment: modern, clean code, a lot of great features. The customer support is great too: I always get an answer within hours!','published','2024-01-08 00:28:44','2024-01-08 00:28:44','[\"products\\/1-1.jpg\",\"products\\/2.jpg\",\"products\\/4-1.jpg\",\"products\\/4.jpg\"]'),(4,6,20,3.00,'Perfect +++++++++ i love it really also i get to fast ticket answers... Thanks Lot BOTBLE Teams','published','2024-01-08 00:28:44','2024-01-08 00:28:44','[\"products\\/1-3.jpg\",\"products\\/5-2.jpg\",\"products\\/7.jpg\",\"products\\/12-1.jpg\"]'),(6,9,10,4.00,'Great system, great support, good job Botble. I\'m looking forward to more great functional plugins.','published','2024-01-08 00:28:44','2024-01-08 00:28:44','[\"products\\/6.jpg\"]'),(7,6,9,2.00,'The code is good, in general, if you like it, can you give it 5 stars?','published','2024-01-08 00:28:44','2024-01-08 00:28:44','[\"products\\/13.jpg\",\"products\\/18-1.jpg\",\"products\\/18-2.jpg\"]'),(8,9,17,3.00,'Great E-commerce system. And much more : Wonderful Customer Support.','published','2024-01-08 00:28:44','2024-01-08 00:28:44','[\"products\\/7.jpg\",\"products\\/19-1.jpg\",\"products\\/23-1.jpg\"]'),(9,1,21,4.00,'Solution is too robust for our purpose so we didn\'t use it at the end. But I appreciate customer support during initial configuration.','published','2024-01-08 00:28:44','2024-01-08 00:28:44','[\"products\\/5-3.jpg\",\"products\\/6.jpg\"]'),(10,10,6,2.00,'Cool template. Excellent code quality. The support responds very quickly, which is very rare on themeforest and codecanyon.net, I buy a lot of templates, and everyone will have a response from technical support for two or three days. Thanks to tech support. I recommend to buy.','published','2024-01-08 00:28:44','2024-01-08 00:28:44','[\"products\\/3.jpg\",\"products\\/13.jpg\",\"products\\/15-1.jpg\",\"products\\/20-1.jpg\"]'),(11,7,5,5.00,'Very enthusiastic support! Excellent code is written. It\'s a true pleasure working with.','published','2024-01-08 00:28:44','2024-01-08 00:28:44','[\"products\\/7-1.jpg\"]'),(12,2,14,4.00,'It\'s not my first experience here on Codecanyon and I can honestly tell you all that Botble puts a LOT of effort into the support. They answer so fast, they helped me tons of times. REALLY by far THE BEST EXPERIENCE on Codecanyon. Those guys at Botble are so good that they deserve 5 stars. I recommend them, I trust them and I can\'t wait to see what they will sell in a near future. Thank you Botble :)','published','2024-01-08 00:28:44','2024-01-08 00:28:44','[\"products\\/8.jpg\",\"products\\/15.jpg\",\"products\\/22.jpg\"]'),(13,6,1,5.00,'Cool template. Excellent code quality. The support responds very quickly, which is very rare on themeforest and codecanyon.net, I buy a lot of templates, and everyone will have a response from technical support for two or three days. Thanks to tech support. I recommend to buy.','published','2024-01-08 00:28:44','2024-01-08 00:28:44','[\"products\\/19-1.jpg\"]'),(14,3,15,2.00,'The best store template! Excellent coding! Very good support! Thank you so much for all the help, I really appreciated.','published','2024-01-08 00:28:44','2024-01-08 00:28:44','[\"products\\/3.jpg\",\"products\\/10-1.jpg\",\"products\\/22.jpg\"]'),(15,4,18,2.00,'Customer Support are grade (A*), however the code is a way too over engineered for it\'s purpose.','published','2024-01-08 00:28:44','2024-01-08 00:28:44','[\"products\\/4-2.jpg\",\"products\\/21-1.jpg\"]'),(16,1,11,1.00,'The code is good, in general, if you like it, can you give it 5 stars?','published','2024-01-08 00:28:44','2024-01-08 00:28:44','[\"products\\/2-1.jpg\",\"products\\/14-1.jpg\",\"products\\/17.jpg\",\"products\\/18-2.jpg\"]'),(17,4,2,5.00,'As a developer I reviewed this script. This is really awesome ecommerce script. I have convinced when I noticed that it\'s built on fully WordPress concept.','published','2024-01-08 00:28:44','2024-01-08 00:28:44','[\"products\\/3-2.jpg\",\"products\\/14.jpg\",\"products\\/17.jpg\"]'),(18,6,21,4.00,'The best store template! Excellent coding! Very good support! Thank you so much for all the help, I really appreciated.','published','2024-01-08 00:28:44','2024-01-08 00:28:44','[\"products\\/2-2.jpg\",\"products\\/4.jpg\",\"products\\/9.jpg\",\"products\\/23.jpg\"]'),(19,4,21,3.00,'Good app, good backup service and support. Good documentation.','published','2024-01-08 00:28:44','2024-01-08 00:28:44','[\"products\\/13-1.jpg\",\"products\\/17.jpg\",\"products\\/24-1.jpg\"]'),(20,9,4,1.00,'Second or third time that I buy a Botble product, happy with the products and support. You guys do a good job :)','published','2024-01-08 00:28:44','2024-01-08 00:28:44','[\"products\\/5-2.jpg\",\"products\\/12-1.jpg\",\"products\\/12.jpg\",\"products\\/20-1.jpg\"]'),(21,1,20,4.00,'Good app, good backup service and support. Good documentation.','published','2024-01-08 00:28:44','2024-01-08 00:28:44','[\"products\\/1-2.jpg\"]'),(22,2,1,4.00,'As a developer I reviewed this script. This is really awesome ecommerce script. I have convinced when I noticed that it\'s built on fully WordPress concept.','published','2024-01-08 00:28:44','2024-01-08 00:28:44','[\"products\\/4-3.jpg\",\"products\\/18.jpg\",\"products\\/20-1.jpg\"]'),(23,10,21,1.00,'Good app, good backup service and support. Good documentation.','published','2024-01-08 00:28:44','2024-01-08 00:28:44','[\"products\\/1-1.jpg\",\"products\\/15.jpg\"]'),(24,7,21,5.00,'Very enthusiastic support! Excellent code is written. It\'s a true pleasure working with.','published','2024-01-08 00:28:44','2024-01-08 00:28:44','[\"products\\/2-1.jpg\",\"products\\/13.jpg\"]'),(25,2,6,4.00,'Great E-commerce system. And much more : Wonderful Customer Support.','published','2024-01-08 00:28:44','2024-01-08 00:28:44','[\"products\\/2-3.jpg\",\"products\\/3.jpg\",\"products\\/7.jpg\",\"products\\/21-1.jpg\"]'),(26,6,4,3.00,'Best ecommerce CMS online store!','published','2024-01-08 00:28:44','2024-01-08 00:28:44','[\"products\\/3-1.jpg\",\"products\\/5-2.jpg\",\"products\\/8-1.jpg\",\"products\\/15.jpg\"]'),(27,4,5,5.00,'It\'s not my first experience here on Codecanyon and I can honestly tell you all that Botble puts a LOT of effort into the support. They answer so fast, they helped me tons of times. REALLY by far THE BEST EXPERIENCE on Codecanyon. Those guys at Botble are so good that they deserve 5 stars. I recommend them, I trust them and I can\'t wait to see what they will sell in a near future. Thank you Botble :)','published','2024-01-08 00:28:44','2024-01-08 00:28:44','[\"products\\/2.jpg\",\"products\\/6-1.jpg\",\"products\\/7-1.jpg\"]'),(28,3,13,3.00,'Very enthusiastic support! Excellent code is written. It\'s a true pleasure working with.','published','2024-01-08 00:28:44','2024-01-08 00:28:44','[\"products\\/19.jpg\"]'),(29,6,23,2.00,'Second or third time that I buy a Botble product, happy with the products and support. You guys do a good job :)','published','2024-01-08 00:28:44','2024-01-08 00:28:44','[\"products\\/3-2.jpg\",\"products\\/10.jpg\"]'),(30,5,14,2.00,'The script is the best of its class, fast, easy to implement and work with , and the most important thing is the great support team , Recommend with no doubt.','published','2024-01-08 00:28:44','2024-01-08 00:28:44','[\"products\\/3-2.jpg\",\"products\\/3.jpg\",\"products\\/9.jpg\"]'),(31,8,20,1.00,'Good app, good backup service and support. Good documentation.','published','2024-01-08 00:28:44','2024-01-08 00:28:44','[\"products\\/4-3.jpg\",\"products\\/4.jpg\"]'),(32,5,15,4.00,'Perfect +++++++++ i love it really also i get to fast ticket answers... Thanks Lot BOTBLE Teams','published','2024-01-08 00:28:44','2024-01-08 00:28:44','[\"products\\/6-1.jpg\",\"products\\/22-1.jpg\"]'),(34,2,5,2.00,'Second or third time that I buy a Botble product, happy with the products and support. You guys do a good job :)','published','2024-01-08 00:28:44','2024-01-08 00:28:44','[\"products\\/2.jpg\",\"products\\/10.jpg\",\"products\\/21.jpg\"]'),(35,7,24,2.00,'This script is well coded and is super fast. The support is pretty quick. Very patient and helpful team. I strongly recommend it and they deserve more than 5 stars.','published','2024-01-08 00:28:44','2024-01-08 00:28:44','[\"products\\/7-1.jpg\",\"products\\/12.jpg\"]'),(36,8,12,4.00,'Amazing code, amazing support. Overall, im really confident in Botble and im happy I made the right choice! Thank you so much guys for coding this masterpiece','published','2024-01-08 00:28:44','2024-01-08 00:28:44','[\"products\\/4-3.jpg\",\"products\\/18.jpg\"]'),(39,10,4,3.00,'Second or third time that I buy a Botble product, happy with the products and support. You guys do a good job :)','published','2024-01-08 00:28:44','2024-01-08 00:28:44','[\"products\\/3-1.jpg\",\"products\\/23.jpg\"]'),(40,5,17,2.00,'The best ecommerce CMS! Excellent coding! best support service! Thank you so much..... I really like your hard work.','published','2024-01-08 00:28:44','2024-01-08 00:28:44','[\"products\\/8-1.jpg\",\"products\\/20.jpg\"]'),(41,9,16,5.00,'The code is good, in general, if you like it, can you give it 5 stars?','published','2024-01-08 00:28:44','2024-01-08 00:28:44','[\"products\\/4-3.jpg\"]'),(43,6,14,1.00,'The best store template! Excellent coding! Very good support! Thank you so much for all the help, I really appreciated.','published','2024-01-08 00:28:44','2024-01-08 00:28:44','[\"products\\/1-2.jpg\",\"products\\/1.jpg\",\"products\\/2-1.jpg\"]'),(44,2,11,3.00,'For me the best eCommerce script on Envato at this moment: modern, clean code, a lot of great features. The customer support is great too: I always get an answer within hours!','published','2024-01-08 00:28:44','2024-01-08 00:28:44','[\"products\\/5-3.jpg\"]'),(45,6,5,3.00,'Those guys now what they are doing, the release such a good product that it\'s a pleasure to work with ! Even when I was stuck on the project, I created a ticket and the next day it was replied by the team. GOOD JOB guys. I love working with them :)','published','2024-01-08 00:28:44','2024-01-08 00:28:44','[\"products\\/3-2.jpg\",\"products\\/3-3.jpg\",\"products\\/10-1.jpg\",\"products\\/20.jpg\"]'),(46,7,17,5.00,'Second or third time that I buy a Botble product, happy with the products and support. You guys do a good job :)','published','2024-01-08 00:28:44','2024-01-08 00:28:44','[\"products\\/7.jpg\",\"products\\/11-1.jpg\"]'),(47,2,21,2.00,'For me the best eCommerce script on Envato at this moment: modern, clean code, a lot of great features. The customer support is great too: I always get an answer within hours!','published','2024-01-08 00:28:44','2024-01-08 00:28:44','[\"products\\/1-3.jpg\",\"products\\/2-3.jpg\",\"products\\/23.jpg\"]'),(48,7,23,1.00,'These guys are amazing! Responses immediately, amazing support and help... I immediately feel at ease after Purchasing..','published','2024-01-08 00:28:44','2024-01-08 00:28:44','[\"products\\/3-3.jpg\",\"products\\/6.jpg\",\"products\\/21-1.jpg\",\"products\\/21.jpg\"]'),(49,3,21,3.00,'Amazing code, amazing support. Overall, im really confident in Botble and im happy I made the right choice! Thank you so much guys for coding this masterpiece','published','2024-01-08 00:28:44','2024-01-08 00:28:44','[\"products\\/3-2.jpg\",\"products\\/5-2.jpg\",\"products\\/16.jpg\",\"products\\/21-1.jpg\"]'),(50,10,9,3.00,'Second or third time that I buy a Botble product, happy with the products and support. You guys do a good job :)','published','2024-01-08 00:28:44','2024-01-08 00:28:44','[\"products\\/1-3.jpg\",\"products\\/4.jpg\"]'),(51,7,11,3.00,'Ok good product. I have some issues in customizations. But its not correct to blame the developer. The product is good. Good luck for your business.','published','2024-01-08 00:28:44','2024-01-08 00:28:44','[\"products\\/18-1.jpg\",\"products\\/22.jpg\"]'),(52,10,13,1.00,'This web app is really good in design, code quality & features. Besides, the customer support provided by the Botble team was really fast & helpful. You guys are awesome!','published','2024-01-08 00:28:44','2024-01-08 00:28:44','[\"products\\/22-1.jpg\"]'),(53,5,7,3.00,'Best ecommerce CMS online store!','published','2024-01-08 00:28:44','2024-01-08 00:28:44','[\"products\\/2-2.jpg\",\"products\\/3.jpg\",\"products\\/19.jpg\",\"products\\/20.jpg\"]'),(54,2,2,1.00,'Good app, good backup service and support. Good documentation.','published','2024-01-08 00:28:44','2024-01-08 00:28:44','[\"products\\/14-1.jpg\"]'),(56,9,7,5.00,'These guys are amazing! Responses immediately, amazing support and help... I immediately feel at ease after Purchasing..','published','2024-01-08 00:28:44','2024-01-08 00:28:44','[\"products\\/21.jpg\"]'),(57,2,24,3.00,'Customer Support are grade (A*), however the code is a way too over engineered for it\'s purpose.','published','2024-01-08 00:28:44','2024-01-08 00:28:44','[\"products\\/1-1.jpg\",\"products\\/7.jpg\",\"products\\/14-1.jpg\"]'),(60,1,19,1.00,'We have received brilliant service support and will be expanding the features with the developer. Nice product!','published','2024-01-08 00:28:44','2024-01-08 00:28:44','[\"products\\/2.jpg\",\"products\\/13-1.jpg\"]'),(61,1,18,5.00,'Second or third time that I buy a Botble product, happy with the products and support. You guys do a good job :)','published','2024-01-08 00:28:44','2024-01-08 00:28:44','[\"products\\/5-2.jpg\",\"products\\/12-1.jpg\"]'),(62,2,10,2.00,'This web app is really good in design, code quality & features. Besides, the customer support provided by the Botble team was really fast & helpful. You guys are awesome!','published','2024-01-08 00:28:44','2024-01-08 00:28:44','[\"products\\/6.jpg\"]'),(64,1,10,3.00,'For me the best eCommerce script on Envato at this moment: modern, clean code, a lot of great features. The customer support is great too: I always get an answer within hours!','published','2024-01-08 00:28:44','2024-01-08 00:28:44','[\"products\\/18.jpg\",\"products\\/22-1.jpg\"]'),(65,2,22,5.00,'The code is good, in general, if you like it, can you give it 5 stars?','published','2024-01-08 00:28:44','2024-01-08 00:28:44','[\"products\\/4-2.jpg\",\"products\\/22-1.jpg\"]'),(66,8,13,3.00,'Good app, good backup service and support. Good documentation.','published','2024-01-08 00:28:44','2024-01-08 00:28:44','[\"products\\/3-2.jpg\",\"products\\/8-1.jpg\",\"products\\/18.jpg\"]'),(67,4,9,4.00,'These guys are amazing! Responses immediately, amazing support and help... I immediately feel at ease after Purchasing..','published','2024-01-08 00:28:44','2024-01-08 00:28:44','[\"products\\/14-1.jpg\",\"products\\/22.jpg\"]'),(68,7,9,5.00,'This script is well coded and is super fast. The support is pretty quick. Very patient and helpful team. I strongly recommend it and they deserve more than 5 stars.','published','2024-01-08 00:28:44','2024-01-08 00:28:44','[\"products\\/8.jpg\",\"products\\/10.jpg\",\"products\\/18-1.jpg\"]'),(70,9,14,1.00,'Best ecommerce CMS online store!','published','2024-01-08 00:28:44','2024-01-08 00:28:44','[\"products\\/19-1.jpg\",\"products\\/21-1.jpg\"]'),(71,2,3,3.00,'Solution is too robust for our purpose so we didn\'t use it at the end. But I appreciate customer support during initial configuration.','published','2024-01-08 00:28:44','2024-01-08 00:28:44','[\"products\\/9.jpg\",\"products\\/20-1.jpg\",\"products\\/23.jpg\"]'),(73,1,24,4.00,'The script is the best of its class, fast, easy to implement and work with , and the most important thing is the great support team , Recommend with no doubt.','published','2024-01-08 00:28:44','2024-01-08 00:28:44','[\"products\\/3-2.jpg\",\"products\\/4-3.jpg\",\"products\\/5-1.jpg\",\"products\\/8-1.jpg\"]'),(74,10,18,1.00,'For me the best eCommerce script on Envato at this moment: modern, clean code, a lot of great features. The customer support is great too: I always get an answer within hours!','published','2024-01-08 00:28:44','2024-01-08 00:28:44','[\"products\\/2.jpg\"]'),(76,9,8,1.00,'Solution is too robust for our purpose so we didn\'t use it at the end. But I appreciate customer support during initial configuration.','published','2024-01-08 00:28:44','2024-01-08 00:28:44','[\"products\\/3.jpg\",\"products\\/4-3.jpg\",\"products\\/10-1.jpg\",\"products\\/24-1.jpg\"]'),(77,3,9,4.00,'Cool template. Excellent code quality. The support responds very quickly, which is very rare on themeforest and codecanyon.net, I buy a lot of templates, and everyone will have a response from technical support for two or three days. Thanks to tech support. I recommend to buy.','published','2024-01-08 00:28:44','2024-01-08 00:28:44','[\"products\\/8.jpg\"]'),(79,8,17,3.00,'Those guys now what they are doing, the release such a good product that it\'s a pleasure to work with ! Even when I was stuck on the project, I created a ticket and the next day it was replied by the team. GOOD JOB guys. I love working with them :)','published','2024-01-08 00:28:44','2024-01-08 00:28:44','[\"products\\/1-1.jpg\",\"products\\/4-2.jpg\",\"products\\/14.jpg\"]'),(80,8,8,2.00,'Great system, great support, good job Botble. I\'m looking forward to more great functional plugins.','published','2024-01-08 00:28:44','2024-01-08 00:28:44','[\"products\\/4-1.jpg\",\"products\\/8.jpg\",\"products\\/22-1.jpg\"]'),(81,1,8,5.00,'We have received brilliant service support and will be expanding the features with the developer. Nice product!','published','2024-01-08 00:28:44','2024-01-08 00:28:44','[\"products\\/3.jpg\",\"products\\/4-1.jpg\",\"products\\/14.jpg\",\"products\\/18-2.jpg\"]'),(82,5,5,1.00,'Perfect +++++++++ i love it really also i get to fast ticket answers... Thanks Lot BOTBLE Teams','published','2024-01-08 00:28:44','2024-01-08 00:28:44','[\"products\\/11.jpg\",\"products\\/18-1.jpg\"]'),(83,6,18,1.00,'This web app is really good in design, code quality & features. Besides, the customer support provided by the Botble team was really fast & helpful. You guys are awesome!','published','2024-01-08 00:28:44','2024-01-08 00:28:44','[\"products\\/12.jpg\",\"products\\/14.jpg\",\"products\\/22.jpg\"]'),(84,2,23,5.00,'We have received brilliant service support and will be expanding the features with the developer. Nice product!','published','2024-01-08 00:28:44','2024-01-08 00:28:44','[\"products\\/16.jpg\"]'),(85,2,9,4.00,'This web app is really good in design, code quality & features. Besides, the customer support provided by the Botble team was really fast & helpful. You guys are awesome!','published','2024-01-08 00:28:44','2024-01-08 00:28:44','[\"products\\/2.jpg\",\"products\\/3-2.jpg\",\"products\\/12.jpg\"]'),(86,10,1,2.00,'The best ecommerce CMS! Excellent coding! best support service! Thank you so much..... I really like your hard work.','published','2024-01-08 00:28:44','2024-01-08 00:28:44','[\"products\\/1-1.jpg\",\"products\\/11.jpg\",\"products\\/23.jpg\"]'),(88,10,12,4.00,'The code is good, in general, if you like it, can you give it 5 stars?','published','2024-01-08 00:28:44','2024-01-08 00:28:44','[\"products\\/4-3.jpg\",\"products\\/13-1.jpg\"]'),(90,2,15,3.00,'Ok good product. I have some issues in customizations. But its not correct to blame the developer. The product is good. Good luck for your business.','published','2024-01-08 00:28:44','2024-01-08 00:28:44','[\"products\\/9-1.jpg\",\"products\\/24.jpg\"]'),(91,2,19,3.00,'It\'s not my first experience here on Codecanyon and I can honestly tell you all that Botble puts a LOT of effort into the support. They answer so fast, they helped me tons of times. REALLY by far THE BEST EXPERIENCE on Codecanyon. Those guys at Botble are so good that they deserve 5 stars. I recommend them, I trust them and I can\'t wait to see what they will sell in a near future. Thank you Botble :)','published','2024-01-08 00:28:44','2024-01-08 00:28:44','[\"products\\/1.jpg\",\"products\\/11-1.jpg\",\"products\\/12-1.jpg\",\"products\\/21-1.jpg\"]'),(93,4,20,4.00,'Good app, good backup service and support. Good documentation.','published','2024-01-08 00:28:44','2024-01-08 00:28:44','[\"products\\/14.jpg\",\"products\\/20.jpg\"]'),(94,8,21,4.00,'The script is the best of its class, fast, easy to implement and work with , and the most important thing is the great support team , Recommend with no doubt.','published','2024-01-08 00:28:44','2024-01-08 00:28:44','[\"products\\/2-3.jpg\",\"products\\/9-1.jpg\"]'),(97,4,24,5.00,'The code is good, in general, if you like it, can you give it 5 stars?','published','2024-01-08 00:28:44','2024-01-08 00:28:44','[\"products\\/6.jpg\",\"products\\/9.jpg\",\"products\\/13-1.jpg\"]'),(99,9,19,2.00,'This script is well coded and is super fast. The support is pretty quick. Very patient and helpful team. I strongly recommend it and they deserve more than 5 stars.','published','2024-01-08 00:28:44','2024-01-08 00:28:44','[\"products\\/23.jpg\"]'),(100,3,14,4.00,'Perfect +++++++++ i love it really also i get to fast ticket answers... Thanks Lot BOTBLE Teams','published','2024-01-08 00:28:44','2024-01-08 00:28:44','[\"products\\/1.jpg\",\"products\\/22-1.jpg\"]'),(101,8,3,4.00,'Clean & perfect source code','published','2024-01-08 00:28:44','2024-01-08 00:28:44','[\"products\\/5-2.jpg\"]'),(102,2,13,4.00,'Second or third time that I buy a Botble product, happy with the products and support. You guys do a good job :)','published','2024-01-08 00:28:44','2024-01-08 00:28:44','[\"products\\/19.jpg\",\"products\\/20-1.jpg\",\"products\\/21.jpg\",\"products\\/24-1.jpg\"]'),(103,4,3,4.00,'Good app, good backup service and support. Good documentation.','published','2024-01-08 00:28:44','2024-01-08 00:28:44','[\"products\\/3.jpg\",\"products\\/4-2.jpg\",\"products\\/13-1.jpg\",\"products\\/15.jpg\"]'),(105,6,10,5.00,'Good app, good backup service and support. Good documentation.','published','2024-01-08 00:28:44','2024-01-08 00:28:44','[\"products\\/5.jpg\",\"products\\/20.jpg\",\"products\\/24.jpg\"]'),(107,3,23,3.00,'It\'s not my first experience here on Codecanyon and I can honestly tell you all that Botble puts a LOT of effort into the support. They answer so fast, they helped me tons of times. REALLY by far THE BEST EXPERIENCE on Codecanyon. Those guys at Botble are so good that they deserve 5 stars. I recommend them, I trust them and I can\'t wait to see what they will sell in a near future. Thank you Botble :)','published','2024-01-08 00:28:44','2024-01-08 00:28:44','[\"products\\/8-1.jpg\",\"products\\/13.jpg\"]'),(108,7,12,2.00,'The script is the best of its class, fast, easy to implement and work with , and the most important thing is the great support team , Recommend with no doubt.','published','2024-01-08 00:28:44','2024-01-08 00:28:44','[\"products\\/4-2.jpg\",\"products\\/11.jpg\"]'),(112,10,24,4.00,'This web app is really good in design, code quality & features. Besides, the customer support provided by the Botble team was really fast & helpful. You guys are awesome!','published','2024-01-08 00:28:44','2024-01-08 00:28:44','[\"products\\/14.jpg\",\"products\\/15-1.jpg\",\"products\\/23.jpg\"]'),(113,10,3,3.00,'Those guys now what they are doing, the release such a good product that it\'s a pleasure to work with ! Even when I was stuck on the project, I created a ticket and the next day it was replied by the team. GOOD JOB guys. I love working with them :)','published','2024-01-08 00:28:44','2024-01-08 00:28:44','[\"products\\/3-1.jpg\",\"products\\/4.jpg\",\"products\\/10.jpg\",\"products\\/13-1.jpg\"]'),(115,4,16,2.00,'Cool template. Excellent code quality. The support responds very quickly, which is very rare on themeforest and codecanyon.net, I buy a lot of templates, and everyone will have a response from technical support for two or three days. Thanks to tech support. I recommend to buy.','published','2024-01-08 00:28:44','2024-01-08 00:28:44','[\"products\\/2-3.jpg\",\"products\\/12-1.jpg\",\"products\\/13.jpg\"]'),(117,10,22,2.00,'This script is well coded and is super fast. The support is pretty quick. Very patient and helpful team. I strongly recommend it and they deserve more than 5 stars.','published','2024-01-08 00:28:44','2024-01-08 00:28:44','[\"products\\/3.jpg\",\"products\\/8.jpg\",\"products\\/19.jpg\"]'),(118,4,10,1.00,'I Love this Script. I also found how to add other fees. Now I just wait the BIG update for the Marketplace with the Bulk Import. Just do not forget to make it to be Multi-language for us the Botble Fans.','published','2024-01-08 00:28:44','2024-01-08 00:28:44','[\"products\\/9-1.jpg\",\"products\\/10.jpg\",\"products\\/22-1.jpg\"]'),(120,5,2,3.00,'Great system, great support, good job Botble. I\'m looking forward to more great functional plugins.','published','2024-01-08 00:28:44','2024-01-08 00:28:44','[\"products\\/9-1.jpg\"]'),(121,6,11,2.00,'Great system, great support, good job Botble. I\'m looking forward to more great functional plugins.','published','2024-01-08 00:28:44','2024-01-08 00:28:44','[\"products\\/2.jpg\",\"products\\/18-1.jpg\",\"products\\/22.jpg\"]'),(122,2,17,1.00,'Solution is too robust for our purpose so we didn\'t use it at the end. But I appreciate customer support during initial configuration.','published','2024-01-08 00:28:44','2024-01-08 00:28:44','[\"products\\/7.jpg\",\"products\\/15.jpg\"]'),(124,2,8,2.00,'This web app is really good in design, code quality & features. Besides, the customer support provided by the Botble team was really fast & helpful. You guys are awesome!','published','2024-01-08 00:28:44','2024-01-08 00:28:44','[\"products\\/4-3.jpg\",\"products\\/5-2.jpg\",\"products\\/5-3.jpg\",\"products\\/9.jpg\"]'),(127,4,15,5.00,'Amazing code, amazing support. Overall, im really confident in Botble and im happy I made the right choice! Thank you so much guys for coding this masterpiece','published','2024-01-08 00:28:44','2024-01-08 00:28:44','[\"products\\/2.jpg\",\"products\\/11-1.jpg\",\"products\\/17.jpg\"]'),(128,3,10,2.00,'The best ecommerce CMS! Excellent coding! best support service! Thank you so much..... I really like your hard work.','published','2024-01-08 00:28:44','2024-01-08 00:28:44','[\"products\\/1-2.jpg\",\"products\\/13.jpg\"]'),(130,7,22,3.00,'The script is the best of its class, fast, easy to implement and work with , and the most important thing is the great support team , Recommend with no doubt.','published','2024-01-08 00:28:44','2024-01-08 00:28:44','[\"products\\/1-2.jpg\",\"products\\/1-3.jpg\",\"products\\/4-3.jpg\",\"products\\/6.jpg\"]'),(133,2,20,5.00,'Good app, good backup service and support. Good documentation.','published','2024-01-08 00:28:44','2024-01-08 00:28:44','[\"products\\/1-1.jpg\",\"products\\/1-3.jpg\",\"products\\/7.jpg\",\"products\\/20-1.jpg\"]'),(134,6,6,3.00,'We have received brilliant service support and will be expanding the features with the developer. Nice product!','published','2024-01-08 00:28:44','2024-01-08 00:28:44','[\"products\\/2-1.jpg\",\"products\\/4-3.jpg\"]'),(136,7,3,4.00,'These guys are amazing! Responses immediately, amazing support and help... I immediately feel at ease after Purchasing..','published','2024-01-08 00:28:44','2024-01-08 00:28:44','[\"products\\/1-3.jpg\",\"products\\/5.jpg\",\"products\\/18.jpg\"]'),(137,5,6,3.00,'These guys are amazing! Responses immediately, amazing support and help... I immediately feel at ease after Purchasing..','published','2024-01-08 00:28:44','2024-01-08 00:28:44','[\"products\\/5-1.jpg\",\"products\\/5-2.jpg\",\"products\\/18-1.jpg\",\"products\\/22.jpg\"]'),(138,4,11,5.00,'We have received brilliant service support and will be expanding the features with the developer. Nice product!','published','2024-01-08 00:28:44','2024-01-08 00:28:44','[\"products\\/3-3.jpg\",\"products\\/4-3.jpg\",\"products\\/15-1.jpg\",\"products\\/18-1.jpg\"]'),(139,1,22,5.00,'The best store template! Excellent coding! Very good support! Thank you so much for all the help, I really appreciated.','published','2024-01-08 00:28:44','2024-01-08 00:28:44','[\"products\\/3.jpg\",\"products\\/6.jpg\",\"products\\/17.jpg\"]'),(140,5,24,5.00,'Amazing code, amazing support. Overall, im really confident in Botble and im happy I made the right choice! Thank you so much guys for coding this masterpiece','published','2024-01-08 00:28:44','2024-01-08 00:28:44','[\"products\\/6.jpg\",\"products\\/8.jpg\",\"products\\/11.jpg\",\"products\\/20.jpg\"]'),(148,3,5,3.00,'Amazing code, amazing support. Overall, im really confident in Botble and im happy I made the right choice! Thank you so much guys for coding this masterpiece','published','2024-01-08 00:28:44','2024-01-08 00:28:44','[\"products\\/13-1.jpg\",\"products\\/15.jpg\"]'),(149,10,19,1.00,'For me the best eCommerce script on Envato at this moment: modern, clean code, a lot of great features. The customer support is great too: I always get an answer within hours!','published','2024-01-08 00:28:44','2024-01-08 00:28:44','[\"products\\/24-1.jpg\"]'),(151,4,1,3.00,'Cool template. Excellent code quality. The support responds very quickly, which is very rare on themeforest and codecanyon.net, I buy a lot of templates, and everyone will have a response from technical support for two or three days. Thanks to tech support. I recommend to buy.','published','2024-01-08 00:28:44','2024-01-08 00:28:44','[\"products\\/6.jpg\"]'),(152,9,18,5.00,'Clean & perfect source code','published','2024-01-08 00:28:44','2024-01-08 00:28:44','[\"products\\/2-3.jpg\",\"products\\/8.jpg\",\"products\\/19.jpg\"]'),(153,4,4,2.00,'As a developer I reviewed this script. This is really awesome ecommerce script. I have convinced when I noticed that it\'s built on fully WordPress concept.','published','2024-01-08 00:28:44','2024-01-08 00:28:44','[\"products\\/3-1.jpg\",\"products\\/16.jpg\",\"products\\/24-1.jpg\"]'),(156,7,13,5.00,'Second or third time that I buy a Botble product, happy with the products and support. You guys do a good job :)','published','2024-01-08 00:28:44','2024-01-08 00:28:44','[\"products\\/2-1.jpg\",\"products\\/11-1.jpg\",\"products\\/12-1.jpg\"]'),(160,6,3,5.00,'Very enthusiastic support! Excellent code is written. It\'s a true pleasure working with.','published','2024-01-08 00:28:44','2024-01-08 00:28:44','[\"products\\/1.jpg\"]'),(164,7,15,5.00,'The script is the best of its class, fast, easy to implement and work with , and the most important thing is the great support team , Recommend with no doubt.','published','2024-01-08 00:28:44','2024-01-08 00:28:44','[\"products\\/2.jpg\",\"products\\/20-1.jpg\",\"products\\/23.jpg\"]'),(165,1,6,4.00,'The best store template! Excellent coding! Very good support! Thank you so much for all the help, I really appreciated.','published','2024-01-08 00:28:44','2024-01-08 00:28:44','[\"products\\/3-3.jpg\"]'),(167,8,19,5.00,'This script is well coded and is super fast. The support is pretty quick. Very patient and helpful team. I strongly recommend it and they deserve more than 5 stars.','published','2024-01-08 00:28:44','2024-01-08 00:28:44','[\"products\\/7-1.jpg\",\"products\\/9-1.jpg\"]'),(168,5,18,2.00,'We have received brilliant service support and will be expanding the features with the developer. Nice product!','published','2024-01-08 00:28:44','2024-01-08 00:28:44','[\"products\\/8-1.jpg\",\"products\\/15.jpg\",\"products\\/18-1.jpg\"]'),(171,5,3,1.00,'Great system, great support, good job Botble. I\'m looking forward to more great functional plugins.','published','2024-01-08 00:28:44','2024-01-08 00:28:44','[\"products\\/4-2.jpg\",\"products\\/18.jpg\"]'),(175,8,14,2.00,'The script is the best of its class, fast, easy to implement and work with , and the most important thing is the great support team , Recommend with no doubt.','published','2024-01-08 00:28:44','2024-01-08 00:28:44','[\"products\\/3-1.jpg\",\"products\\/19-1.jpg\",\"products\\/23-1.jpg\"]'),(176,2,16,1.00,'The best store template! Excellent coding! Very good support! Thank you so much for all the help, I really appreciated.','published','2024-01-08 00:28:44','2024-01-08 00:28:44','[\"products\\/18.jpg\"]'),(179,5,23,3.00,'Amazing code, amazing support. Overall, im really confident in Botble and im happy I made the right choice! Thank you so much guys for coding this masterpiece','published','2024-01-08 00:28:44','2024-01-08 00:28:44','[\"products\\/2-2.jpg\",\"products\\/18-1.jpg\",\"products\\/20.jpg\"]'),(180,9,13,2.00,'The code is good, in general, if you like it, can you give it 5 stars?','published','2024-01-08 00:28:44','2024-01-08 00:28:44','[\"products\\/2-3.jpg\"]'),(182,8,18,2.00,'The best store template! Excellent coding! Very good support! Thank you so much for all the help, I really appreciated.','published','2024-01-08 00:28:44','2024-01-08 00:28:44','[\"products\\/15-1.jpg\",\"products\\/22-1.jpg\"]'),(183,3,19,4.00,'I Love this Script. I also found how to add other fees. Now I just wait the BIG update for the Marketplace with the Bulk Import. Just do not forget to make it to be Multi-language for us the Botble Fans.','published','2024-01-08 00:28:44','2024-01-08 00:28:44','[\"products\\/16.jpg\"]'),(184,8,23,1.00,'The best store template! Excellent coding! Very good support! Thank you so much for all the help, I really appreciated.','published','2024-01-08 00:28:44','2024-01-08 00:28:44','[\"products\\/1-3.jpg\",\"products\\/4-3.jpg\",\"products\\/14.jpg\",\"products\\/15-1.jpg\"]'),(185,9,9,1.00,'It\'s not my first experience here on Codecanyon and I can honestly tell you all that Botble puts a LOT of effort into the support. They answer so fast, they helped me tons of times. REALLY by far THE BEST EXPERIENCE on Codecanyon. Those guys at Botble are so good that they deserve 5 stars. I recommend them, I trust them and I can\'t wait to see what they will sell in a near future. Thank you Botble :)','published','2024-01-08 00:28:44','2024-01-08 00:28:44','[\"products\\/3.jpg\",\"products\\/6-1.jpg\",\"products\\/22.jpg\"]'),(186,7,20,2.00,'The best ecommerce CMS! Excellent coding! best support service! Thank you so much..... I really like your hard work.','published','2024-01-08 00:28:44','2024-01-08 00:28:44','[\"products\\/2-3.jpg\"]'),(187,8,11,5.00,'Those guys now what they are doing, the release such a good product that it\'s a pleasure to work with ! Even when I was stuck on the project, I created a ticket and the next day it was replied by the team. GOOD JOB guys. I love working with them :)','published','2024-01-08 00:28:44','2024-01-08 00:28:44','[\"products\\/9.jpg\"]'),(188,9,11,2.00,'Cool template. Excellent code quality. The support responds very quickly, which is very rare on themeforest and codecanyon.net, I buy a lot of templates, and everyone will have a response from technical support for two or three days. Thanks to tech support. I recommend to buy.','published','2024-01-08 00:28:44','2024-01-08 00:28:44','[\"products\\/4-2.jpg\",\"products\\/5-1.jpg\",\"products\\/13-1.jpg\",\"products\\/21.jpg\"]'),(189,3,7,2.00,'Very enthusiastic support! Excellent code is written. It\'s a true pleasure working with.','published','2024-01-08 00:28:44','2024-01-08 00:28:44','[\"products\\/8.jpg\",\"products\\/9-1.jpg\",\"products\\/24.jpg\"]'),(190,3,12,4.00,'This script is well coded and is super fast. The support is pretty quick. Very patient and helpful team. I strongly recommend it and they deserve more than 5 stars.','published','2024-01-08 00:28:44','2024-01-08 00:28:44','[\"products\\/1-1.jpg\",\"products\\/1.jpg\",\"products\\/2-3.jpg\",\"products\\/20.jpg\"]'),(193,9,24,3.00,'Very enthusiastic support! Excellent code is written. It\'s a true pleasure working with.','published','2024-01-08 00:28:44','2024-01-08 00:28:44','[\"products\\/5-3.jpg\",\"products\\/9-1.jpg\"]'),(196,7,8,5.00,'As a developer I reviewed this script. This is really awesome ecommerce script. I have convinced when I noticed that it\'s built on fully WordPress concept.','published','2024-01-08 00:28:44','2024-01-08 00:28:44','[\"products\\/6-1.jpg\",\"products\\/20.jpg\"]'),(197,1,15,4.00,'Clean & perfect source code','published','2024-01-08 00:28:44','2024-01-08 00:28:44','[\"products\\/2-1.jpg\",\"products\\/5-3.jpg\",\"products\\/7-1.jpg\",\"products\\/12.jpg\"]'),(199,8,7,1.00,'I Love this Script. I also found how to add other fees. Now I just wait the BIG update for the Marketplace with the Bulk Import. Just do not forget to make it to be Multi-language for us the Botble Fans.','published','2024-01-08 00:28:44','2024-01-08 00:28:44','[\"products\\/9.jpg\",\"products\\/22-1.jpg\"]'),(201,4,22,2.00,'For me the best eCommerce script on Envato at this moment: modern, clean code, a lot of great features. The customer support is great too: I always get an answer within hours!','published','2024-01-08 00:28:44','2024-01-08 00:28:44','[\"products\\/11-1.jpg\",\"products\\/18.jpg\",\"products\\/19-1.jpg\",\"products\\/21.jpg\"]'),(206,6,13,3.00,'For me the best eCommerce script on Envato at this moment: modern, clean code, a lot of great features. The customer support is great too: I always get an answer within hours!','published','2024-01-08 00:28:44','2024-01-08 00:28:44','[\"products\\/4.jpg\",\"products\\/7-1.jpg\"]'),(210,1,5,5.00,'We have received brilliant service support and will be expanding the features with the developer. Nice product!','published','2024-01-08 00:28:44','2024-01-08 00:28:44','[\"products\\/5-2.jpg\",\"products\\/15.jpg\"]'),(215,1,16,1.00,'Very enthusiastic support! Excellent code is written. It\'s a true pleasure working with.','published','2024-01-08 00:28:44','2024-01-08 00:28:44','[\"products\\/7-1.jpg\",\"products\\/7.jpg\"]'),(217,8,5,5.00,'Amazing code, amazing support. Overall, im really confident in Botble and im happy I made the right choice! Thank you so much guys for coding this masterpiece','published','2024-01-08 00:28:44','2024-01-08 00:28:44','[\"products\\/8.jpg\"]'),(219,5,12,4.00,'Great E-commerce system. And much more : Wonderful Customer Support.','published','2024-01-08 00:28:44','2024-01-08 00:28:44','[\"products\\/9.jpg\",\"products\\/13-1.jpg\"]'),(220,10,2,3.00,'The best store template! Excellent coding! Very good support! Thank you so much for all the help, I really appreciated.','published','2024-01-08 00:28:44','2024-01-08 00:28:44','[\"products\\/7-1.jpg\",\"products\\/9.jpg\",\"products\\/13.jpg\",\"products\\/17.jpg\"]'),(224,7,18,2.00,'These guys are amazing! Responses immediately, amazing support and help... I immediately feel at ease after Purchasing..','published','2024-01-08 00:28:44','2024-01-08 00:28:44','[\"products\\/2-2.jpg\",\"products\\/23.jpg\"]'),(230,10,8,5.00,'This script is well coded and is super fast. The support is pretty quick. Very patient and helpful team. I strongly recommend it and they deserve more than 5 stars.','published','2024-01-08 00:28:44','2024-01-08 00:28:44','[\"products\\/1-2.jpg\",\"products\\/2-1.jpg\",\"products\\/5-3.jpg\"]'),(231,8,24,2.00,'Good app, good backup service and support. Good documentation.','published','2024-01-08 00:28:44','2024-01-08 00:28:44','[\"products\\/2.jpg\",\"products\\/13.jpg\",\"products\\/24-1.jpg\"]'),(233,3,8,3.00,'Very enthusiastic support! Excellent code is written. It\'s a true pleasure working with.','published','2024-01-08 00:28:44','2024-01-08 00:28:44','[\"products\\/3-2.jpg\",\"products\\/5.jpg\"]'),(234,1,4,4.00,'This script is well coded and is super fast. The support is pretty quick. Very patient and helpful team. I strongly recommend it and they deserve more than 5 stars.','published','2024-01-08 00:28:44','2024-01-08 00:28:44','[\"products\\/1-2.jpg\",\"products\\/3.jpg\",\"products\\/13-1.jpg\"]'),(236,7,14,3.00,'The best ecommerce CMS! Excellent coding! best support service! Thank you so much..... I really like your hard work.','published','2024-01-08 00:28:44','2024-01-08 00:28:44','[\"products\\/23-1.jpg\"]'),(238,4,6,5.00,'Second or third time that I buy a Botble product, happy with the products and support. You guys do a good job :)','published','2024-01-08 00:28:44','2024-01-08 00:28:44','[\"products\\/6-1.jpg\",\"products\\/7-1.jpg\",\"products\\/9.jpg\"]'),(239,5,20,3.00,'Clean & perfect source code','published','2024-01-08 00:28:44','2024-01-08 00:28:44','[\"products\\/17.jpg\"]'),(240,8,6,3.00,'As a developer I reviewed this script. This is really awesome ecommerce script. I have convinced when I noticed that it\'s built on fully WordPress concept.','published','2024-01-08 00:28:44','2024-01-08 00:28:44','[\"products\\/9.jpg\",\"products\\/21-1.jpg\"]'),(241,9,21,4.00,'Solution is too robust for our purpose so we didn\'t use it at the end. But I appreciate customer support during initial configuration.','published','2024-01-08 00:28:44','2024-01-08 00:28:44','[\"products\\/9-1.jpg\"]'),(245,2,4,1.00,'Great system, great support, good job Botble. I\'m looking forward to more great functional plugins.','published','2024-01-08 00:28:44','2024-01-08 00:28:44','[\"products\\/5-1.jpg\",\"products\\/12.jpg\",\"products\\/23.jpg\"]'),(247,5,1,5.00,'Best ecommerce CMS online store!','published','2024-01-08 00:28:44','2024-01-08 00:28:44','[\"products\\/2-1.jpg\",\"products\\/4-2.jpg\",\"products\\/14-1.jpg\"]'),(250,6,22,5.00,'Customer Support are grade (A*), however the code is a way too over engineered for it\'s purpose.','published','2024-01-08 00:28:44','2024-01-08 00:28:44','[\"products\\/3-1.jpg\"]'),(251,9,6,3.00,'Good app, good backup service and support. Good documentation.','published','2024-01-08 00:28:44','2024-01-08 00:28:44','[\"products\\/2-3.jpg\",\"products\\/12-1.jpg\",\"products\\/14-1.jpg\",\"products\\/18.jpg\"]'),(260,6,19,4.00,'Very enthusiastic support! Excellent code is written. It\'s a true pleasure working with.','published','2024-01-08 00:28:44','2024-01-08 00:28:44','[\"products\\/9.jpg\",\"products\\/13.jpg\",\"products\\/21.jpg\"]'),(261,5,8,3.00,'Cool template. Excellent code quality. The support responds very quickly, which is very rare on themeforest and codecanyon.net, I buy a lot of templates, and everyone will have a response from technical support for two or three days. Thanks to tech support. I recommend to buy.','published','2024-01-08 00:28:44','2024-01-08 00:28:44','[\"products\\/21-1.jpg\"]'),(263,5,19,3.00,'Clean & perfect source code','published','2024-01-08 00:28:44','2024-01-08 00:28:44','[\"products\\/5-2.jpg\",\"products\\/13-1.jpg\",\"products\\/24-1.jpg\"]'),(264,3,18,5.00,'Great E-commerce system. And much more : Wonderful Customer Support.','published','2024-01-08 00:28:44','2024-01-08 00:28:44','[\"products\\/1-2.jpg\",\"products\\/3.jpg\",\"products\\/12.jpg\",\"products\\/20-1.jpg\"]'),(265,8,4,1.00,'Those guys now what they are doing, the release such a good product that it\'s a pleasure to work with ! Even when I was stuck on the project, I created a ticket and the next day it was replied by the team. GOOD JOB guys. I love working with them :)','published','2024-01-08 00:28:44','2024-01-08 00:28:44','[\"products\\/14.jpg\"]'),(266,3,24,1.00,'It\'s not my first experience here on Codecanyon and I can honestly tell you all that Botble puts a LOT of effort into the support. They answer so fast, they helped me tons of times. REALLY by far THE BEST EXPERIENCE on Codecanyon. Those guys at Botble are so good that they deserve 5 stars. I recommend them, I trust them and I can\'t wait to see what they will sell in a near future. Thank you Botble :)','published','2024-01-08 00:28:44','2024-01-08 00:28:44','[\"products\\/1-1.jpg\",\"products\\/1-2.jpg\",\"products\\/10-1.jpg\",\"products\\/15.jpg\"]'),(267,2,12,2.00,'This script is well coded and is super fast. The support is pretty quick. Very patient and helpful team. I strongly recommend it and they deserve more than 5 stars.','published','2024-01-08 00:28:44','2024-01-08 00:28:44','[\"products\\/12-1.jpg\"]'),(269,4,23,2.00,'It\'s not my first experience here on Codecanyon and I can honestly tell you all that Botble puts a LOT of effort into the support. They answer so fast, they helped me tons of times. REALLY by far THE BEST EXPERIENCE on Codecanyon. Those guys at Botble are so good that they deserve 5 stars. I recommend them, I trust them and I can\'t wait to see what they will sell in a near future. Thank you Botble :)','published','2024-01-08 00:28:44','2024-01-08 00:28:44','[\"products\\/5-3.jpg\",\"products\\/22-1.jpg\",\"products\\/23.jpg\"]'),(270,7,2,3.00,'Second or third time that I buy a Botble product, happy with the products and support. You guys do a good job :)','published','2024-01-08 00:28:44','2024-01-08 00:28:44','[\"products\\/5-1.jpg\",\"products\\/13-1.jpg\",\"products\\/19-1.jpg\"]'),(273,9,5,1.00,'As a developer I reviewed this script. This is really awesome ecommerce script. I have convinced when I noticed that it\'s built on fully WordPress concept.','published','2024-01-08 00:28:44','2024-01-08 00:28:44','[\"products\\/5-3.jpg\",\"products\\/24.jpg\"]'),(279,6,7,2.00,'Those guys now what they are doing, the release such a good product that it\'s a pleasure to work with ! Even when I was stuck on the project, I created a ticket and the next day it was replied by the team. GOOD JOB guys. I love working with them :)','published','2024-01-08 00:28:44','2024-01-08 00:28:44','[\"products\\/1-1.jpg\"]'),(283,5,22,5.00,'The best ecommerce CMS! Excellent coding! best support service! Thank you so much..... I really like your hard work.','published','2024-01-08 00:28:44','2024-01-08 00:28:44','[\"products\\/4.jpg\",\"products\\/5-1.jpg\",\"products\\/5-2.jpg\",\"products\\/19-1.jpg\"]'),(286,9,1,3.00,'Ok good product. I have some issues in customizations. But its not correct to blame the developer. The product is good. Good luck for your business.','published','2024-01-08 00:28:44','2024-01-08 00:28:44','[\"products\\/1-1.jpg\"]'),(288,3,17,3.00,'The code is good, in general, if you like it, can you give it 5 stars?','published','2024-01-08 00:28:44','2024-01-08 00:28:44','[\"products\\/4-2.jpg\",\"products\\/5-1.jpg\",\"products\\/11.jpg\"]'),(289,9,22,3.00,'The best ecommerce CMS! Excellent coding! best support service! Thank you so much..... I really like your hard work.','published','2024-01-08 00:28:44','2024-01-08 00:28:44','[\"products\\/22-1.jpg\"]'),(301,3,2,4.00,'For me the best eCommerce script on Envato at this moment: modern, clean code, a lot of great features. The customer support is great too: I always get an answer within hours!','published','2024-01-08 00:28:44','2024-01-08 00:28:44','[\"products\\/22.jpg\"]'),(302,1,1,1.00,'Good app, good backup service and support. Good documentation.','published','2024-01-08 00:28:44','2024-01-08 00:28:44','[\"products\\/5-2.jpg\",\"products\\/12-1.jpg\",\"products\\/23-1.jpg\"]'),(303,6,8,3.00,'I Love this Script. I also found how to add other fees. Now I just wait the BIG update for the Marketplace with the Bulk Import. Just do not forget to make it to be Multi-language for us the Botble Fans.','published','2024-01-08 00:28:44','2024-01-08 00:28:44','[\"products\\/5.jpg\",\"products\\/7.jpg\",\"products\\/12-1.jpg\",\"products\\/19-1.jpg\"]'),(304,10,16,1.00,'Second or third time that I buy a Botble product, happy with the products and support. You guys do a good job :)','published','2024-01-08 00:28:44','2024-01-08 00:28:44','[\"products\\/13-1.jpg\",\"products\\/22.jpg\"]'),(310,1,9,4.00,'Ok good product. I have some issues in customizations. But its not correct to blame the developer. The product is good. Good luck for your business.','published','2024-01-08 00:28:44','2024-01-08 00:28:44','[\"products\\/24-1.jpg\"]'),(312,9,23,3.00,'The script is the best of its class, fast, easy to implement and work with , and the most important thing is the great support team , Recommend with no doubt.','published','2024-01-08 00:28:44','2024-01-08 00:28:44','[\"products\\/8.jpg\",\"products\\/20.jpg\"]'),(319,7,1,1.00,'Second or third time that I buy a Botble product, happy with the products and support. You guys do a good job :)','published','2024-01-08 00:28:44','2024-01-08 00:28:44','[\"products\\/1-1.jpg\",\"products\\/5-1.jpg\",\"products\\/7-1.jpg\"]'),(324,6,12,1.00,'These guys are amazing! Responses immediately, amazing support and help... I immediately feel at ease after Purchasing..','published','2024-01-08 00:28:44','2024-01-08 00:28:44','[\"products\\/9.jpg\",\"products\\/13.jpg\",\"products\\/21.jpg\"]'),(331,1,13,3.00,'Clean & perfect source code','published','2024-01-08 00:28:44','2024-01-08 00:28:44','[\"products\\/4-1.jpg\",\"products\\/12.jpg\"]'),(334,4,7,1.00,'Best ecommerce CMS online store!','published','2024-01-08 00:28:44','2024-01-08 00:28:44','[\"products\\/3-2.jpg\",\"products\\/14-1.jpg\",\"products\\/19.jpg\",\"products\\/23-1.jpg\"]'),(335,3,1,2.00,'This script is well coded and is super fast. The support is pretty quick. Very patient and helpful team. I strongly recommend it and they deserve more than 5 stars.','published','2024-01-08 00:28:44','2024-01-08 00:28:44','[\"products\\/1-2.jpg\",\"products\\/18-1.jpg\"]'),(340,10,17,1.00,'Very enthusiastic support! Excellent code is written. It\'s a true pleasure working with.','published','2024-01-08 00:28:44','2024-01-08 00:28:44','[\"products\\/8-1.jpg\",\"products\\/8.jpg\"]'),(343,7,19,1.00,'Great E-commerce system. And much more : Wonderful Customer Support.','published','2024-01-08 00:28:44','2024-01-08 00:28:44','[\"products\\/7-1.jpg\",\"products\\/20.jpg\",\"products\\/23.jpg\"]'),(357,4,14,4.00,'We have received brilliant service support and will be expanding the features with the developer. Nice product!','published','2024-01-08 00:28:44','2024-01-08 00:28:44','[\"products\\/1.jpg\",\"products\\/5-2.jpg\"]'),(359,7,10,4.00,'I Love this Script. I also found how to add other fees. Now I just wait the BIG update for the Marketplace with the Bulk Import. Just do not forget to make it to be Multi-language for us the Botble Fans.','published','2024-01-08 00:28:44','2024-01-08 00:28:44','[\"products\\/2-2.jpg\",\"products\\/8-1.jpg\",\"products\\/12.jpg\"]'),(361,5,11,1.00,'Customer Support are grade (A*), however the code is a way too over engineered for it\'s purpose.','published','2024-01-08 00:28:44','2024-01-08 00:28:44','[\"products\\/3-3.jpg\",\"products\\/4-1.jpg\",\"products\\/4-3.jpg\",\"products\\/5-1.jpg\"]'),(362,4,12,3.00,'Good app, good backup service and support. Good documentation.','published','2024-01-08 00:28:44','2024-01-08 00:28:44','[\"products\\/5-1.jpg\"]'),(365,8,9,3.00,'Those guys now what they are doing, the release such a good product that it\'s a pleasure to work with ! Even when I was stuck on the project, I created a ticket and the next day it was replied by the team. GOOD JOB guys. I love working with them :)','published','2024-01-08 00:28:44','2024-01-08 00:28:44','[\"products\\/1-2.jpg\",\"products\\/23-1.jpg\",\"products\\/24-1.jpg\"]'),(369,7,16,4.00,'As a developer I reviewed this script. This is really awesome ecommerce script. I have convinced when I noticed that it\'s built on fully WordPress concept.','published','2024-01-08 00:28:44','2024-01-08 00:28:44','[\"products\\/1-3.jpg\",\"products\\/4-3.jpg\",\"products\\/7-1.jpg\",\"products\\/10-1.jpg\"]'),(376,10,11,4.00,'Great system, great support, good job Botble. I\'m looking forward to more great functional plugins.','published','2024-01-08 00:28:44','2024-01-08 00:28:44','[\"products\\/10-1.jpg\",\"products\\/11-1.jpg\",\"products\\/20.jpg\",\"products\\/24.jpg\"]'),(380,3,6,1.00,'Amazing code, amazing support. Overall, im really confident in Botble and im happy I made the right choice! Thank you so much guys for coding this masterpiece','published','2024-01-08 00:28:44','2024-01-08 00:28:44','[\"products\\/2.jpg\",\"products\\/7.jpg\",\"products\\/12-1.jpg\"]'),(389,8,2,3.00,'Clean & perfect source code','published','2024-01-08 00:28:44','2024-01-08 00:28:44','[\"products\\/9.jpg\",\"products\\/12.jpg\"]'),(390,9,12,4.00,'It\'s not my first experience here on Codecanyon and I can honestly tell you all that Botble puts a LOT of effort into the support. They answer so fast, they helped me tons of times. REALLY by far THE BEST EXPERIENCE on Codecanyon. Those guys at Botble are so good that they deserve 5 stars. I recommend them, I trust them and I can\'t wait to see what they will sell in a near future. Thank you Botble :)','published','2024-01-08 00:28:44','2024-01-08 00:28:44','[\"products\\/2.jpg\"]'),(395,10,7,2.00,'Very enthusiastic support! Excellent code is written. It\'s a true pleasure working with.','published','2024-01-08 00:28:44','2024-01-08 00:28:44','[\"products\\/3-2.jpg\",\"products\\/3-3.jpg\",\"products\\/12.jpg\",\"products\\/23.jpg\"]'),(396,5,21,4.00,'Good app, good backup service and support. Good documentation.','published','2024-01-08 00:28:44','2024-01-08 00:28:44','[\"products\\/1-3.jpg\",\"products\\/16.jpg\"]'),(401,7,7,2.00,'The script is the best of its class, fast, easy to implement and work with , and the most important thing is the great support team , Recommend with no doubt.','published','2024-01-08 00:28:44','2024-01-08 00:28:44','[\"products\\/3-2.jpg\",\"products\\/4-3.jpg\",\"products\\/19-1.jpg\",\"products\\/24-1.jpg\"]'),(405,5,4,4.00,'Great system, great support, good job Botble. I\'m looking forward to more great functional plugins.','published','2024-01-08 00:28:44','2024-01-08 00:28:44','[\"products\\/17.jpg\"]'),(418,10,15,1.00,'The code is good, in general, if you like it, can you give it 5 stars?','published','2024-01-08 00:28:44','2024-01-08 00:28:44','[\"products\\/4-1.jpg\",\"products\\/6.jpg\",\"products\\/10.jpg\",\"products\\/14.jpg\"]'),(421,4,13,3.00,'Clean & perfect source code','published','2024-01-08 00:28:44','2024-01-08 00:28:44','[\"products\\/6.jpg\"]'),(433,3,16,1.00,'Great E-commerce system. And much more : Wonderful Customer Support.','published','2024-01-08 00:28:44','2024-01-08 00:28:44','[\"products\\/2-3.jpg\",\"products\\/13.jpg\"]'),(439,6,17,3.00,'We have received brilliant service support and will be expanding the features with the developer. Nice product!','published','2024-01-08 00:28:44','2024-01-08 00:28:44','[\"products\\/23.jpg\"]'),(444,6,2,2.00,'I Love this Script. I also found how to add other fees. Now I just wait the BIG update for the Marketplace with the Bulk Import. Just do not forget to make it to be Multi-language for us the Botble Fans.','published','2024-01-08 00:28:44','2024-01-08 00:28:44','[\"products\\/4-1.jpg\",\"products\\/15.jpg\"]'),(450,3,4,4.00,'For me the best eCommerce script on Envato at this moment: modern, clean code, a lot of great features. The customer support is great too: I always get an answer within hours!','published','2024-01-08 00:28:44','2024-01-08 00:28:44','[\"products\\/6-1.jpg\",\"products\\/16.jpg\"]'),(452,1,2,5.00,'For me the best eCommerce script on Envato at this moment: modern, clean code, a lot of great features. The customer support is great too: I always get an answer within hours!','published','2024-01-08 00:28:44','2024-01-08 00:28:44','[\"products\\/5-1.jpg\"]'),(454,4,8,4.00,'Very enthusiastic support! Excellent code is written. It\'s a true pleasure working with.','published','2024-01-08 00:28:44','2024-01-08 00:28:44','[\"products\\/2-2.jpg\",\"products\\/7-1.jpg\",\"products\\/13.jpg\"]'),(462,5,10,4.00,'It\'s not my first experience here on Codecanyon and I can honestly tell you all that Botble puts a LOT of effort into the support. They answer so fast, they helped me tons of times. REALLY by far THE BEST EXPERIENCE on Codecanyon. Those guys at Botble are so good that they deserve 5 stars. I recommend them, I trust them and I can\'t wait to see what they will sell in a near future. Thank you Botble :)','published','2024-01-08 00:28:44','2024-01-08 00:28:44','[\"products\\/2-3.jpg\",\"products\\/4-2.jpg\",\"products\\/18.jpg\",\"products\\/21-1.jpg\"]'),(472,8,1,4.00,'Those guys now what they are doing, the release such a good product that it\'s a pleasure to work with ! Even when I was stuck on the project, I created a ticket and the next day it was replied by the team. GOOD JOB guys. I love working with them :)','published','2024-01-08 00:28:44','2024-01-08 00:28:44','[\"products\\/1-3.jpg\",\"products\\/2-3.jpg\"]'),(487,3,20,2.00,'Customer Support are grade (A*), however the code is a way too over engineered for it\'s purpose.','published','2024-01-08 00:28:44','2024-01-08 00:28:44','[\"products\\/1-3.jpg\",\"products\\/1.jpg\",\"products\\/4.jpg\"]'),(491,9,2,5.00,'Customer Support are grade (A*), however the code is a way too over engineered for it\'s purpose.','published','2024-01-08 00:28:44','2024-01-08 00:28:44','[\"products\\/2-2.jpg\",\"products\\/5-2.jpg\"]'),(498,10,14,5.00,'The best ecommerce CMS! Excellent coding! best support service! Thank you so much..... I really like your hard work.','published','2024-01-08 00:28:44','2024-01-08 00:28:44','[\"products\\/3-1.jpg\",\"products\\/15-1.jpg\",\"products\\/20.jpg\",\"products\\/22-1.jpg\"]'),(501,1,17,4.00,'This script is well coded and is super fast. The support is pretty quick. Very patient and helpful team. I strongly recommend it and they deserve more than 5 stars.','published','2024-01-08 00:28:44','2024-01-08 00:28:44','[\"products\\/6-1.jpg\",\"products\\/21.jpg\"]'),(504,10,5,1.00,'Very enthusiastic support! Excellent code is written. It\'s a true pleasure working with.','published','2024-01-08 00:28:44','2024-01-08 00:28:44','[\"products\\/7.jpg\"]'),(508,5,13,5.00,'Great E-commerce system. And much more : Wonderful Customer Support.','published','2024-01-08 00:28:44','2024-01-08 00:28:44','[\"products\\/2-2.jpg\",\"products\\/3-3.jpg\",\"products\\/7-1.jpg\",\"products\\/24.jpg\"]'),(513,1,23,3.00,'This web app is really good in design, code quality & features. Besides, the customer support provided by the Botble team was really fast & helpful. You guys are awesome!','published','2024-01-08 00:28:44','2024-01-08 00:28:44','[\"products\\/2-3.jpg\",\"products\\/5-2.jpg\",\"products\\/22.jpg\"]'),(523,3,11,4.00,'It\'s not my first experience here on Codecanyon and I can honestly tell you all that Botble puts a LOT of effort into the support. They answer so fast, they helped me tons of times. REALLY by far THE BEST EXPERIENCE on Codecanyon. Those guys at Botble are so good that they deserve 5 stars. I recommend them, I trust them and I can\'t wait to see what they will sell in a near future. Thank you Botble :)','published','2024-01-08 00:28:44','2024-01-08 00:28:44','[\"products\\/2-2.jpg\",\"products\\/3.jpg\",\"products\\/19.jpg\"]'),(531,6,24,1.00,'It\'s not my first experience here on Codecanyon and I can honestly tell you all that Botble puts a LOT of effort into the support. They answer so fast, they helped me tons of times. REALLY by far THE BEST EXPERIENCE on Codecanyon. Those guys at Botble are so good that they deserve 5 stars. I recommend them, I trust them and I can\'t wait to see what they will sell in a near future. Thank you Botble :)','published','2024-01-08 00:28:44','2024-01-08 00:28:44','[\"products\\/5-1.jpg\",\"products\\/12.jpg\",\"products\\/20-1.jpg\",\"products\\/22-1.jpg\"]'),(536,1,14,3.00,'Amazing code, amazing support. Overall, im really confident in Botble and im happy I made the right choice! Thank you so much guys for coding this masterpiece','published','2024-01-08 00:28:44','2024-01-08 00:28:44','[\"products\\/11-1.jpg\",\"products\\/14-1.jpg\",\"products\\/21-1.jpg\"]'),(542,10,10,2.00,'Perfect +++++++++ i love it really also i get to fast ticket answers... Thanks Lot BOTBLE Teams','published','2024-01-08 00:28:44','2024-01-08 00:28:44','[\"products\\/5-2.jpg\",\"products\\/12.jpg\",\"products\\/13.jpg\",\"products\\/19.jpg\"]'),(550,8,16,1.00,'Cool template. Excellent code quality. The support responds very quickly, which is very rare on themeforest and codecanyon.net, I buy a lot of templates, and everyone will have a response from technical support for two or three days. Thanks to tech support. I recommend to buy.','published','2024-01-08 00:28:44','2024-01-08 00:28:44','[\"products\\/8.jpg\",\"products\\/22-1.jpg\"]'),(564,3,3,2.00,'As a developer I reviewed this script. This is really awesome ecommerce script. I have convinced when I noticed that it\'s built on fully WordPress concept.','published','2024-01-08 00:28:44','2024-01-08 00:28:44','[\"products\\/9-1.jpg\",\"products\\/18-1.jpg\",\"products\\/19-1.jpg\"]'),(569,1,7,1.00,'Clean & perfect source code','published','2024-01-08 00:28:44','2024-01-08 00:28:44','[\"products\\/3-3.jpg\"]'),(577,8,22,2.00,'Great system, great support, good job Botble. I\'m looking forward to more great functional plugins.','published','2024-01-08 00:28:44','2024-01-08 00:28:44','[\"products\\/1-2.jpg\",\"products\\/7-1.jpg\",\"products\\/12-1.jpg\",\"products\\/24-1.jpg\"]'),(588,7,4,1.00,'The script is the best of its class, fast, easy to implement and work with , and the most important thing is the great support team , Recommend with no doubt.','published','2024-01-08 00:28:44','2024-01-08 00:28:44','[\"products\\/20.jpg\"]'),(611,4,17,1.00,'This web app is really good in design, code quality & features. Besides, the customer support provided by the Botble team was really fast & helpful. You guys are awesome!','published','2024-01-08 00:28:44','2024-01-08 00:28:44','[\"products\\/3-3.jpg\",\"products\\/20.jpg\",\"products\\/24.jpg\"]'),(621,1,3,3.00,'This web app is really good in design, code quality & features. Besides, the customer support provided by the Botble team was really fast & helpful. You guys are awesome!','published','2024-01-08 00:28:44','2024-01-08 00:28:44','[\"products\\/12.jpg\",\"products\\/18-2.jpg\",\"products\\/20-1.jpg\"]'),(624,9,20,3.00,'The code is good, in general, if you like it, can you give it 5 stars?','published','2024-01-08 00:28:44','2024-01-08 00:28:44','[\"products\\/4-2.jpg\",\"products\\/22.jpg\"]'),(628,4,19,2.00,'Great system, great support, good job Botble. I\'m looking forward to more great functional plugins.','published','2024-01-08 00:28:44','2024-01-08 00:28:44','[\"products\\/1-1.jpg\",\"products\\/3.jpg\",\"products\\/12.jpg\"]'),(643,10,20,2.00,'This web app is really good in design, code quality & features. Besides, the customer support provided by the Botble team was really fast & helpful. You guys are awesome!','published','2024-01-08 00:28:44','2024-01-08 00:28:44','[\"products\\/12-1.jpg\"]'),(646,7,6,2.00,'For me the best eCommerce script on Envato at this moment: modern, clean code, a lot of great features. The customer support is great too: I always get an answer within hours!','published','2024-01-08 00:28:44','2024-01-08 00:28:44','[\"products\\/4-2.jpg\",\"products\\/19.jpg\"]'),(654,10,23,1.00,'Very enthusiastic support! Excellent code is written. It\'s a true pleasure working with.','published','2024-01-08 00:28:44','2024-01-08 00:28:44','[\"products\\/2-3.jpg\",\"products\\/23.jpg\"]'),(663,5,9,3.00,'The code is good, in general, if you like it, can you give it 5 stars?','published','2024-01-08 00:28:44','2024-01-08 00:28:44','[\"products\\/13-1.jpg\",\"products\\/18-1.jpg\"]'),(664,5,16,3.00,'The code is good, in general, if you like it, can you give it 5 stars?','published','2024-01-08 00:28:44','2024-01-08 00:28:44','[\"products\\/14-1.jpg\"]'),(719,3,22,3.00,'The best ecommerce CMS! Excellent coding! best support service! Thank you so much..... I really like your hard work.','published','2024-01-08 00:28:44','2024-01-08 00:28:44','[\"products\\/5-3.jpg\",\"products\\/6-1.jpg\",\"products\\/20-1.jpg\"]'),(810,2,7,2.00,'Those guys now what they are doing, the release such a good product that it\'s a pleasure to work with ! Even when I was stuck on the project, I created a ticket and the next day it was replied by the team. GOOD JOB guys. I love working with them :)','published','2024-01-08 00:28:44','2024-01-08 00:28:44','[\"products\\/11-1.jpg\",\"products\\/21-1.jpg\"]'),(864,8,15,4.00,'This script is well coded and is super fast. The support is pretty quick. Very patient and helpful team. I strongly recommend it and they deserve more than 5 stars.','published','2024-01-08 00:28:44','2024-01-08 00:28:44','[\"products\\/1-1.jpg\",\"products\\/5-3.jpg\",\"products\\/6.jpg\",\"products\\/16.jpg\"]'),(924,2,18,4.00,'Good app, good backup service and support. Good documentation.','published','2024-01-08 00:28:44','2024-01-08 00:28:44','[\"products\\/5-2.jpg\",\"products\\/14.jpg\",\"products\\/24-1.jpg\"]');

--
